-- https://www.phpmyadmin.net/
--

START TRANSACTION;



-- --------------------------------------------------------

--
-- Table structure for table `mata_pelajaran`
--

CREATE TABLE `mata_pelajaran` (
  `id_mapel` int(11) NOT NULL,
  `parent_id` int(11) DEFAULT NULL,
  `kode_mapel` varchar(20) NOT NULL,
  `nama_mapel` varchar(255) NOT NULL,
  `kelompok` enum('A','B','C','D') NOT NULL COMMENT 'A=Nasional, B=Kewilayahan, C=Peminatan\r\nD=Muatan Lokal',
  `jurusan` varchar(50) DEFAULT 'Semua',
  `mode_sub` enum('Rata-rata','Mandiri') NOT NULL DEFAULT 'Mandiri',
  `semester_aktif` varchar(50) NOT NULL DEFAULT '1,2,3,4,5,UM',
  `urutan` int(11) DEFAULT 1
) ENGINE=InnoDB DEFAULT CHARSET=utf8mb4 COLLATE=utf8mb4_general_ci;

--
-- Dumping data for table `mata_pelajaran`
--

INSERT INTO `mata_pelajaran` (`id_mapel`, `parent_id`, `kode_mapel`, `nama_mapel`, `kelompok`, `jurusan`, `mode_sub`, `semester_aktif`, `urutan`) VALUES
(1, NULL, 'KIM', 'Kimia', 'C', 'MIPA', 'Mandiri', '3,4,5,UM', 12),
(2, NULL, 'FIS', 'Fisika', 'C', 'MIPA', 'Mandiri', '3,4,5,UM', 13),
(3, 16, 'QHD', 'Al Quran Hadits', 'A', 'Semua', 'Mandiri', '1,2,3,4,5,UM', 1),
(4, 16, 'AKH', 'Akidah Akhlak', 'A', 'Semua', 'Mandiri', '1,2,3,4,5,UM', 2),
(5, 16, 'FIK', 'Fikih', 'A', 'Semua', 'Mandiri', '1,2,3,4,5,UM', 3),
(6, 16, 'SKI', 'Sejarah Kebudayaan Islam', 'A', 'Semua', 'Mandiri', '1,2,3,4,5,UM', 4),
(7, NULL, 'PAN', 'Pendidikan Pancasila', 'B', 'Semua', 'Mandiri', '1,2,3,4,5,UM', 2),
(8, NULL, 'BIND', 'Bahasa Indonesia', 'B', 'Semua', 'Mandiri', '1,2,3,4,5,UM', 4),
(9, NULL, 'MAT', 'Matematika', 'B', 'Semua', 'Mandiri', '1,2,3,4,5,UM', 3),
(10, NULL, 'BARB', 'Bahasa Arab', 'B', 'Semua', 'Mandiri', '1,2,3,4,5,UM', 8),
(11, NULL, 'BING', 'Bahasa Inggris', 'B', 'Semua', 'Mandiri', '1,2,3,4,5,UM', 7),
(12, 17, 'SEKO', 'Ekonomi (IPS)', 'B', 'Semua', 'Mandiri', '1,2', 1),
(13, NULL, 'SEJ', 'Sejarah', 'B', 'Semua', 'Mandiri', '1,2,3,4,5,UM', 10),
(14, 17, 'SGEO', 'Geografi (IPS)', 'B', 'Semua', 'Mandiri', '1,2', 3),
(15, 17, 'SSOS', 'Sosiologi (IPS) ', 'B', 'Semua', 'Mandiri', '1,2', 2),
(16, NULL, 'PAI', 'Pendidikan Agama Islam', 'A', 'Semua', 'Mandiri', '1,2,3,4,5,UM', 1),
(17, NULL, 'IPS', 'Ilmu Pengetahuan Sosial', 'B', 'Semua', 'Mandiri', '1,2', 6),
(18, NULL, 'IPA', 'Ilmu Pengetahuan Alam', 'B', 'Semua', 'Mandiri', '1,2', 5),
(19, 18, 'AKIM', 'Kimia (IPA)', 'B', 'Semua', 'Mandiri', '1,2', 1),
(20, 18, 'AFIS', 'Fisika (IPA)', 'B', 'Semua', 'Mandiri', '1,2', 2),
(21, 18, 'ABIO', 'Biologi (IPA)', 'B', 'Semua', 'Mandiri', '1,2', 3),
(22, NULL, 'PJS', 'Pend. Jasmani dan Kesehatan', 'B', 'Semua', 'Mandiri', '1,2,3,4,5,UM', 9),
(23, NULL, 'BIO', 'Biologi', 'C', 'MIPA', 'Mandiri', '3,4,5,UM', 14),
(24, NULL, 'MATL', 'Matematika TL', 'C', 'MIPA', 'Mandiri', '3,4,5,UM', 15),
(25, NULL, 'SNP', 'Seni dan Prakarya', 'B', 'Semua', 'Mandiri', '1,2,3,4,5,UM', 11),
(26, NULL, 'EKO', 'Ekonomi', 'C', 'IPS', 'Mandiri', '3,4,5,UM', 16),
(27, NULL, 'SOS', 'Sosiologi', 'C', 'IPS', 'Mandiri', '3,4,5,UM', 17),
(28, NULL, 'GEO', 'Geografi', 'C', 'IPS', 'Mandiri', '3,4,5,UM', 18),
(29, NULL, 'ANT', 'Antropologi', 'C', 'IPS', 'Mandiri', '3,4,5,UM', 19),
(30, NULL, 'TAF', 'Ilmu Tafsir', 'C', 'Keagamaan', 'Mandiri', '3,4,5,UM', 20),
(31, NULL, 'HAD', 'Ilmu Hadits', 'C', 'Keagamaan', 'Mandiri', '3,4,5,UM', 21),
(32, NULL, 'USF', 'Ushul Fikih', 'C', 'Keagamaan', 'Mandiri', '3,4,5,UM', 22),
(33, NULL, 'BARP', 'Bahasa Arab TL', 'C', 'Keagamaan', 'Mandiri', '3,4,5,UM', 23),
(34, NULL, 'LRIS', 'Risalah Fikih', 'D', 'Semua', 'Mandiri', '5', 24),
(35, NULL, 'LHAD', 'Hadits', 'D', 'Semua', 'Mandiri', '3,4', 25),
(36, NULL, 'LTAU', 'Ilmu Tauhid', 'D', 'Semua', 'Mandiri', '3,4,UM', 26),
(37, NULL, 'LNAH', 'Nahwu Shoraf', 'D', 'Semua', 'Mandiri', '1,2', 27);

-- --------------------------------------------------------

--
-- Table structure for table `nilai_ijazah`
--

CREATE TABLE `nilai_ijazah` (
  `id_nilai` int(11) NOT NULL,
  `id_siswa` int(11) NOT NULL,
  `id_mapel` int(11) NOT NULL,
  `smt_1` int(3) DEFAULT 0,
  `smt_2` int(3) DEFAULT 0,
  `smt_3` int(3) DEFAULT 0,
  `smt_4` int(3) DEFAULT 0,
  `smt_5` int(3) DEFAULT 0,
  `rata_raport` decimal(5,2) DEFAULT 0.00,
  `ujian_madrasah` decimal(5,2) DEFAULT 0.00,
  `nilai_ijazah` decimal(5,2) DEFAULT 0.00
) ENGINE=InnoDB DEFAULT CHARSET=utf8mb4 COLLATE=utf8mb4_general_ci;

--
-- Dumping data for table `nilai_ijazah`
--

INSERT INTO `nilai_ijazah` (`id_nilai`, `id_siswa`, `id_mapel`, `smt_1`, `smt_2`, `smt_3`, `smt_4`, `smt_5`, `rata_raport`, `ujian_madrasah`, `nilai_ijazah`) VALUES
(92, 73, 3, 95, 86, 93, 93, 84, 90.20, 70.00, 90.20),
(93, 73, 16, 85, 85, 89, 86, 87, 86.40, 0.00, 86.40),
(94, 73, 4, 83, 80, 86, 80, 89, 83.60, 88.00, 83.60),
(96, 73, 5, 82, 91, 92, 89, 84, 87.60, 65.00, 87.60),
(98, 73, 6, 79, 81, 83, 82, 90, 83.00, 88.00, 83.00),
(100, 73, 10, 79, 77, 98, 94, 98, 89.20, 65.00, 89.20),
(101, 73, 7, 84, 88, 86, 77, 81, 83.20, 82.00, 83.20),
(102, 73, 8, 79, 84, 82, 85, 89, 83.80, 86.00, 83.80),
(103, 73, 9, 79, 76, 80, 81, 77, 78.60, 38.00, 78.60),
(104, 73, 11, 79, 82, 82, 92, 89, 84.80, 92.00, 84.80),
(105, 73, 13, 86, 94, 79, 79, 79, 83.40, 57.00, 83.40),
(106, 73, 12, 86, 83, 0, 0, 0, 33.80, 0.00, 33.80),
(107, 73, 14, 86, 83, 0, 0, 0, 33.80, 0.00, 33.80),
(108, 73, 15, 86, 83, 0, 0, 0, 33.80, 0.00, 33.80),
(109, 73, 2, 79, 81, 0, 0, 0, 32.00, 0.00, 32.00),
(170, 27, 3, 96, 94, 95, 92, 79, 91.20, 90.00, 91.20),
(171, 27, 16, 89, 90, 87, 86, 0, 70.40, 0.00, 70.40),
(172, 27, 4, 79, 82, 85, 86, 85, 83.40, 89.00, 83.40),
(174, 27, 5, 91, 90, 84, 85, 91, 88.20, 80.00, 88.20),
(176, 27, 6, 91, 92, 82, 82, 94, 88.20, 77.00, 88.20),
(178, 27, 10, 82, 91, 94, 97, 87, 90.20, 81.00, 90.20),
(179, 27, 7, 85, 83, 89, 81, 83, 84.20, 80.00, 84.20),
(180, 27, 8, 86, 72, 87, 87, 83, 83.00, 70.00, 83.00),
(181, 27, 9, 91, 87, 86, 98, 88, 90.00, 74.00, 90.00),
(182, 27, 11, 87, 88, 78, 87, 89, 85.80, 86.00, 85.80),
(196, 27, 13, 89, 96, 87, 79, 80, 86.20, 73.00, 86.20),
(211, 27, 1, 0, 0, 87, 83, 87, 51.40, 80.00, 51.40),
(212, 6, 3, 82, 82, 81, 81, 77, 80.60, 80.00, 80.60),
(213, 6, 16, 78, 80, 77, 81, 82, 79.60, 0.00, 79.60),
(214, 6, 4, 82, 79, 76, 84, 84, 81.00, 78.00, 81.00),
(216, 6, 5, 73, 76, 72, 78, 83, 76.40, 69.00, 76.40),
(218, 6, 6, 74, 83, 79, 80, 84, 80.00, 81.00, 80.00),
(220, 6, 10, 75, 78, 73, 79, 84, 77.80, 73.00, 77.80),
(221, 6, 7, 80, 73, 79, 68, 79, 75.80, 66.00, 75.80),
(222, 6, 8, 73, 71, 77, 81, 78, 76.00, 67.00, 76.00),
(223, 6, 9, 81, 74, 77, 90, 83, 81.00, 49.00, 81.00),
(224, 6, 11, 79, 74, 73, 77, 83, 77.20, 86.00, 77.20),
(225, 6, 13, 78, 78, 77, 67, 79, 75.80, 58.00, 75.80),
(226, 6, 12, 78, 81, 0, 0, 0, 31.80, 0.00, 31.80),
(228, 6, 14, 78, 81, 0, 0, 0, 31.80, 0.00, 31.80),
(229, 6, 15, 78, 81, 0, 0, 0, 31.80, 0.00, 31.80),
(262, 6, 1, 0, 0, 79, 78, 79, 47.20, 73.00, 47.20),
(304, 27, 25, 90, 86, 90, 90, 92, 89.60, 95.00, 89.60),
(305, 27, 22, 91, 86, 81, 85, 81, 84.80, 86.00, 84.80),
(306, 27, 19, 84, 82, 0, 0, 0, 33.20, 0.00, 33.20),
(307, 27, 18, 84, 82, 0, 0, 0, 33.20, 0.00, 33.20),
(308, 27, 20, 84, 82, 0, 0, 0, 33.20, 0.00, 33.20),
(310, 27, 21, 84, 82, 0, 0, 0, 33.20, 0.00, 33.20),
(312, 27, 12, 89, 88, 0, 0, 0, 35.40, 0.00, 35.40),
(313, 27, 17, 89, 88, 0, 0, 0, 35.40, 0.00, 35.40),
(314, 27, 15, 89, 88, 0, 0, 0, 35.40, 0.00, 35.40),
(316, 27, 14, 89, 88, 0, 0, 0, 35.40, 0.00, 35.40),
(333, 27, 2, 0, 0, 88, 86, 80, 50.80, 86.00, 50.80),
(334, 27, 24, 0, 0, 84, 83, 83, 50.00, 87.00, 50.00),
(335, 27, 23, 0, 0, 86, 81, 86, 50.60, 82.00, 50.60),
(339, 6, 19, 80, 77, 0, 0, 0, 31.40, 0.00, 31.40),
(340, 6, 18, 80, 77, 0, 0, 0, 31.40, 0.00, 31.40),
(341, 6, 20, 80, 77, 0, 0, 0, 31.40, 0.00, 31.40),
(344, 6, 21, 80, 77, 0, 0, 0, 31.40, 0.00, 31.40),
(355, 6, 22, 80, 82, 78, 81, 83, 80.80, 86.00, 80.80),
(361, 6, 2, 0, 0, 79, 83, 81, 48.60, 86.00, 48.60),
(362, 6, 23, 0, 0, 75, 77, 80, 46.40, 70.00, 46.40),
(367, 6, 24, 0, 0, 75, 79, 79, 46.60, 56.00, 46.60),
(370, 6, 25, 75, 73, 80, 79, 82, 77.80, 72.00, 77.80),
(375, 6, 34, 0, 0, 0, 0, 79, 15.80, 0.00, 15.80),
(376, 6, 35, 0, 0, 72, 79, 0, 30.20, 0.00, 30.20),
(378, 6, 37, 84, 70, 0, 0, 0, 30.80, 0.00, 30.80),
(380, 6, 36, 0, 0, 84, 87, 0, 34.20, 0.00, 34.20),
(382, 37, 3, 95, 91, 91, 91, 82, 90.00, 82.00, 90.00),
(383, 37, 4, 84, 80, 81, 84, 86, 83.00, 92.00, 83.00),
(384, 37, 5, 82, 92, 83, 79, 87, 84.60, 71.00, 84.60),
(385, 37, 6, 92, 75, 80, 82, 97, 85.20, 85.00, 85.20),
(386, 37, 7, 85, 82, 79, 74, 81, 80.20, 75.00, 80.20),
(387, 37, 9, 78, 80, 88, 92, 87, 85.00, 88.00, 85.00),
(388, 37, 8, 90, 84, 83, 86, 85, 85.60, 71.00, 85.60),
(389, 37, 11, 90, 84, 76, 95, 82, 85.40, 94.00, 85.40),
(390, 37, 10, 85, 89, 85, 98, 92, 89.80, 63.00, 89.80),
(391, 37, 22, 88, 80, 81, 81, 78, 81.60, 66.70, 81.60),
(392, 37, 25, 89, 81, 78, 81, 92, 84.20, 92.00, 84.20),
(393, 37, 13, 83, 92, 76, 76, 85, 82.40, 53.00, 82.40),
(394, 37, 14, 83, 89, 0, 0, 0, 34.40, 0.00, 34.40),
(395, 37, 17, 83, 89, 0, 0, 0, 34.40, 0.00, 34.40),
(396, 37, 15, 83, 89, 0, 0, 0, 34.40, 0.00, 34.40),
(398, 37, 12, 83, 89, 0, 0, 0, 34.40, 0.00, 34.40),
(400, 37, 21, 83, 77, 0, 0, 0, 32.00, 0.00, 32.00),
(401, 37, 18, 83, 77, 0, 0, 0, 32.00, 0.00, 32.00),
(402, 37, 20, 83, 77, 0, 0, 0, 32.00, 0.00, 32.00),
(404, 37, 19, 83, 77, 0, 0, 0, 32.00, 0.00, 32.00),
(407, 37, 37, 92, 80, 0, 0, 0, 34.40, 0.00, 34.40),
(446, 37, 26, 0, 0, 85, 87, 92, 52.80, 75.00, 52.80),
(447, 37, 27, 0, 0, 88, 89, 92, 53.80, 80.00, 53.80),
(448, 37, 28, 0, 0, 84, 84, 80, 49.60, 80.00, 49.60),
(449, 37, 29, 0, 0, 88, 84, 88, 52.00, 0.00, 52.00),
(450, 37, 35, 0, 0, 77, 85, 0, 32.40, 0.00, 32.40),
(451, 37, 36, 0, 0, 98, 88, 0, 37.20, 0.00, 37.20),
(497, 37, 34, 0, 0, 0, 0, 82, 16.40, 0.00, 16.40),
(498, 47, 3, 92, 93, 89, 93, 83, 90.00, 80.00, 90.00),
(499, 47, 7, 79, 87, 81, 88, 81, 83.20, 75.00, 83.20),
(500, 47, 9, 32, 83, 88, 90, 78, 74.20, 49.00, 74.20),
(501, 47, 8, 84, 81, 94, 98, 80, 87.40, 63.00, 87.40),
(502, 47, 19, 62, 81, 0, 0, 0, 28.60, 0.00, 28.60),
(503, 47, 20, 62, 81, 0, 0, 0, 28.60, 0.00, 28.60),
(504, 47, 21, 62, 81, 0, 0, 0, 28.60, 0.00, 28.60),
(505, 47, 12, 73, 90, 0, 0, 0, 32.60, 0.00, 32.60),
(506, 47, 15, 73, 90, 0, 0, 0, 32.60, 0.00, 32.60),
(507, 47, 14, 73, 90, 0, 0, 0, 32.60, 0.00, 32.60),
(508, 47, 11, 77, 87, 93, 94, 82, 86.60, 96.00, 86.60),
(509, 47, 22, 85, 85, 88, 82, 79, 83.80, 69.10, 83.80),
(510, 47, 13, 73, 90, 98, 97, 86, 88.80, 73.00, 88.80),
(531, 47, 26, 0, 0, 87, 97, 80, 52.80, 71.00, 52.80),
(532, 47, 27, 0, 0, 90, 93, 89, 54.40, 83.00, 54.40),
(533, 47, 28, 0, 0, 93, 95, 83, 54.20, 87.00, 54.20),
(545, 47, 4, 0, 0, 0, 0, 86, 17.20, 84.00, 17.20),
(546, 47, 5, 0, 0, 0, 0, 78, 15.60, 89.00, 15.60),
(547, 47, 6, 0, 0, 0, 0, 90, 18.00, 79.00, 18.00),
(552, 47, 10, 0, 0, 0, 0, 85, 17.00, 85.00, 17.00),
(555, 47, 25, 0, 0, 0, 0, 90, 18.00, 81.00, 18.00),
(559, 47, 29, 0, 0, 0, 0, 97, 19.40, 0.00, 19.40),
(560, 47, 34, 0, 0, 0, 0, 83, 16.60, 0.00, 16.60),
(561, 12, 3, 97, 97, 96, 90, 83, 92.60, 90.00, 92.60),
(562, 12, 4, 87, 89, 91, 90, 86, 88.60, 87.00, 88.60),
(563, 12, 5, 91, 93, 92, 87, 92, 91.00, 78.00, 91.00),
(564, 12, 6, 90, 86, 82, 84, 92, 86.80, 94.00, 86.80),
(565, 12, 7, 89, 87, 92, 80, 82, 86.00, 85.00, 86.00),
(566, 12, 9, 90, 85, 90, 96, 91, 90.40, 88.00, 90.40),
(567, 12, 8, 90, 81, 89, 88, 84, 86.40, 93.00, 86.40),
(568, 12, 19, 88, 85, 0, 0, 0, 34.60, 0.00, 34.60),
(569, 12, 20, 88, 85, 0, 0, 0, 34.60, 0.00, 34.60),
(570, 12, 21, 88, 85, 0, 0, 0, 34.60, 0.00, 34.60),
(571, 12, 12, 90, 92, 0, 0, 0, 36.40, 0.00, 36.40),
(572, 12, 15, 90, 92, 0, 0, 0, 36.40, 0.00, 36.40),
(573, 12, 14, 90, 92, 0, 0, 0, 36.40, 0.00, 36.40),
(574, 12, 11, 89, 90, 86, 90, 92, 89.40, 86.00, 89.40),
(575, 12, 10, 92, 90, 92, 97, 93, 92.80, 83.00, 92.80),
(576, 12, 22, 90, 83, 82, 82, 82, 83.80, 86.00, 83.80),
(577, 12, 13, 90, 96, 94, 81, 80, 88.20, 64.00, 88.20),
(578, 12, 25, 94, 90, 80, 81, 92, 87.40, 93.00, 87.40),
(579, 12, 37, 93, 96, 0, 0, 0, 37.80, 0.00, 37.80),
(611, 12, 1, 0, 0, 89, 90, 85, 52.80, 85.00, 52.80),
(612, 12, 2, 0, 0, 90, 93, 81, 52.80, 86.00, 52.80),
(613, 12, 23, 0, 0, 91, 87, 84, 52.40, 84.00, 52.40),
(614, 12, 24, 0, 0, 86, 85, 87, 51.60, 86.00, 51.60),
(615, 12, 35, 0, 0, 84, 92, 0, 35.20, 0.00, 35.20),
(649, 12, 34, 0, 0, 0, 0, 83, 16.60, 0.00, 16.60),
(650, 68, 3, 83, 69, 0, 0, 0, 30.40, 58.00, 30.40),
(653, 68, 4, 74, 55, 0, 0, 0, 25.80, 80.00, 25.80),
(654, 68, 5, 71, 71, 0, 0, 0, 28.40, 76.00, 28.40),
(655, 68, 6, 71, 80, 0, 0, 0, 30.20, 81.00, 30.20),
(656, 68, 7, 78, 70, 0, 0, 0, 29.60, 76.00, 29.60),
(657, 68, 9, 52, 67, 0, 0, 0, 23.80, 54.00, 23.80),
(658, 68, 8, 73, 71, 0, 0, 0, 28.80, 77.00, 28.80),
(659, 53, 3, 91, 95, 96, 85, 80, 89.40, 84.00, 89.40),
(660, 68, 19, 77, 59, 0, 0, 0, 27.20, 0.00, 27.20),
(661, 53, 4, 80, 84, 82, 86, 89, 84.20, 92.00, 84.20),
(662, 68, 20, 77, 59, 0, 0, 0, 27.20, 0.00, 27.20),
(663, 53, 5, 76, 83, 91, 84, 83, 83.40, 86.00, 83.40),
(664, 68, 21, 77, 59, 0, 0, 0, 27.20, 0.00, 27.20),
(665, 53, 6, 85, 81, 82, 81, 91, 84.00, 96.00, 84.00),
(666, 68, 12, 75, 75, 0, 0, 0, 30.00, 0.00, 30.00),
(667, 68, 15, 75, 75, 0, 0, 0, 30.00, 0.00, 30.00),
(668, 68, 14, 75, 75, 0, 0, 0, 30.00, 0.00, 30.00),
(669, 68, 11, 65, 66, 0, 0, 0, 26.20, 90.00, 26.20),
(670, 53, 7, 88, 76, 81, 73, 81, 79.80, 77.00, 79.80),
(671, 68, 10, 75, 79, 0, 0, 0, 30.80, 85.00, 30.80),
(672, 68, 22, 77, 82, 0, 0, 0, 31.80, 71.80, 31.80),
(673, 53, 9, 79, 73, 83, 97, 85, 83.40, 79.00, 83.40),
(674, 53, 8, 75, 76, 80, 83, 83, 79.40, 73.00, 79.40),
(675, 68, 25, 73, 71, 0, 0, 0, 28.80, 83.00, 28.80),
(676, 68, 36, 0, 0, 84, 70, 0, 30.80, 58.00, 30.80),
(677, 68, 37, 75, 70, 0, 0, 0, 29.00, 0.00, 29.00),
(678, 53, 19, 78, 76, 0, 0, 0, 30.80, 0.00, 30.80),
(679, 53, 20, 78, 76, 0, 0, 0, 30.80, 0.00, 30.80),
(680, 53, 21, 78, 76, 0, 0, 0, 30.80, 0.00, 30.80),
(681, 53, 12, 79, 85, 0, 0, 0, 32.80, 0.00, 32.80),
(682, 53, 15, 79, 85, 0, 0, 0, 32.80, 0.00, 32.80),
(683, 53, 14, 79, 85, 0, 0, 0, 32.80, 0.00, 32.80),
(684, 53, 11, 76, 78, 79, 95, 87, 83.00, 96.00, 83.00),
(685, 53, 10, 84, 82, 86, 96, 97, 89.00, 90.00, 89.00),
(686, 53, 22, 87, 83, 83, 81, 82, 83.20, 74.50, 83.20),
(687, 53, 13, 98, 89, 72, 75, 86, 84.00, 59.00, 84.00),
(688, 53, 25, 83, 73, 80, 92, 91, 83.80, 87.00, 83.80),
(689, 53, 37, 90, 84, 0, 0, 0, 34.80, 0.00, 34.80),
(697, 29, 3, 96, 98, 90, 93, 80, 91.40, 84.00, 91.40),
(740, 68, 13, 0, 82, 0, 0, 0, 16.40, 63.00, 16.40),
(743, 53, 26, 0, 0, 88, 92, 91, 54.20, 79.00, 54.20),
(745, 53, 27, 0, 0, 87, 92, 92, 54.20, 91.00, 54.20),
(746, 53, 28, 0, 0, 86, 83, 81, 50.00, 80.00, 50.00),
(747, 29, 4, 0, 0, 0, 0, 90, 18.00, 91.00, 18.00),
(748, 53, 29, 0, 0, 86, 96, 94, 55.20, 0.00, 55.20),
(750, 53, 35, 0, 0, 85, 85, 0, 34.00, 0.00, 34.00),
(752, 29, 5, 0, 0, 0, 0, 83, 16.60, 82.00, 16.60),
(753, 29, 6, 0, 0, 0, 0, 97, 19.40, 94.00, 19.40),
(754, 53, 36, 0, 0, 0, 0, 0, 0.00, 0.00, 0.00),
(789, 29, 7, 89, 95, 89, 89, 81, 88.60, 80.00, 88.60),
(790, 53, 34, 0, 0, 0, 0, 79, 15.80, 0.00, 15.80),
(793, 11, 3, 95, 94, 95, 80, 85, 89.80, 84.00, 89.80),
(794, 11, 4, 85, 84, 85, 87, 83, 84.80, 79.00, 84.80),
(795, 11, 5, 80, 93, 85, 78, 86, 84.40, 84.00, 84.40),
(796, 11, 6, 87, 82, 80, 83, 94, 85.20, 83.00, 85.20),
(797, 11, 7, 87, 83, 90, 78, 82, 84.00, 79.00, 84.00),
(798, 11, 9, 82, 80, 85, 93, 84, 84.80, 74.00, 84.80),
(799, 11, 8, 75, 78, 79, 84, 85, 80.20, 75.00, 80.20),
(800, 11, 19, 81, 78, 0, 0, 0, 31.80, 0.00, 31.80),
(801, 11, 20, 81, 78, 0, 0, 0, 31.80, 0.00, 31.80),
(802, 11, 21, 81, 78, 0, 0, 0, 31.80, 0.00, 31.80),
(803, 11, 12, 85, 89, 0, 0, 0, 34.80, 0.00, 34.80),
(804, 11, 15, 85, 89, 0, 0, 0, 34.80, 0.00, 34.80),
(805, 11, 14, 85, 89, 0, 0, 0, 34.80, 0.00, 34.80),
(806, 11, 11, 84, 88, 76, 87, 90, 85.00, 86.00, 85.00),
(807, 11, 10, 91, 95, 94, 98, 95, 94.60, 96.00, 94.60),
(808, 11, 22, 89, 82, 82, 82, 82, 83.40, 86.00, 83.40),
(815, 29, 9, 78, 88, 88, 92, 84, 86.00, 68.00, 86.00),
(819, 11, 25, 84, 84, 90, 90, 90, 87.60, 92.00, 87.60),
(823, 11, 13, 85, 89, 80, 79, 80, 82.60, 68.00, 82.60),
(841, 29, 8, 87, 93, 99, 100, 83, 92.40, 85.00, 92.40),
(852, 27, 34, 0, 0, 0, 0, 80, 16.00, 0.00, 16.00),
(856, 27, 35, 0, 0, 79, 90, 0, 33.80, 0.00, 33.80),
(858, 27, 36, 0, 0, 98, 85, 0, 36.60, 0.00, 36.60),
(869, 27, 37, 93, 94, 0, 0, 0, 37.40, 0.00, 37.40),
(871, 29, 11, 81, 91, 95, 91, 83, 88.20, 96.00, 88.20),
(881, 11, 1, 0, 0, 89, 86, 83, 51.60, 80.00, 51.60),
(883, 11, 2, 0, 0, 90, 86, 83, 51.80, 86.00, 51.80),
(885, 11, 23, 0, 0, 73, 85, 80, 47.60, 81.00, 47.60),
(886, 11, 24, 0, 0, 84, 82, 84, 50.00, 87.00, 50.00),
(887, 11, 36, 0, 0, 92, 91, 0, 36.60, 0.00, 36.60),
(908, 29, 10, 0, 0, 0, 0, 93, 18.60, 100.00, 18.60),
(910, 29, 22, 88, 90, 96, 97, 82, 90.60, 73.60, 90.60),
(927, 11, 34, 0, 0, 0, 0, 79, 15.80, 0.00, 15.80),
(928, 29, 13, 0, 0, 0, 0, 79, 15.80, 67.00, 15.80),
(930, 29, 21, 82, 90, 0, 0, 0, 34.40, 0.00, 34.40),
(932, 29, 19, 82, 90, 0, 0, 0, 34.40, 0.00, 34.40),
(934, 29, 20, 82, 90, 0, 0, 0, 34.40, 0.00, 34.40),
(936, 29, 12, 85, 94, 0, 0, 0, 35.80, 0.00, 35.80),
(937, 29, 15, 85, 94, 0, 0, 0, 35.80, 0.00, 35.80),
(938, 29, 14, 85, 94, 0, 0, 0, 35.80, 0.00, 35.80),
(942, 29, 27, 0, 0, 89, 93, 88, 54.00, 85.00, 54.00),
(943, 29, 28, 0, 0, 90, 95, 84, 53.80, 87.00, 53.80),
(944, 29, 26, 0, 0, 87, 98, 86, 54.20, 85.00, 54.20),
(950, 29, 34, 0, 0, 0, 0, 86, 17.20, 0.00, 17.20),
(951, 29, 29, 0, 0, 0, 0, 93, 18.60, 0.00, 18.60),
(952, 29, 25, 0, 0, 0, 0, 93, 18.60, 93.00, 18.60),
(953, 78, 3, 88, 83, 81, 81, 78, 82.20, 78.00, 82.20),
(954, 78, 4, 84, 78, 79, 79, 84, 80.80, 80.00, 80.80),
(955, 78, 5, 73, 72, 71, 81, 84, 76.20, 74.00, 76.20),
(956, 78, 6, 75, 80, 78, 79, 86, 79.60, 81.00, 79.60),
(957, 78, 7, 73, 72, 83, 75, 81, 76.80, 76.00, 76.80),
(958, 78, 9, 76, 71, 75, 85, 80, 77.40, 70.00, 77.40),
(961, 78, 8, 74, 73, 75, 82, 79, 76.60, 69.00, 76.60),
(962, 78, 11, 67, 73, 73, 71, 79, 72.60, 78.00, 72.60),
(963, 78, 10, 77, 75, 81, 91, 91, 83.00, 85.00, 83.00),
(964, 78, 22, 78, 82, 78, 81, 83, 80.40, 67.90, 80.40),
(965, 78, 25, 73, 73, 75, 74, 85, 76.00, 80.00, 76.00),
(987, 78, 13, 78, 80, 80, 79, 79, 79.20, 54.00, 79.20),
(988, 78, 30, 0, 0, 84, 86, 80, 50.00, 76.00, 50.00),
(989, 55, 3, 91, 91, 92, 87, 81, 88.40, 78.00, 88.40),
(990, 78, 31, 0, 0, 81, 85, 82, 49.60, 74.00, 49.60),
(991, 78, 32, 0, 0, 85, 77, 81, 48.60, 83.00, 48.60),
(994, 78, 33, 0, 0, 64, 83, 83, 46.00, 77.00, 46.00),
(995, 78, 37, 84, 59, 0, 0, 0, 28.60, 0.00, 28.60),
(1002, 55, 4, 85, 86, 80, 87, 89, 85.40, 90.00, 85.40),
(1018, 55, 5, 78, 86, 94, 80, 85, 84.60, 84.00, 84.60),
(1028, 55, 6, 81, 88, 81, 82, 97, 85.80, 96.00, 85.80),
(1032, 78, 35, 0, 0, 80, 82, 0, 32.40, 0.00, 32.40),
(1034, 78, 36, 0, 0, 80, 81, 0, 32.20, 61.00, 32.20),
(1037, 55, 7, 82, 77, 79, 79, 83, 80.00, 75.00, 80.00),
(1042, 55, 9, 77, 77, 83, 90, 85, 82.40, 80.00, 82.40),
(1047, 55, 8, 78, 73, 65, 83, 83, 76.40, 78.00, 76.40),
(1054, 55, 19, 83, 76, 0, 0, 0, 31.80, 0.00, 31.80),
(1055, 78, 34, 0, 0, 0, 0, 79, 15.80, 0.00, 15.80),
(1057, 55, 20, 83, 76, 0, 0, 0, 31.80, 0.00, 31.80),
(1059, 55, 21, 83, 76, 0, 0, 0, 31.80, 0.00, 31.80),
(1068, 55, 12, 79, 85, 0, 0, 0, 32.80, 0.00, 32.80),
(1070, 55, 15, 79, 85, 0, 0, 0, 32.80, 0.00, 32.80),
(1073, 55, 14, 79, 85, 0, 0, 0, 32.80, 0.00, 32.80),
(1078, 55, 11, 78, 78, 75, 76, 82, 77.80, 96.00, 77.80),
(1087, 55, 10, 82, 82, 87, 94, 97, 88.40, 85.00, 88.40),
(1094, 55, 22, 84, 82, 82, 83, 81, 82.40, 73.00, 82.40),
(1099, 55, 13, 89, 86, 78, 76, 85, 82.80, 62.00, 82.80),
(1104, 55, 25, 80, 76, 80, 88, 90, 82.80, 94.00, 82.80),
(1109, 55, 26, 0, 0, 87, 88, 92, 53.40, 75.00, 53.40),
(1113, 55, 27, 0, 0, 85, 89, 90, 52.80, 80.00, 52.80),
(1116, 55, 28, 0, 0, 85, 82, 86, 50.60, 87.00, 50.60),
(1119, 55, 29, 0, 0, 85, 83, 92, 52.00, 0.00, 52.00),
(1122, 55, 34, 0, 0, 0, 0, 84, 16.80, 0.00, 16.80),
(1123, 55, 35, 0, 0, 73, 85, 0, 31.60, 0.00, 31.60),
(1125, 55, 36, 0, 0, 94, 85, 0, 35.80, 0.00, 35.80),
(1127, 55, 37, 90, 76, 0, 0, 0, 33.20, 0.00, 33.20),
(1129, 72, 3, 81, 71, 83, 82, 78, 79.00, 74.00, 79.00),
(1130, 72, 4, 76, 79, 81, 78, 84, 79.60, 79.00, 79.60),
(1131, 72, 5, 73, 77, 72, 79, 80, 76.20, 61.00, 76.20),
(1132, 72, 6, 73, 74, 45, 75, 85, 70.40, 73.00, 70.40),
(1133, 72, 7, 84, 79, 84, 77, 81, 81.00, 54.00, 81.00),
(1134, 72, 9, 78, 75, 82, 78, 75, 77.60, 49.00, 77.60),
(1135, 72, 8, 78, 76, 74, 79, 80, 77.40, 71.00, 77.40),
(1136, 72, 11, 71, 73, 73, 81, 85, 76.60, 66.00, 76.60),
(1137, 72, 10, 75, 78, 88, 84, 85, 82.00, 61.00, 82.00),
(1138, 72, 22, 72, 81, 76, 78, 80, 77.40, 49.70, 77.40),
(1139, 72, 13, 73, 83, 80, 73, 80, 77.80, 33.00, 77.80),
(1140, 72, 25, 74, 73, 79, 80, 85, 78.20, 72.00, 78.20),
(1141, 72, 30, 0, 0, 84, 86, 81, 50.20, 66.00, 50.20),
(1142, 72, 31, 0, 0, 81, 85, 82, 49.60, 70.00, 49.60),
(1143, 72, 32, 0, 0, 81, 83, 83, 49.40, 83.00, 49.40),
(1144, 72, 33, 0, 0, 72, 76, 72, 44.00, 77.00, 44.00),
(1145, 72, 34, 0, 0, 0, 0, 72, 14.40, 0.00, 14.40),
(1146, 72, 36, 0, 0, 84, 87, 0, 34.20, 50.00, 34.20),
(1147, 25, 3, 92, 95, 82, 83, 84, 87.20, 90.00, 87.20),
(1148, 25, 4, 80, 81, 87, 85, 85, 83.60, 87.00, 83.60),
(1149, 25, 5, 80, 92, 95, 78, 82, 85.40, 82.00, 85.40),
(1150, 25, 6, 77, 84, 83, 81, 96, 84.20, 81.00, 84.20),
(1151, 25, 7, 90, 80, 85, 79, 83, 83.40, 75.00, 83.40),
(1152, 25, 9, 78, 76, 79, 83, 85, 80.20, 53.00, 80.20),
(1153, 25, 8, 81, 73, 83, 83, 82, 80.40, 70.00, 80.40),
(1154, 25, 19, 79, 77, 0, 0, 0, 31.20, 0.00, 31.20),
(1156, 25, 11, 83, 75, 81, 82, 87, 81.60, 86.00, 81.60),
(1157, 25, 10, 81, 86, 94, 87, 89, 87.40, 85.00, 87.40),
(1158, 25, 22, 81, 81, 82, 83, 83, 82.00, 86.00, 82.00),
(1159, 25, 25, 84, 78, 85, 90, 91, 85.60, 85.00, 85.60),
(1160, 25, 37, 93, 72, 0, 0, 0, 33.00, 0.00, 33.00),
(1171, 25, 13, 91, 91, 79, 74, 79, 82.80, 59.00, 82.80),
(1243, 72, 15, 71, 76, 0, 0, 0, 29.40, 0.00, 29.40),
(1248, 72, 37, 84, 87, 0, 0, 0, 34.20, 0.00, 34.20),
(1267, 72, 19, 78, 72, 0, 0, 0, 30.00, 0.00, 30.00),
(1268, 72, 20, 78, 72, 0, 0, 0, 30.00, 0.00, 30.00),
(1269, 72, 21, 78, 72, 0, 0, 0, 30.00, 0.00, 30.00),
(1270, 72, 12, 71, 76, 0, 0, 0, 29.40, 0.00, 29.40),
(1282, 72, 14, 71, 76, 0, 0, 0, 29.40, 0.00, 29.40),
(1298, 72, 35, 0, 0, 76, 88, 0, 32.80, 0.00, 32.80),
(1359, 66, 3, 95, 96, 96, 94, 82, 92.60, 88.00, 92.60),
(1360, 66, 4, 84, 87, 89, 90, 93, 88.60, 94.00, 88.60),
(1361, 66, 5, 90, 93, 90, 81, 89, 88.60, 95.00, 88.60),
(1362, 66, 6, 83, 87, 86, 83, 98, 87.40, 96.00, 87.40),
(1363, 66, 7, 88, 92, 82, 91, 84, 87.40, 77.00, 87.40),
(1364, 66, 9, 82, 87, 90, 87, 84, 86.00, 78.00, 86.00),
(1366, 66, 8, 79, 81, 84, 83, 83, 82.00, 86.00, 82.00),
(1367, 66, 37, 91, 93, 0, 0, 0, 36.80, 0.00, 36.80),
(1368, 78, 19, 76, 72, 0, 0, 0, 29.60, 0.00, 29.60),
(1370, 78, 20, 76, 73, 0, 0, 0, 29.80, 0.00, 29.80),
(1372, 78, 21, 76, 72, 0, 0, 0, 29.60, 0.00, 29.60),
(1374, 78, 12, 77, 74, 0, 0, 0, 30.20, 0.00, 30.20),
(1376, 78, 15, 77, 80, 0, 0, 0, 31.40, 0.00, 31.40),
(1378, 78, 14, 77, 72, 0, 0, 0, 29.80, 0.00, 29.80),
(1425, 75, 3, 95, 90, 92, 96, 82, 91.00, 84.00, 91.00),
(1426, 75, 4, 82, 83, 86, 90, 91, 86.40, 93.00, 86.40),
(1427, 75, 5, 86, 89, 85, 94, 88, 88.40, 93.00, 88.40),
(1428, 75, 6, 91, 90, 84, 86, 98, 89.80, 79.00, 89.80),
(1429, 75, 7, 87, 83, 90, 81, 83, 84.80, 81.00, 84.80),
(1430, 75, 9, 82, 78, 83, 87, 83, 82.60, 63.00, 82.60),
(1431, 75, 8, 86, 82, 81, 85, 83, 83.40, 84.00, 83.40),
(1434, 75, 19, 82, 74, 0, 0, 0, 31.20, 0.00, 31.20),
(1435, 75, 20, 82, 74, 0, 0, 0, 31.20, 0.00, 31.20),
(1436, 75, 21, 82, 74, 0, 0, 0, 31.20, 0.00, 31.20),
(1437, 75, 12, 83, 86, 0, 0, 0, 33.80, 0.00, 33.80),
(1438, 75, 15, 83, 86, 0, 0, 0, 33.80, 0.00, 33.80),
(1439, 75, 14, 83, 86, 0, 0, 0, 33.80, 0.00, 33.80),
(1440, 75, 11, 88, 78, 77, 85, 87, 83.00, 78.00, 83.00),
(1441, 75, 10, 83, 89, 94, 93, 98, 91.40, 98.00, 91.40),
(1442, 75, 22, 84, 86, 85, 84, 79, 83.60, 73.00, 83.60),
(1443, 75, 25, 82, 84, 83, 84, 95, 85.60, 96.00, 85.60),
(1444, 75, 37, 93, 91, 0, 0, 0, 36.80, 0.00, 36.80),
(1461, 75, 13, 83, 88, 88, 81, 80, 84.00, 64.00, 84.00),
(1476, 75, 30, 0, 0, 90, 89, 85, 52.80, 88.00, 52.80),
(1477, 75, 31, 0, 0, 86, 88, 82, 51.20, 84.00, 51.20),
(1478, 75, 32, 0, 0, 89, 95, 95, 55.80, 83.00, 55.80),
(1479, 75, 33, 0, 0, 89, 93, 88, 54.00, 79.00, 54.00),
(1480, 75, 35, 0, 0, 91, 91, 0, 36.40, 0.00, 36.40),
(1481, 75, 36, 0, 0, 0, 0, 0, 0.00, 75.00, 0.00),
(1500, 75, 34, 0, 0, 0, 0, 82, 16.40, 0.00, 16.40),
(1518, 38, 3, 87, 85, 72, 86, 78, 81.60, 80.00, 81.60),
(1519, 38, 4, 84, 86, 73, 78, 84, 81.00, 86.00, 81.00),
(1520, 38, 5, 75, 81, 78, 79, 88, 80.20, 80.00, 80.20),
(1521, 38, 6, 73, 85, 81, 82, 92, 82.60, 96.00, 82.60),
(1522, 38, 7, 84, 76, 76, 74, 80, 78.00, 80.00, 78.00),
(1523, 38, 9, 88, 78, 79, 94, 79, 83.60, 70.00, 83.60),
(1524, 38, 8, 77, 76, 54, 76, 81, 72.80, 83.00, 72.80),
(1525, 38, 11, 75, 73, 73, 77, 73, 74.20, 88.00, 74.20),
(1526, 38, 10, 78, 82, 78, 88, 87, 82.60, 83.00, 82.60),
(1527, 38, 22, 76, 87, 77, 82, 80, 80.40, 68.80, 80.40),
(1528, 38, 25, 74, 75, 75, 74, 88, 77.20, 85.00, 77.20),
(1529, 38, 19, 82, 75, 0, 0, 0, 31.40, 0.00, 31.40),
(1530, 38, 20, 82, 75, 0, 0, 0, 31.40, 0.00, 31.40),
(1531, 38, 21, 82, 75, 0, 0, 0, 31.40, 0.00, 31.40),
(1532, 38, 12, 81, 78, 0, 0, 0, 31.80, 0.00, 31.80),
(1533, 38, 15, 81, 78, 0, 0, 0, 31.80, 0.00, 31.80),
(1534, 38, 14, 81, 78, 0, 0, 0, 31.80, 0.00, 31.80),
(1535, 38, 13, 81, 87, 81, 70, 89, 81.60, 58.00, 81.60),
(1536, 38, 37, 92, 87, 0, 0, 0, 35.80, 0.00, 35.80),
(1537, 5, 3, 94, 95, 96, 92, 84, 92.20, 77.00, 92.20),
(1538, 5, 4, 86, 87, 88, 91, 90, 88.40, 91.00, 88.40),
(1539, 5, 5, 81, 89, 89, 83, 86, 85.60, 86.00, 85.60),
(1540, 5, 6, 86, 92, 84, 85, 91, 87.60, 83.00, 87.60),
(1541, 5, 7, 89, 80, 91, 82, 84, 85.20, 77.00, 85.20),
(1542, 5, 9, 90, 89, 90, 87, 92, 89.60, 73.00, 89.60),
(1543, 5, 8, 88, 82, 84, 86, 90, 86.00, 82.00, 86.00),
(1544, 5, 19, 90, 88, 0, 0, 0, 35.60, 0.00, 35.60),
(1545, 5, 20, 90, 88, 0, 0, 0, 35.60, 0.00, 35.60),
(1546, 5, 21, 90, 88, 0, 0, 0, 35.60, 0.00, 35.60),
(1547, 5, 12, 85, 91, 0, 0, 0, 35.20, 0.00, 35.20),
(1548, 5, 15, 85, 91, 0, 0, 0, 35.20, 0.00, 35.20),
(1549, 5, 14, 85, 91, 0, 0, 0, 35.20, 0.00, 35.20),
(1550, 5, 11, 88, 82, 80, 88, 92, 86.00, 86.00, 86.00),
(1551, 5, 10, 93, 89, 94, 98, 96, 94.00, 73.00, 94.00),
(1552, 5, 22, 89, 86, 85, 85, 82, 85.40, 86.00, 85.40),
(1553, 5, 13, 85, 96, 82, 82, 80, 85.00, 63.00, 85.00),
(1554, 5, 25, 89, 84, 90, 90, 90, 88.60, 91.00, 88.60),
(1555, 5, 37, 92, 81, 0, 0, 0, 34.60, 0.00, 34.60),
(1587, 5, 1, 0, 0, 92, 93, 92, 55.40, 82.00, 55.40),
(1588, 5, 2, 0, 0, 90, 94, 91, 55.00, 86.00, 55.00),
(1589, 5, 23, 0, 0, 81, 86, 93, 52.00, 80.00, 52.00),
(1590, 5, 24, 0, 0, 84, 87, 87, 51.60, 72.00, 51.60),
(1591, 5, 35, 0, 0, 72, 79, 0, 30.20, 0.00, 30.20),
(1625, 5, 34, 0, 0, 0, 0, 84, 16.80, 0.00, 16.80),
(1626, 69, 3, 90, 88, 88, 89, 83, 87.60, 80.00, 87.60),
(1631, 73, 19, 79, 81, 0, 0, 0, 32.00, 0.00, 32.00),
(1632, 73, 20, 79, 81, 0, 0, 0, 32.00, 0.00, 32.00),
(1633, 73, 21, 79, 81, 0, 0, 0, 32.00, 0.00, 32.00),
(1634, 73, 22, 77, 80, 83, 81, 78, 79.80, 69.10, 79.80),
(1635, 73, 25, 83, 77, 83, 82, 89, 82.80, 84.00, 82.80),
(1636, 73, 37, 90, 77, 0, 0, 0, 33.40, 0.00, 33.40),
(1648, 73, 30, 0, 0, 87, 87, 81, 51.00, 70.00, 51.00),
(1649, 73, 31, 0, 0, 85, 86, 83, 50.80, 76.00, 50.80),
(1650, 73, 32, 0, 0, 91, 94, 93, 55.60, 69.00, 55.60),
(1651, 73, 33, 0, 0, 85, 77, 82, 48.80, 63.00, 48.80),
(1652, 73, 35, 0, 0, 78, 79, 0, 31.40, 0.00, 31.40),
(1653, 73, 36, 0, 0, 0, 0, 0, 0.00, 94.00, 0.00),
(1668, 73, 34, 0, 0, 0, 0, 78, 15.60, 0.00, 15.60),
(1669, 56, 3, 90, 91, 88, 84, 83, 87.20, 90.00, 87.20),
(1670, 56, 4, 81, 80, 78, 81, 84, 80.80, 87.00, 80.80),
(1671, 56, 5, 78, 82, 79, 78, 82, 79.80, 80.00, 79.80),
(1672, 56, 6, 81, 84, 83, 83, 94, 85.00, 96.00, 85.00),
(1673, 56, 7, 79, 76, 81, 76, 83, 79.00, 62.00, 79.00),
(1674, 56, 9, 89, 74, 80, 94, 79, 83.20, 70.00, 83.20),
(1675, 56, 8, 82, 74, 83, 86, 83, 81.60, 74.00, 81.60),
(1677, 65, 3, 82, 0, 78, 0, 81, 48.20, 66.00, 48.20),
(1680, 65, 4, 80, 0, 74, 0, 74, 45.60, 79.00, 45.60),
(1681, 65, 5, 71, 0, 72, 0, 77, 44.00, 70.00, 44.00),
(1682, 65, 6, 79, 0, 76, 0, 77, 46.40, 81.00, 46.40),
(1683, 65, 7, 68, 0, 73, 0, 69, 42.00, 72.00, 42.00),
(1684, 65, 9, 70, 0, 76, 0, 85, 46.20, 70.00, 46.20),
(1685, 65, 8, 56, 0, 62, 0, 81, 39.80, 64.00, 39.80),
(1689, 65, 11, 70, 0, 71, 0, 69, 42.00, 92.00, 42.00),
(1690, 65, 10, 78, 0, 60, 0, 75, 42.60, 85.00, 42.60),
(1691, 65, 22, 78, 0, 78, 0, 81, 47.40, 68.50, 47.40),
(1692, 65, 13, 81, 0, 61, 0, 69, 42.20, 64.00, 42.20),
(1693, 65, 25, 78, 0, 0, 0, 69, 29.40, 73.00, 29.40),
(1694, 65, 30, 0, 0, 78, 0, 82, 32.00, 80.00, 32.00),
(1695, 65, 31, 0, 0, 80, 0, 82, 32.40, 82.00, 32.40),
(1696, 65, 32, 0, 0, 85, 0, 86, 34.20, 81.00, 34.20),
(1697, 65, 33, 0, 0, 85, 0, 75, 32.00, 77.00, 32.00),
(1706, 7, 3, 81, 83, 92, 91, 80, 85.40, 80.00, 85.40),
(1711, 7, 4, 78, 84, 87, 88, 89, 85.20, 95.00, 85.20),
(1716, 7, 5, 84, 77, 84, 84, 93, 84.40, 73.00, 84.40),
(1721, 7, 6, 80, 84, 81, 88, 89, 84.40, 79.00, 84.40),
(1726, 7, 7, 87, 77, 88, 81, 82, 83.00, 85.00, 83.00),
(1731, 7, 9, 80, 79, 80, 94, 86, 83.80, 68.00, 83.80),
(1737, 7, 8, 83, 80, 80, 81, 85, 81.80, 69.00, 81.80),
(1742, 7, 19, 82, 82, 0, 0, 0, 32.80, 0.00, 32.80),
(1743, 7, 20, 82, 82, 0, 0, 0, 32.80, 0.00, 32.80),
(1744, 7, 21, 82, 82, 0, 0, 0, 32.80, 0.00, 32.80),
(1748, 7, 12, 81, 84, 0, 0, 0, 33.00, 0.00, 33.00),
(1749, 7, 15, 81, 84, 0, 0, 0, 33.00, 0.00, 33.00),
(1750, 7, 14, 81, 84, 0, 0, 0, 33.00, 0.00, 33.00),
(1754, 7, 11, 75, 81, 80, 87, 92, 83.00, 86.00, 83.00),
(1760, 7, 10, 75, 93, 85, 95, 92, 88.00, 83.00, 88.00),
(1765, 7, 22, 80, 83, 83, 83, 83, 82.40, 86.00, 82.40),
(1770, 7, 13, 92, 90, 78, 80, 89, 85.80, 54.00, 85.80),
(1777, 7, 25, 78, 76, 80, 79, 89, 80.40, 86.00, 80.40),
(1782, 7, 1, 0, 0, 82, 84, 80, 49.20, 77.00, 49.20),
(1785, 7, 2, 0, 0, 81, 86, 86, 50.60, 86.00, 50.60),
(1788, 7, 23, 0, 0, 78, 85, 87, 50.00, 81.00, 50.00),
(1792, 7, 24, 0, 0, 80, 77, 82, 47.80, 85.00, 47.80),
(1795, 7, 34, 0, 0, 0, 0, 72, 14.40, 0.00, 14.40),
(1796, 7, 35, 0, 0, 70, 86, 0, 31.20, 0.00, 31.20),
(1798, 7, 36, 0, 0, 84, 87, 0, 34.20, 0.00, 34.20),
(1801, 7, 37, 84, 87, 0, 0, 0, 34.20, 0.00, 34.20),
(1803, 48, 3, 87, 91, 80, 94, 84, 87.20, 88.00, 87.20),
(1804, 48, 4, 87, 85, 82, 85, 89, 85.60, 92.00, 85.60),
(1805, 48, 5, 78, 88, 89, 89, 91, 87.00, 90.00, 87.00),
(1806, 48, 6, 76, 86, 82, 83, 94, 84.20, 98.00, 84.20),
(1807, 48, 7, 75, 90, 83, 74, 83, 81.00, 81.00, 81.00),
(1808, 48, 9, 68, 89, 95, 94, 93, 87.80, 63.00, 87.80),
(1809, 48, 8, 76, 87, 81, 79, 86, 81.80, 91.00, 81.80),
(1810, 48, 19, 81, 79, 0, 0, 0, 32.00, 0.00, 32.00),
(1811, 48, 20, 81, 79, 0, 0, 0, 32.00, 0.00, 32.00),
(1812, 48, 21, 81, 79, 0, 0, 0, 32.00, 0.00, 32.00),
(1813, 48, 12, 79, 85, 0, 0, 0, 32.80, 0.00, 32.80),
(1814, 48, 15, 79, 85, 0, 0, 0, 32.80, 0.00, 32.80),
(1815, 48, 14, 79, 85, 0, 0, 0, 32.80, 0.00, 32.80),
(1816, 48, 11, 82, 75, 74, 97, 92, 84.00, 96.00, 84.00),
(1817, 48, 10, 76, 77, 87, 92, 98, 86.00, 83.00, 86.00),
(1818, 48, 22, 79, 84, 82, 80, 81, 81.20, 74.50, 81.20),
(1819, 48, 25, 77, 82, 80, 85, 93, 83.40, 91.00, 83.40),
(1820, 48, 13, 79, 93, 82, 73, 81, 81.60, 70.00, 81.60),
(1839, 48, 37, 90, 92, 0, 0, 0, 36.40, 0.00, 36.40),
(1854, 48, 26, 0, 0, 85, 90, 93, 53.60, 93.00, 53.60),
(1855, 48, 27, 0, 0, 88, 85, 93, 53.20, 92.00, 53.20),
(1856, 48, 28, 0, 0, 85, 81, 81, 49.40, 88.00, 49.40),
(1857, 48, 29, 0, 0, 88, 98, 92, 55.60, 0.00, 55.60),
(1858, 48, 35, 0, 0, 85, 85, 0, 34.00, 0.00, 34.00),
(1877, 48, 34, 0, 0, 0, 0, 86, 17.20, 0.00, 17.20),
(1894, 58, 3, 92, 85, 92, 91, 87, 89.40, 82.00, 89.40),
(1895, 58, 4, 83, 82, 80, 78, 83, 81.20, 82.00, 81.20),
(1896, 58, 5, 82, 75, 83, 75, 87, 80.40, 85.00, 80.40),
(1897, 58, 6, 90, 82, 81, 79, 83, 83.00, 79.00, 83.00),
(1898, 58, 7, 81, 74, 56, 68, 78, 71.40, 76.00, 71.40),
(1899, 58, 9, 90, 79, 82, 87, 82, 84.00, 66.00, 84.00),
(1900, 58, 8, 82, 75, 68, 81, 82, 77.60, 78.00, 77.60),
(1902, 58, 19, 82, 77, 0, 0, 0, 31.80, 0.00, 31.80),
(1903, 58, 20, 82, 77, 0, 0, 0, 31.80, 0.00, 31.80),
(1904, 58, 21, 82, 77, 0, 0, 0, 31.80, 0.00, 31.80),
(1905, 58, 12, 83, 81, 0, 0, 0, 32.80, 0.00, 32.80),
(1906, 58, 15, 83, 81, 0, 0, 0, 32.80, 0.00, 32.80),
(1907, 58, 14, 83, 81, 0, 0, 0, 32.80, 0.00, 32.80),
(1908, 58, 11, 82, 74, 72, 69, 82, 75.80, 90.00, 75.80),
(1909, 58, 10, 88, 82, 94, 91, 95, 90.00, 100.00, 90.00),
(1910, 58, 22, 87, 84, 83, 81, 82, 83.40, 70.00, 83.40),
(1911, 58, 13, 95, 83, 69, 79, 79, 81.00, 55.00, 81.00),
(1912, 58, 25, 75, 73, 87, 85, 85, 81.00, 82.00, 81.00),
(1913, 21, 3, 93, 87, 88, 87, 78, 86.60, 86.00, 86.60),
(1914, 21, 4, 79, 80, 80, 86, 84, 81.80, 85.00, 81.80),
(1915, 21, 5, 76, 87, 83, 79, 85, 82.00, 74.00, 82.00),
(1916, 21, 6, 82, 87, 83, 84, 93, 85.80, 81.00, 85.80),
(1917, 21, 7, 85, 78, 85, 73, 80, 80.20, 75.00, 80.20),
(1918, 21, 9, 85, 78, 84, 93, 85, 85.00, 77.00, 85.00),
(1920, 21, 8, 78, 77, 83, 84, 84, 81.20, 79.00, 81.20),
(1921, 21, 19, 82, 75, 0, 0, 0, 31.40, 0.00, 31.40),
(1922, 21, 20, 82, 75, 0, 0, 0, 31.40, 0.00, 31.40),
(1923, 21, 21, 82, 75, 0, 0, 0, 31.40, 0.00, 31.40),
(1924, 21, 12, 83, 80, 0, 0, 0, 32.60, 0.00, 32.60),
(1925, 21, 15, 83, 80, 0, 0, 0, 32.60, 0.00, 32.60),
(1926, 21, 14, 83, 80, 0, 0, 0, 32.60, 0.00, 32.60),
(1927, 14, 3, 92, 86, 86, 90, 78, 86.40, 83.00, 86.40),
(1928, 14, 4, 80, 80, 81, 79, 84, 80.80, 84.00, 80.80),
(1929, 14, 5, 78, 85, 85, 81, 83, 82.40, 82.00, 82.40),
(1930, 14, 6, 79, 85, 80, 74, 87, 81.00, 96.00, 81.00),
(1931, 14, 7, 85, 82, 85, 75, 80, 81.40, 82.00, 81.40),
(1932, 14, 8, 81, 75, 84, 86, 83, 81.80, 83.00, 81.80),
(1933, 14, 9, 85, 81, 81, 84, 78, 81.80, 88.00, 81.80),
(1934, 14, 19, 81, 79, 0, 0, 0, 32.00, 0.00, 32.00),
(1935, 14, 20, 81, 79, 0, 0, 0, 32.00, 0.00, 32.00),
(1936, 14, 21, 81, 79, 0, 0, 0, 32.00, 0.00, 32.00),
(1937, 14, 12, 82, 83, 0, 0, 0, 33.00, 0.00, 33.00),
(1938, 14, 15, 82, 83, 0, 0, 0, 33.00, 0.00, 33.00),
(1939, 14, 14, 82, 83, 0, 0, 0, 33.00, 0.00, 33.00),
(1940, 14, 11, 85, 77, 75, 86, 92, 83.00, 86.00, 83.00),
(1941, 14, 10, 77, 82, 81, 86, 93, 83.80, 83.00, 83.80),
(1942, 14, 22, 86, 83, 81, 75, 81, 81.20, 86.00, 81.20),
(1943, 14, 25, 82, 73, 79, 79, 90, 80.60, 88.00, 80.60),
(1944, 14, 37, 90, 80, 0, 0, 0, 34.00, 0.00, 34.00),
(1964, 14, 13, 0, 91, 0, 0, 0, 18.20, 69.00, 18.20),
(1978, 14, 1, 0, 0, 91, 81, 80, 50.40, 75.00, 50.40),
(1979, 14, 2, 0, 0, 90, 88, 79, 51.40, 86.00, 51.40),
(1980, 14, 23, 0, 0, 86, 81, 80, 49.40, 86.00, 49.40),
(1981, 14, 24, 0, 0, 84, 82, 82, 49.60, 75.00, 49.60),
(1997, 14, 35, 0, 0, 72, 79, 0, 30.20, 0.00, 30.20),
(2014, 14, 34, 0, 0, 0, 0, 82, 16.40, 0.00, 16.40),
(2067, 58, 30, 0, 0, 84, 77, 80, 48.20, 85.00, 48.20),
(2068, 58, 31, 0, 0, 85, 85, 80, 50.00, 76.00, 50.00),
(2069, 58, 32, 0, 0, 89, 84, 95, 53.60, 77.00, 53.60),
(2070, 58, 33, 0, 0, 87, 86, 83, 51.20, 81.00, 51.20),
(2071, 58, 35, 0, 0, 85, 86, 0, 34.20, 0.00, 34.20),
(2072, 58, 36, 0, 0, 64, 75, 0, 27.80, 50.00, 27.80),
(2109, 58, 34, 0, 0, 0, 0, 80, 16.00, 0.00, 16.00),
(2110, 58, 37, 90, 70, 0, 0, 0, 32.00, 0.00, 32.00),
(2114, 24, 3, 95, 92, 98, 95, 90, 94.00, 92.00, 94.00),
(2115, 24, 4, 84, 87, 89, 88, 89, 87.40, 91.00, 87.40),
(2116, 24, 5, 85, 91, 89, 84, 91, 88.00, 88.00, 88.00),
(2117, 24, 6, 91, 86, 82, 86, 96, 88.20, 92.00, 88.20),
(2118, 24, 7, 84, 80, 88, 80, 83, 83.00, 83.00, 83.00),
(2119, 24, 9, 93, 89, 90, 95, 89, 91.20, 70.00, 91.20),
(2120, 24, 8, 84, 92, 81, 81, 87, 85.00, 93.00, 85.00),
(2121, 24, 19, 83, 87, 0, 0, 0, 34.00, 0.00, 34.00),
(2122, 24, 20, 83, 87, 0, 0, 0, 34.00, 0.00, 34.00),
(2123, 24, 21, 83, 87, 0, 0, 0, 34.00, 0.00, 34.00),
(2124, 24, 12, 85, 85, 0, 0, 0, 34.00, 0.00, 34.00),
(2125, 24, 15, 85, 85, 0, 0, 0, 34.00, 0.00, 34.00),
(2126, 24, 14, 85, 85, 0, 0, 0, 34.00, 0.00, 34.00),
(2127, 24, 11, 88, 79, 79, 90, 90, 85.20, 86.00, 85.20),
(2128, 24, 10, 87, 82, 88, 97, 97, 90.20, 73.00, 90.20),
(2129, 24, 22, 86, 83, 85, 85, 83, 84.40, 86.00, 84.40),
(2130, 24, 13, 96, 96, 84, 79, 87, 88.40, 70.00, 88.40),
(2131, 24, 25, 81, 78, 80, 90, 88, 83.40, 93.00, 83.40),
(2162, 24, 1, 0, 0, 91, 85, 83, 51.80, 78.00, 51.80),
(2163, 24, 2, 0, 0, 87, 89, 81, 51.40, 86.00, 51.40),
(2164, 24, 23, 0, 0, 81, 83, 79, 48.60, 80.00, 48.60),
(2165, 24, 24, 0, 0, 82, 81, 87, 50.00, 78.00, 50.00),
(2166, 24, 35, 0, 0, 80, 87, 0, 33.40, 0.00, 33.40),
(2200, 24, 34, 0, 0, 0, 0, 80, 16.00, 0.00, 16.00),
(2201, 24, 37, 93, 94, 0, 0, 0, 37.40, 0.00, 37.40),
(2202, 24, 36, 0, 0, 93, 92, 0, 37.00, 0.00, 37.00),
(2207, 66, 19, 77, 82, 0, 0, 0, 31.80, 0.00, 31.80),
(2208, 66, 20, 77, 82, 0, 0, 0, 31.80, 0.00, 31.80),
(2209, 66, 21, 77, 82, 0, 0, 0, 31.80, 0.00, 31.80),
(2210, 66, 12, 91, 87, 0, 0, 0, 35.60, 0.00, 35.60),
(2211, 66, 15, 91, 87, 0, 0, 0, 35.60, 0.00, 35.60),
(2212, 66, 14, 91, 87, 0, 0, 0, 35.60, 0.00, 35.60),
(2213, 66, 11, 83, 84, 94, 77, 86, 84.80, 90.00, 84.80),
(2214, 66, 10, 93, 88, 97, 89, 98, 93.00, 85.00, 93.00),
(2215, 66, 22, 84, 93, 86, 86, 84, 86.60, 74.80, 86.60),
(2216, 66, 13, 90, 87, 80, 86, 82, 85.00, 58.00, 85.00),
(2217, 66, 25, 85, 82, 90, 90, 95, 88.40, 93.00, 88.40),
(2234, 32, 3, 95, 92, 90, 88, 80, 89.00, 82.00, 89.00),
(2235, 32, 4, 80, 79, 82, 82, 88, 82.20, 86.00, 82.20),
(2236, 32, 5, 90, 87, 81, 80, 90, 85.60, 88.00, 85.60),
(2237, 32, 6, 82, 80, 83, 82, 91, 83.60, 96.00, 83.60),
(2239, 32, 7, 81, 82, 82, 76, 82, 80.60, 74.00, 80.60),
(2240, 32, 9, 81, 77, 78, 97, 84, 83.40, 82.00, 83.40),
(2241, 32, 8, 82, 80, 81, 78, 84, 81.00, 82.00, 81.00),
(2242, 32, 19, 80, 73, 0, 0, 0, 30.60, 0.00, 30.60),
(2243, 32, 20, 80, 73, 0, 0, 0, 30.60, 0.00, 30.60),
(2244, 32, 21, 80, 73, 0, 0, 0, 30.60, 0.00, 30.60),
(2245, 32, 12, 89, 80, 0, 0, 0, 33.80, 0.00, 33.80),
(2246, 32, 15, 89, 80, 0, 0, 0, 33.80, 0.00, 33.80),
(2247, 32, 14, 89, 80, 0, 0, 0, 33.80, 0.00, 33.80),
(2248, 32, 11, 82, 63, 75, 80, 86, 77.20, 96.00, 77.20),
(2249, 32, 10, 87, 79, 85, 81, 97, 85.80, 81.00, 85.80),
(2250, 32, 22, 88, 85, 84, 85, 82, 84.80, 69.70, 84.80),
(2251, 32, 13, 89, 84, 75, 74, 80, 80.40, 66.00, 80.40),
(2252, 32, 25, 77, 73, 80, 90, 87, 81.40, 87.00, 81.40),
(2253, 32, 37, 90, 76, 0, 0, 0, 33.20, 0.00, 33.20),
(2295, 66, 30, 0, 0, 90, 89, 85, 52.80, 90.00, 52.80),
(2296, 66, 31, 0, 0, 89, 89, 82, 52.00, 85.00, 52.00),
(2297, 66, 32, 0, 0, 92, 88, 96, 55.20, 98.00, 55.20),
(2300, 66, 33, 0, 0, 90, 89, 88, 53.40, 83.00, 53.40),
(2301, 66, 35, 0, 0, 89, 84, 0, 34.60, 0.00, 34.60),
(2303, 32, 26, 0, 0, 82, 86, 81, 49.80, 77.00, 49.80),
(2304, 32, 27, 0, 0, 85, 83, 88, 51.20, 73.00, 51.20),
(2305, 32, 28, 0, 0, 81, 82, 84, 49.40, 81.00, 49.40),
(2306, 32, 29, 0, 0, 94, 85, 86, 53.00, 0.00, 53.00),
(2307, 32, 35, 0, 0, 85, 76, 0, 32.20, 0.00, 32.20),
(2308, 32, 36, 0, 0, 90, 86, 0, 35.20, 0.00, 35.20),
(2372, 66, 34, 0, 0, 0, 0, 86, 17.20, 0.00, 17.20),
(2377, 32, 34, 0, 0, 0, 0, 78, 15.60, 0.00, 15.60),
(2379, 54, 3, 94, 90, 94, 90, 84, 90.40, 93.00, 90.40),
(2384, 54, 4, 86, 86, 85, 87, 86, 86.00, 90.00, 86.00),
(2389, 54, 5, 83, 91, 91, 90, 92, 89.40, 88.00, 89.40),
(2393, 54, 6, 84, 86, 82, 83, 97, 86.40, 96.00, 86.40),
(2398, 54, 7, 83, 81, 90, 81, 84, 83.80, 83.00, 83.80),
(2404, 54, 9, 86, 83, 82, 94, 92, 87.40, 87.00, 87.40),
(2410, 54, 8, 88, 79, 82, 84, 88, 84.20, 90.00, 84.20),
(2415, 54, 19, 86, 81, 0, 0, 0, 33.40, 0.00, 33.40),
(2416, 54, 20, 86, 81, 0, 0, 0, 33.40, 0.00, 33.40),
(2417, 54, 21, 86, 81, 0, 0, 0, 33.40, 0.00, 33.40),
(2421, 54, 12, 83, 89, 0, 0, 0, 34.40, 0.00, 34.40),
(2422, 54, 15, 83, 89, 0, 0, 0, 34.40, 0.00, 34.40),
(2423, 54, 14, 83, 89, 0, 0, 0, 34.40, 0.00, 34.40),
(2427, 54, 11, 79, 84, 81, 88, 89, 84.20, 96.00, 84.20),
(2432, 54, 10, 88, 87, 85, 96, 98, 90.80, 100.00, 90.80),
(2437, 54, 22, 79, 83, 81, 82, 82, 81.40, 75.10, 81.40),
(2442, 54, 13, 93, 89, 84, 83, 85, 86.80, 71.00, 86.80),
(2446, 54, 25, 87, 87, 85, 85, 94, 87.60, 90.00, 87.60),
(2454, 25, 20, 79, 77, 0, 0, 0, 31.20, 0.00, 31.20),
(2455, 25, 21, 79, 77, 0, 0, 0, 31.20, 0.00, 31.20),
(2456, 25, 12, 85, 84, 0, 0, 0, 33.80, 0.00, 33.80),
(2457, 25, 15, 85, 84, 0, 0, 0, 33.80, 0.00, 33.80),
(2458, 25, 14, 85, 84, 0, 0, 0, 33.80, 0.00, 33.80),
(2467, 54, 26, 0, 0, 87, 87, 90, 52.80, 92.00, 52.80),
(2471, 54, 27, 0, 0, 90, 87, 92, 53.80, 90.00, 53.80),
(2480, 54, 28, 0, 0, 88, 83, 89, 52.00, 84.00, 52.00),
(2484, 54, 29, 0, 0, 87, 95, 90, 54.40, 0.00, 54.40),
(2516, 25, 1, 0, 0, 86, 84, 85, 51.00, 81.00, 51.00),
(2517, 25, 2, 0, 0, 82, 83, 81, 49.20, 86.00, 49.20),
(2518, 25, 23, 0, 0, 80, 83, 82, 49.00, 83.00, 49.00),
(2519, 25, 24, 0, 0, 82, 82, 82, 49.20, 62.00, 49.20),
(2522, 54, 37, 92, 75, 0, 0, 0, 33.40, 0.00, 33.40),
(2523, 25, 35, 0, 0, 87, 83, 0, 34.00, 0.00, 34.00),
(2524, 25, 36, 0, 0, 98, 89, 0, 37.40, 0.00, 37.40),
(2526, 54, 35, 0, 0, 88, 85, 0, 34.60, 0.00, 34.60),
(2538, 54, 34, 0, 0, 0, 0, 86, 17.20, 0.00, 17.20),
(2567, 25, 34, 0, 0, 0, 0, 82, 16.40, 0.00, 16.40),
(2568, 36, 3, 94, 95, 95, 87, 81, 90.40, 80.00, 90.40),
(2569, 36, 4, 89, 84, 82, 89, 88, 86.40, 89.00, 86.40),
(2570, 36, 5, 84, 83, 89, 85, 95, 87.20, 88.00, 87.20),
(2571, 36, 6, 82, 88, 84, 81, 97, 86.40, 96.00, 86.40),
(2572, 36, 7, 92, 86, 88, 78, 82, 85.20, 77.00, 85.20),
(2573, 36, 9, 77, 83, 80, 97, 86, 84.60, 81.00, 84.60),
(2574, 36, 8, 84, 77, 79, 80, 85, 81.00, 77.00, 81.00),
(2575, 36, 19, 78, 78, 0, 0, 0, 31.20, 0.00, 31.20),
(2576, 36, 20, 78, 78, 0, 0, 0, 31.20, 0.00, 31.20),
(2577, 36, 21, 78, 78, 0, 0, 0, 31.20, 0.00, 31.20),
(2580, 36, 12, 86, 86, 0, 0, 0, 34.40, 0.00, 34.40),
(2581, 36, 15, 86, 86, 0, 0, 0, 34.40, 0.00, 34.40),
(2582, 36, 14, 86, 86, 0, 0, 0, 34.40, 0.00, 34.40),
(2583, 36, 11, 87, 85, 76, 91, 88, 85.40, 96.00, 85.40),
(2584, 36, 10, 88, 82, 87, 94, 98, 89.80, 85.00, 89.80),
(2585, 36, 22, 88, 87, 80, 79, 81, 83.00, 72.40, 83.00),
(2586, 36, 25, 87, 79, 85, 91, 90, 86.40, 93.00, 86.40),
(2587, 36, 13, 92, 93, 81, 77, 84, 85.40, 46.00, 85.40),
(2593, 13, 19, 90, 90, 0, 0, 0, 36.00, 0.00, 36.00),
(2594, 13, 20, 90, 90, 0, 0, 0, 36.00, 0.00, 36.00),
(2595, 13, 21, 90, 90, 0, 0, 0, 36.00, 0.00, 36.00),
(2596, 13, 12, 83, 83, 0, 0, 0, 33.20, 0.00, 33.20),
(2597, 13, 15, 83, 83, 0, 0, 0, 33.20, 0.00, 33.20),
(2598, 13, 14, 83, 83, 0, 0, 0, 33.20, 0.00, 33.20),
(2599, 13, 3, 81, 74, 74, 77, 78, 76.80, 52.00, 76.80),
(2600, 13, 4, 77, 76, 80, 73, 82, 77.60, 83.00, 77.60),
(2601, 13, 5, 73, 74, 78, 77, 82, 76.80, 52.00, 76.80),
(2602, 13, 6, 73, 82, 77, 77, 82, 78.20, 79.00, 78.20),
(2603, 13, 7, 84, 73, 78, 73, 80, 77.60, 52.00, 77.60),
(2604, 13, 8, 79, 71, 76, 81, 79, 77.20, 57.00, 77.20),
(2605, 13, 9, 81, 74, 73, 76, 81, 77.00, 24.00, 77.00),
(2606, 13, 11, 71, 74, 72, 69, 92, 75.60, 86.00, 75.60),
(2607, 13, 10, 80, 78, 77, 82, 86, 80.60, 81.00, 80.60),
(2608, 13, 22, 72, 73, 77, 77, 83, 76.40, 86.00, 76.40),
(2609, 13, 25, 74, 72, 80, 80, 82, 77.60, 54.00, 77.60),
(2610, 13, 13, 72, 83, 69, 80, 79, 76.60, 45.00, 76.60),
(2611, 13, 37, 84, 76, 0, 0, 0, 32.00, 0.00, 32.00),
(2642, 13, 1, 0, 0, 78, 70, 81, 45.80, 73.00, 45.80),
(2645, 13, 2, 0, 0, 79, 77, 81, 47.40, 86.00, 47.40),
(2646, 13, 23, 0, 0, 76, 77, 80, 46.60, 77.00, 46.60),
(2647, 13, 24, 0, 0, 75, 78, 80, 46.60, 47.00, 46.60),
(2648, 13, 35, 0, 0, 78, 79, 0, 31.40, 0.00, 31.40),
(2649, 13, 36, 0, 0, 60, 73, 0, 26.60, 0.00, 26.60),
(2698, 13, 34, 0, 0, 0, 0, 72, 14.40, 0.00, 14.40),
(2706, 38, 26, 0, 0, 74, 80, 85, 47.80, 73.00, 47.80),
(2707, 38, 27, 0, 0, 75, 79, 86, 48.00, 81.00, 48.00),
(2711, 38, 28, 0, 0, 78, 82, 80, 48.00, 77.00, 48.00),
(2717, 38, 29, 0, 0, 85, 83, 92, 52.00, 0.00, 52.00),
(2735, 38, 35, 0, 0, 82, 76, 0, 31.60, 0.00, 31.60),
(2737, 38, 36, 0, 0, 75, 81, 0, 31.20, 0.00, 31.20),
(2754, 38, 34, 0, 0, 0, 0, 72, 14.40, 0.00, 14.40),
(2763, 15, 3, 94, 88, 85, 0, 88, 71.00, 84.00, 71.00),
(2764, 15, 4, 85, 84, 78, 0, 83, 66.00, 80.00, 66.00),
(2765, 15, 5, 81, 84, 90, 75, 79, 81.80, 79.00, 81.80),
(2766, 15, 6, 85, 80, 81, 79, 81, 81.20, 94.00, 81.20),
(2767, 15, 7, 89, 81, 90, 79, 79, 83.60, 79.00, 83.60),
(2768, 15, 9, 82, 81, 76, 82, 88, 81.80, 70.00, 81.80),
(2770, 15, 8, 82, 80, 80, 86, 85, 82.60, 87.00, 82.60),
(2772, 15, 19, 79, 80, 0, 0, 0, 31.80, 0.00, 31.80),
(2773, 15, 20, 79, 80, 0, 0, 0, 31.80, 0.00, 31.80),
(2774, 15, 21, 79, 80, 0, 0, 0, 31.80, 0.00, 31.80),
(2775, 15, 11, 86, 79, 79, 84, 83, 82.20, 86.00, 82.20),
(2776, 15, 10, 77, 79, 82, 98, 94, 86.00, 85.00, 86.00),
(2777, 15, 22, 91, 86, 80, 83, 80, 84.00, 86.00, 84.00),
(2778, 15, 13, 0, 84, 81, 71, 81, 63.40, 76.00, 63.40),
(2779, 15, 25, 80, 82, 78, 83, 87, 82.00, 85.00, 82.00),
(2792, 15, 1, 0, 0, 86, 79, 84, 49.80, 77.00, 49.80),
(2793, 15, 2, 0, 0, 86, 80, 77, 48.60, 86.00, 48.60),
(2794, 15, 23, 0, 0, 84, 83, 80, 49.40, 74.00, 49.40),
(2795, 15, 24, 0, 0, 80, 79, 80, 47.80, 87.00, 47.80),
(2821, 15, 12, 83, 88, 0, 0, 0, 34.20, 0.00, 34.20),
(2822, 15, 15, 83, 88, 0, 0, 0, 34.20, 0.00, 34.20),
(2823, 15, 14, 83, 88, 0, 0, 0, 34.20, 0.00, 34.20),
(2846, 15, 37, 88, 70, 0, 0, 0, 31.60, 0.00, 31.60),
(2864, 15, 35, 0, 0, 83, 89, 0, 34.40, 0.00, 34.40),
(2880, 36, 37, 92, 86, 0, 0, 0, 35.60, 0.00, 35.60),
(2894, 36, 26, 0, 0, 84, 89, 87, 52.00, 73.00, 52.00),
(2895, 36, 27, 0, 0, 88, 87, 90, 53.00, 74.00, 53.00),
(2896, 36, 28, 0, 0, 85, 84, 81, 50.00, 85.00, 50.00),
(2897, 36, 29, 0, 0, 87, 93, 90, 54.00, 0.00, 54.00),
(2898, 36, 35, 0, 0, 78, 86, 0, 32.80, 0.00, 32.80),
(2899, 36, 36, 0, 0, 86, 94, 0, 36.00, 0.00, 36.00),
(2947, 36, 34, 0, 0, 0, 0, 82, 16.40, 0.00, 16.40),
(2950, 56, 19, 79, 78, 0, 0, 0, 31.40, 0.00, 31.40),
(2951, 56, 20, 79, 78, 0, 0, 0, 31.40, 0.00, 31.40),
(2952, 56, 21, 79, 78, 0, 0, 0, 31.40, 0.00, 31.40),
(2953, 56, 12, 81, 82, 0, 0, 0, 32.60, 0.00, 32.60),
(2954, 56, 15, 81, 82, 0, 0, 0, 32.60, 0.00, 32.60),
(2955, 56, 14, 81, 82, 0, 0, 0, 32.60, 0.00, 32.60),
(2956, 56, 11, 82, 78, 73, 94, 86, 82.60, 90.00, 82.60),
(2957, 56, 10, 86, 78, 83, 96, 96, 87.80, 83.00, 87.80),
(2958, 56, 22, 89, 85, 80, 82, 84, 84.00, 72.40, 84.00),
(2959, 56, 37, 92, 70, 0, 0, 0, 32.40, 0.00, 32.40),
(2960, 56, 25, 82, 77, 80, 85, 86, 82.00, 85.00, 82.00),
(2961, 56, 13, 81, 87, 67, 78, 79, 78.40, 60.00, 78.40),
(2993, 56, 26, 0, 0, 83, 83, 84, 50.00, 72.00, 50.00),
(2994, 56, 27, 0, 0, 83, 85, 86, 50.80, 79.00, 50.80),
(2995, 56, 28, 0, 0, 81, 83, 83, 49.40, 85.00, 49.40),
(2996, 56, 29, 0, 0, 87, 92, 92, 54.20, 0.00, 54.20),
(2997, 56, 35, 0, 0, 73, 76, 0, 29.80, 0.00, 29.80),
(2998, 56, 36, 0, 0, 90, 87, 0, 35.40, 0.00, 35.40),
(3033, 56, 34, 0, 0, 0, 0, 80, 16.00, 0.00, 16.00),
(3034, 4, 3, 90, 90, 90, 54, 0, 64.80, 32.00, 64.80),
(3035, 4, 4, 85, 91, 84, 74, 0, 66.80, 84.00, 66.80),
(3036, 4, 5, 83, 78, 73, 75, 0, 61.80, 67.00, 61.80),
(3037, 4, 6, 78, 82, 82, 81, 0, 64.60, 77.00, 64.60),
(3038, 4, 7, 84, 75, 75, 71, 0, 61.00, 64.00, 61.00),
(3039, 4, 9, 75, 86, 74, 80, 0, 63.00, 70.00, 63.00),
(3040, 4, 8, 79, 77, 56, 60, 0, 54.40, 77.00, 54.40),
(3041, 4, 19, 80, 80, 0, 0, 0, 32.00, 0.00, 32.00),
(3042, 4, 20, 80, 80, 0, 0, 0, 32.00, 0.00, 32.00),
(3043, 4, 21, 80, 80, 0, 0, 0, 32.00, 0.00, 32.00),
(3044, 4, 12, 80, 80, 0, 0, 0, 32.00, 0.00, 32.00),
(3045, 4, 15, 80, 80, 0, 0, 0, 32.00, 0.00, 32.00),
(3046, 4, 14, 80, 80, 0, 0, 0, 32.00, 0.00, 32.00),
(3047, 4, 11, 85, 88, 74, 67, 0, 62.80, 86.00, 62.80),
(3048, 4, 10, 80, 93, 90, 90, 0, 70.60, 83.00, 70.60),
(3049, 4, 22, 93, 84, 83, 84, 0, 68.80, 86.00, 68.80),
(3050, 4, 13, 80, 89, 72, 68, 0, 61.80, 67.00, 61.80),
(3051, 4, 25, 80, 77, 90, 80, 0, 65.40, 78.00, 65.40),
(3052, 4, 37, 93, 73, 0, 0, 0, 33.20, 0.00, 33.20),
(3085, 4, 1, 0, 0, 85, 79, 0, 32.80, 72.00, 32.80),
(3086, 4, 2, 0, 0, 82, 80, 0, 32.40, 86.00, 32.40),
(3087, 4, 23, 0, 0, 81, 79, 0, 32.00, 79.00, 32.00),
(3089, 4, 24, 0, 0, 79, 75, 0, 30.80, 77.00, 30.80),
(3090, 4, 35, 0, 0, 74, 79, 0, 30.60, 0.00, 30.60),
(3109, 49, 3, 94, 91, 85, 89, 77, 87.20, 86.00, 87.20),
(3110, 49, 4, 84, 83, 80, 82, 87, 83.20, 94.00, 83.20),
(3111, 49, 5, 77, 85, 84, 82, 88, 83.20, 78.00, 83.20),
(3112, 49, 6, 88, 83, 81, 81, 92, 85.00, 81.00, 85.00),
(3113, 49, 7, 85, 78, 80, 79, 81, 80.60, 71.00, 80.60),
(3114, 49, 9, 88, 83, 82, 90, 84, 85.40, 84.00, 85.40),
(3115, 49, 8, 84, 76, 80, 86, 77, 80.60, 71.00, 80.60),
(3116, 49, 19, 82, 79, 0, 0, 0, 32.20, 0.00, 32.20),
(3117, 49, 20, 82, 79, 0, 0, 0, 32.20, 0.00, 32.20),
(3118, 49, 21, 82, 79, 0, 0, 0, 32.20, 0.00, 32.20),
(3119, 49, 12, 81, 84, 0, 0, 0, 33.00, 0.00, 33.00),
(3120, 49, 15, 81, 84, 0, 0, 0, 33.00, 0.00, 33.00),
(3121, 49, 14, 81, 84, 0, 0, 0, 33.00, 0.00, 33.00),
(3122, 49, 11, 88, 76, 75, 79, 89, 81.40, 94.00, 81.40),
(3123, 49, 10, 75, 93, 73, 93, 92, 85.20, 85.00, 85.20),
(3124, 49, 22, 85, 83, 81, 82, 84, 83.00, 71.50, 83.00),
(3125, 49, 13, 88, 88, 68, 78, 81, 80.60, 71.00, 80.60),
(3126, 49, 25, 82, 76, 90, 90, 90, 85.60, 80.00, 85.60),
(3127, 49, 37, 91, 70, 0, 0, 0, 32.20, 0.00, 32.20),
(3158, 49, 26, 0, 0, 87, 88, 88, 52.60, 78.00, 52.60),
(3159, 49, 27, 0, 0, 85, 84, 90, 51.80, 82.00, 51.80),
(3160, 49, 28, 0, 0, 83, 82, 80, 49.00, 88.00, 49.00),
(3161, 49, 29, 0, 0, 84, 86, 94, 52.80, 0.00, 52.80),
(3163, 49, 35, 0, 0, 85, 82, 0, 33.40, 0.00, 33.40),
(3182, 49, 36, 0, 0, 72, 84, 0, 31.20, 0.00, 31.20),
(3200, 49, 34, 0, 0, 0, 0, 82, 16.40, 0.00, 16.40),
(3207, 69, 4, 85, 83, 84, 83, 89, 84.80, 90.00, 84.80),
(3208, 69, 5, 74, 87, 80, 82, 87, 82.00, 85.00, 82.00),
(3209, 69, 6, 78, 82, 78, 82, 84, 80.80, 81.00, 80.80),
(3210, 69, 7, 79, 73, 84, 79, 82, 79.40, 75.00, 79.40),
(3211, 69, 9, 85, 81, 84, 93, 82, 85.00, 62.00, 85.00),
(3212, 69, 8, 84, 87, 83, 83, 80, 83.40, 79.00, 83.40),
(3213, 69, 19, 84, 81, 0, 0, 0, 33.00, 0.00, 33.00),
(3214, 69, 20, 84, 81, 0, 0, 0, 33.00, 0.00, 33.00),
(3215, 69, 21, 84, 81, 0, 0, 0, 33.00, 0.00, 33.00),
(3216, 69, 12, 79, 83, 0, 0, 0, 32.40, 0.00, 32.40),
(3217, 69, 15, 79, 83, 0, 0, 0, 32.40, 0.00, 32.40),
(3218, 69, 14, 79, 83, 0, 0, 0, 32.40, 0.00, 32.40),
(3219, 69, 11, 75, 74, 76, 90, 84, 79.80, 87.00, 79.80),
(3220, 69, 10, 78, 81, 87, 90, 90, 85.20, 76.00, 85.20),
(3221, 69, 22, 77, 79, 80, 83, 80, 79.80, 71.80, 79.80),
(3222, 69, 13, 79, 87, 75, 79, 79, 79.80, 44.00, 79.80),
(3224, 69, 25, 80, 76, 80, 81, 85, 80.40, 71.00, 80.40),
(3225, 69, 37, 84, 70, 0, 0, 0, 30.80, 0.00, 30.80),
(3257, 69, 30, 0, 0, 87, 85, 80, 50.40, 78.00, 50.40),
(3258, 69, 31, 0, 0, 79, 86, 80, 49.00, 80.00, 49.00),
(3259, 69, 32, 0, 0, 86, 94, 91, 54.20, 79.00, 54.20),
(3260, 69, 33, 0, 0, 60, 75, 83, 43.60, 83.00, 43.60),
(3261, 69, 35, 0, 0, 73, 80, 0, 30.60, 0.00, 30.60),
(3295, 69, 34, 0, 0, 0, 0, 84, 16.80, 0.00, 16.80),
(3296, 26, 3, 82, 82, 82, 86, 78, 82.00, 78.00, 82.00),
(3297, 26, 4, 80, 78, 85, 75, 85, 80.60, 88.00, 80.60),
(3298, 26, 5, 74, 75, 87, 78, 82, 79.20, 86.00, 79.20),
(3299, 26, 6, 73, 81, 79, 78, 96, 81.40, 79.00, 81.40),
(3300, 26, 7, 70, 73, 79, 78, 83, 76.60, 75.00, 76.60),
(3301, 26, 9, 66, 76, 83, 92, 80, 79.40, 79.00, 79.40),
(3302, 26, 8, 71, 74, 80, 82, 80, 77.40, 86.00, 77.40),
(3304, 26, 19, 78, 73, 0, 0, 0, 30.20, 0.00, 30.20),
(3305, 26, 20, 78, 73, 0, 0, 0, 30.20, 0.00, 30.20),
(3306, 26, 21, 78, 73, 0, 0, 0, 30.20, 0.00, 30.20),
(3307, 26, 12, 77, 79, 0, 0, 0, 31.20, 0.00, 31.20),
(3308, 26, 15, 77, 79, 0, 0, 0, 31.20, 0.00, 31.20),
(3309, 26, 14, 77, 79, 0, 0, 0, 31.20, 0.00, 31.20),
(3310, 26, 11, 70, 80, 73, 77, 91, 78.20, 86.00, 78.20),
(3311, 26, 10, 75, 93, 88, 87, 93, 87.20, 79.00, 87.20),
(3312, 26, 22, 77, 81, 85, 81, 83, 81.40, 86.00, 81.40),
(3313, 26, 13, 77, 91, 76, 75, 79, 79.60, 69.00, 79.60),
(3314, 26, 25, 73, 77, 90, 90, 90, 84.00, 84.00, 84.00),
(3315, 26, 37, 84, 70, 0, 0, 0, 30.80, 0.00, 30.80),
(3347, 26, 1, 0, 0, 86, 84, 85, 51.00, 80.00, 51.00),
(3348, 26, 2, 0, 0, 82, 86, 81, 49.80, 86.00, 49.80),
(3349, 26, 23, 0, 0, 81, 85, 82, 49.60, 83.00, 49.60),
(3350, 26, 24, 0, 0, 82, 82, 82, 49.20, 75.00, 49.20),
(3351, 26, 35, 0, 0, 78, 91, 0, 33.80, 0.00, 33.80),
(3385, 26, 34, 0, 0, 0, 0, 84, 16.80, 0.00, 16.80),
(3387, 69, 36, 0, 0, 74, 76, 0, 30.00, 52.00, 30.00),
(3392, 17, 3, 93, 96, 96, 91, 83, 91.80, 83.00, 91.80),
(3393, 17, 4, 84, 82, 85, 88, 89, 85.60, 85.00, 85.60),
(3394, 17, 5, 87, 90, 91, 84, 87, 87.80, 74.00, 87.80),
(3395, 17, 6, 85, 80, 79, 84, 97, 85.00, 96.00, 85.00),
(3396, 17, 7, 89, 90, 85, 76, 82, 84.40, 75.00, 84.40),
(3397, 17, 9, 91, 88, 89, 92, 92, 90.40, 71.00, 90.40),
(3398, 17, 8, 82, 76, 80, 87, 85, 82.00, 91.00, 82.00),
(3399, 17, 19, 88, 85, 0, 0, 0, 34.60, 0.00, 34.60),
(3400, 17, 20, 88, 85, 0, 0, 0, 34.60, 0.00, 34.60),
(3401, 17, 21, 88, 85, 0, 0, 0, 34.60, 0.00, 34.60),
(3402, 17, 12, 86, 91, 0, 0, 0, 35.40, 0.00, 35.40),
(3403, 17, 15, 86, 91, 0, 0, 0, 35.40, 0.00, 35.40),
(3404, 17, 14, 86, 91, 0, 0, 0, 35.40, 0.00, 35.40),
(3405, 17, 11, 95, 89, 79, 90, 92, 89.00, 86.00, 89.00),
(3406, 17, 10, 90, 95, 90, 93, 98, 93.20, 96.00, 93.20),
(3407, 17, 22, 92, 82, 81, 84, 81, 84.00, 86.00, 84.00),
(3408, 17, 25, 82, 84, 90, 90, 91, 87.40, 87.00, 87.40),
(3409, 17, 37, 93, 93, 0, 0, 0, 37.20, 0.00, 37.20),
(3410, 17, 13, 86, 91, 78, 76, 80, 82.20, 66.00, 82.20),
(3442, 17, 1, 0, 0, 89, 89, 85, 52.60, 85.00, 52.60),
(3443, 17, 2, 0, 0, 91, 89, 89, 53.80, 86.00, 53.80),
(3444, 17, 23, 0, 0, 82, 81, 92, 51.00, 90.00, 51.00),
(3445, 17, 24, 0, 0, 84, 82, 84, 50.00, 66.00, 50.00),
(3446, 17, 35, 0, 0, 75, 89, 0, 32.80, 0.00, 32.80),
(3464, 17, 34, 0, 0, 0, 0, 81, 16.20, 0.00, 16.20),
(3481, 10, 3, 83, 85, 73, 75, 79, 79.00, 41.00, 79.00),
(3482, 10, 4, 79, 77, 76, 75, 83, 78.00, 54.00, 78.00),
(3483, 10, 5, 73, 73, 73, 77, 77, 74.60, 27.00, 74.60),
(3484, 10, 6, 78, 81, 78, 82, 78, 79.40, 55.00, 79.40),
(3485, 10, 7, 79, 74, 77, 69, 78, 75.40, 26.00, 75.40),
(3486, 10, 9, 75, 76, 73, 81, 77, 76.40, 35.00, 76.40),
(3487, 10, 8, 75, 74, 59, 63, 77, 69.60, 49.00, 69.60),
(3488, 10, 19, 76, 73, 0, 0, 0, 29.80, 0.00, 29.80),
(3489, 10, 20, 76, 73, 0, 0, 0, 29.80, 0.00, 29.80),
(3490, 10, 21, 76, 73, 0, 0, 0, 29.80, 0.00, 29.80),
(3491, 10, 12, 72, 77, 0, 0, 0, 29.80, 0.00, 29.80),
(3492, 10, 15, 72, 77, 0, 0, 0, 29.80, 0.00, 29.80),
(3493, 10, 14, 72, 77, 0, 0, 0, 29.80, 0.00, 29.80),
(3494, 10, 11, 70, 73, 72, 69, 66, 70.00, 86.00, 70.00),
(3495, 10, 10, 78, 78, 81, 85, 87, 81.80, 71.00, 81.80),
(3496, 10, 22, 80, 84, 82, 85, 79, 82.00, 86.00, 82.00),
(3497, 10, 13, 80, 80, 67, 72, 77, 75.20, 53.00, 75.20),
(3498, 10, 25, 73, 73, 80, 81, 82, 77.80, 50.00, 77.80),
(3499, 10, 36, 0, 0, 84, 87, 0, 34.20, 0.00, 34.20),
(3500, 10, 37, 75, 70, 0, 0, 0, 29.00, 0.00, 29.00),
(3519, 10, 35, 0, 0, 70, 80, 0, 30.00, 0.00, 30.00),
(3535, 10, 1, 0, 0, 79, 76, 77, 46.40, 48.00, 46.40),
(3536, 10, 2, 0, 0, 81, 79, 79, 47.80, 86.00, 47.80),
(3537, 10, 23, 0, 0, 73, 76, 77, 45.20, 46.00, 45.20),
(3538, 10, 24, 0, 0, 84, 80, 71, 47.00, 47.00, 47.00),
(3557, 19, 3, 93, 92, 95, 90, 86, 91.20, 90.00, 91.20),
(3558, 19, 4, 85, 83, 88, 90, 86, 86.40, 89.00, 86.40),
(3559, 19, 5, 87, 86, 90, 85, 89, 87.40, 80.00, 87.40),
(3560, 19, 6, 81, 88, 79, 82, 94, 84.80, 83.00, 84.80),
(3561, 19, 7, 88, 81, 87, 80, 80, 83.20, 81.00, 83.20),
(3562, 19, 9, 78, 85, 84, 96, 86, 85.80, 72.00, 85.80),
(3563, 19, 8, 80, 81, 82, 83, 83, 81.80, 79.00, 81.80),
(3564, 19, 19, 83, 83, 0, 0, 0, 33.20, 0.00, 33.20),
(3565, 19, 20, 83, 83, 0, 0, 0, 33.20, 0.00, 33.20),
(3566, 19, 21, 83, 83, 0, 0, 0, 33.20, 0.00, 33.20),
(3567, 19, 12, 87, 88, 0, 0, 0, 35.00, 0.00, 35.00),
(3568, 19, 15, 87, 88, 0, 0, 0, 35.00, 0.00, 35.00),
(3569, 19, 14, 87, 88, 0, 0, 0, 35.00, 0.00, 35.00),
(3570, 19, 11, 85, 83, 81, 84, 92, 85.00, 86.00, 85.00),
(3571, 19, 10, 86, 95, 94, 98, 94, 93.40, 83.00, 93.40),
(3572, 19, 22, 87, 83, 80, 83, 83, 83.20, 86.00, 83.20),
(3573, 19, 37, 93, 93, 0, 0, 0, 37.20, 0.00, 37.20),
(3590, 19, 25, 92, 81, 90, 90, 90, 88.60, 94.00, 88.60),
(3603, 19, 13, 87, 93, 82, 78, 85, 85.00, 80.00, 85.00),
(3605, 19, 1, 0, 0, 91, 91, 87, 53.80, 74.00, 53.80),
(3606, 19, 2, 0, 0, 91, 85, 82, 51.60, 86.00, 51.60),
(3607, 19, 23, 0, 0, 90, 85, 85, 52.00, 86.00, 52.00),
(3608, 19, 24, 0, 0, 84, 82, 82, 49.60, 87.00, 49.60),
(3609, 19, 35, 0, 0, 85, 90, 0, 35.00, 0.00, 35.00),
(3610, 19, 36, 0, 0, 94, 89, 0, 36.60, 0.00, 36.60),
(3645, 19, 34, 0, 0, 0, 0, 76, 15.20, 0.00, 15.20),
(3648, 16, 3, 87, 89, 92, 75, 77, 84.00, 61.00, 84.00),
(3649, 16, 4, 81, 78, 76, 79, 81, 79.00, 80.00, 79.00),
(3650, 16, 5, 73, 74, 82, 77, 76, 76.40, 73.00, 76.40),
(3651, 16, 6, 71, 80, 79, 82, 77, 77.80, 83.00, 77.80),
(3652, 16, 7, 79, 71, 76, 71, 78, 75.00, 74.00, 75.00);
INSERT INTO `nilai_ijazah` (`id_nilai`, `id_siswa`, `id_mapel`, `smt_1`, `smt_2`, `smt_3`, `smt_4`, `smt_5`, `rata_raport`, `ujian_madrasah`, `nilai_ijazah`) VALUES
(3658, 67, 3, 89, 78, 72, 93, 80, 82.40, 84.00, 82.40),
(3659, 67, 4, 85, 91, 75, 75, 82, 81.60, 79.00, 81.60),
(3660, 67, 5, 81, 79, 82, 81, 78, 80.20, 73.00, 80.20),
(3661, 67, 6, 90, 85, 79, 79, 90, 84.60, 81.00, 84.60),
(3662, 67, 7, 82, 74, 79, 71, 78, 76.80, 72.00, 76.80),
(3663, 67, 9, 74, 80, 75, 89, 81, 79.80, 70.00, 79.80),
(3664, 67, 8, 82, 81, 51, 77, 78, 73.80, 68.00, 73.80),
(3665, 67, 19, 80, 72, 0, 0, 0, 30.40, 0.00, 30.40),
(3666, 67, 20, 80, 72, 0, 0, 0, 30.40, 0.00, 30.40),
(3667, 67, 21, 80, 72, 0, 0, 0, 30.40, 0.00, 30.40),
(3668, 67, 12, 81, 80, 0, 0, 0, 32.20, 0.00, 32.20),
(3669, 67, 15, 81, 80, 0, 0, 0, 32.20, 0.00, 32.20),
(3670, 67, 14, 81, 80, 0, 0, 0, 32.20, 0.00, 32.20),
(3671, 67, 11, 71, 74, 70, 72, 77, 72.80, 78.00, 72.80),
(3672, 67, 10, 80, 80, 77, 79, 91, 81.40, 85.00, 81.40),
(3673, 67, 22, 90, 83, 80, 79, 79, 82.20, 73.00, 82.20),
(3674, 67, 13, 81, 83, 72, 69, 78, 76.60, 57.00, 76.60),
(3675, 67, 25, 80, 73, 90, 90, 85, 83.60, 76.00, 83.60),
(3676, 67, 37, 91, 87, 0, 0, 0, 35.60, 0.00, 35.60),
(3709, 67, 30, 0, 0, 88, 84, 78, 50.00, 84.00, 50.00),
(3710, 67, 31, 0, 0, 83, 85, 82, 50.00, 77.00, 50.00),
(3711, 67, 32, 0, 0, 85, 87, 97, 53.80, 83.00, 53.80),
(3712, 67, 33, 0, 0, 75, 79, 84, 47.60, 79.00, 47.60),
(3713, 67, 35, 0, 0, 73, 85, 0, 31.60, 0.00, 31.60),
(3714, 67, 36, 0, 0, 72, 75, 0, 29.40, 57.00, 29.40),
(3749, 67, 34, 0, 0, 0, 0, 70, 14.00, 0.00, 14.00),
(3750, 77, 3, 87, 86, 71, 93, 86, 84.60, 84.00, 84.60),
(3751, 77, 4, 81, 80, 74, 80, 85, 80.00, 89.00, 80.00),
(3752, 77, 5, 74, 74, 79, 82, 77, 77.20, 75.00, 77.20),
(3753, 77, 6, 76, 79, 78, 79, 87, 79.80, 81.00, 79.80),
(3754, 77, 7, 81, 76, 76, 98, 78, 81.80, 75.00, 81.80),
(3755, 77, 9, 75, 67, 77, 94, 75, 77.60, 72.00, 77.60),
(3756, 77, 8, 75, 76, 78, 83, 79, 78.20, 80.00, 78.20),
(3757, 77, 19, 79, 74, 0, 0, 0, 30.60, 0.00, 30.60),
(3758, 77, 20, 79, 74, 0, 0, 0, 30.60, 0.00, 30.60),
(3759, 77, 21, 79, 74, 0, 0, 0, 30.60, 0.00, 30.60),
(3760, 77, 12, 80, 82, 0, 0, 0, 32.40, 0.00, 32.40),
(3761, 77, 15, 80, 82, 0, 0, 0, 32.40, 0.00, 32.40),
(3762, 77, 14, 80, 82, 0, 0, 0, 32.40, 0.00, 32.40),
(3763, 77, 11, 83, 74, 72, 73, 80, 76.40, 90.00, 76.40),
(3764, 77, 10, 80, 81, 62, 75, 88, 77.20, 83.00, 77.20),
(3765, 77, 22, 90, 82, 78, 82, 80, 82.40, 71.50, 82.40),
(3766, 77, 13, 77, 83, 70, 72, 79, 76.20, 62.00, 76.20),
(3767, 77, 25, 73, 75, 80, 90, 85, 80.60, 78.00, 80.60),
(3768, 77, 37, 84, 84, 0, 0, 0, 33.60, 0.00, 33.60),
(3781, 77, 30, 0, 0, 85, 88, 82, 51.00, 82.00, 51.00),
(3782, 77, 31, 0, 0, 76, 84, 83, 48.60, 82.00, 48.60),
(3784, 77, 32, 0, 0, 81, 87, 92, 52.00, 83.00, 52.00),
(3785, 77, 33, 0, 0, 62, 0, 86, 29.60, 83.00, 29.60),
(3786, 77, 35, 0, 0, 74, 79, 0, 30.60, 0.00, 30.60),
(3787, 77, 36, 0, 0, 81, 87, 0, 33.60, 81.00, 33.60),
(3821, 77, 34, 0, 0, 0, 0, 80, 16.00, 0.00, 16.00),
(3822, 74, 3, 86, 82, 82, 88, 78, 83.20, 84.00, 83.20),
(3823, 74, 4, 80, 77, 79, 83, 86, 81.00, 85.00, 81.00),
(3824, 74, 5, 75, 82, 73, 77, 83, 78.00, 71.00, 78.00),
(3825, 74, 6, 75, 81, 76, 80, 91, 80.60, 79.00, 80.60),
(3826, 74, 9, 73, 74, 73, 75, 80, 75.00, 66.00, 75.00),
(3827, 74, 7, 83, 75, 83, 77, 81, 79.80, 75.00, 79.80),
(3828, 74, 8, 75, 77, 75, 85, 79, 78.20, 71.00, 78.20),
(3829, 74, 20, 79, 74, 0, 0, 0, 30.60, 0.00, 30.60),
(3830, 74, 19, 79, 74, 0, 0, 0, 30.60, 0.00, 30.60),
(3831, 74, 21, 79, 74, 0, 0, 0, 30.60, 0.00, 30.60),
(3832, 74, 12, 74, 82, 0, 0, 0, 31.20, 0.00, 31.20),
(3833, 74, 15, 74, 82, 0, 0, 0, 31.20, 0.00, 31.20),
(3834, 74, 14, 74, 82, 0, 0, 0, 31.20, 0.00, 31.20),
(3835, 74, 11, 69, 74, 73, 73, 84, 74.60, 80.00, 74.60),
(3836, 74, 10, 81, 89, 77, 86, 90, 84.60, 55.00, 84.60),
(3837, 74, 22, 77, 81, 76, 80, 80, 78.80, 68.20, 78.80),
(3838, 74, 25, 77, 77, 79, 80, 90, 80.60, 78.00, 80.60),
(3839, 74, 37, 86, 70, 0, 0, 0, 31.20, 0.00, 31.20),
(3840, 74, 13, 74, 77, 79, 71, 79, 76.00, 52.00, 76.00),
(3872, 74, 30, 0, 0, 86, 85, 78, 49.80, 68.00, 49.80),
(3873, 74, 31, 0, 0, 77, 81, 80, 47.60, 74.00, 47.60),
(3874, 74, 32, 0, 0, 81, 90, 87, 51.60, 81.00, 51.60),
(3875, 74, 33, 0, 0, 68, 79, 84, 46.20, 81.00, 46.20),
(3876, 74, 35, 0, 0, 81, 88, 0, 33.80, 0.00, 33.80),
(3910, 74, 34, 0, 0, 0, 0, 87, 17.40, 0.00, 17.40),
(3911, 74, 36, 0, 0, 40, 79, 0, 23.80, 84.00, 23.80),
(3932, 10, 34, 0, 0, 0, 0, 70, 14.00, 0.00, 14.00),
(3933, 63, 3, 92, 85, 90, 91, 80, 87.60, 68.00, 87.60),
(3934, 63, 4, 81, 81, 78, 77, 86, 80.60, 72.00, 80.60),
(3935, 63, 5, 78, 76, 82, 80, 79, 79.00, 70.00, 79.00),
(3936, 63, 6, 88, 80, 77, 79, 79, 80.60, 96.00, 80.60),
(3953, 63, 7, 80, 81, 81, 72, 79, 78.60, 76.00, 78.60),
(3954, 63, 9, 85, 70, 86, 92, 83, 83.20, 66.00, 83.20),
(3955, 63, 8, 86, 72, 72, 83, 79, 78.40, 63.00, 78.40),
(3974, 63, 19, 82, 73, 0, 0, 0, 31.00, 0.00, 31.00),
(3975, 63, 20, 82, 73, 0, 0, 0, 31.00, 0.00, 31.00),
(3976, 63, 21, 82, 73, 0, 0, 0, 31.00, 0.00, 31.00),
(3980, 63, 12, 76, 81, 0, 0, 0, 31.40, 0.00, 31.40),
(3981, 63, 15, 76, 81, 0, 0, 0, 31.40, 0.00, 31.40),
(3982, 63, 14, 76, 81, 0, 0, 0, 31.40, 0.00, 31.40),
(3986, 63, 11, 81, 74, 72, 79, 85, 78.20, 78.00, 78.20),
(3987, 63, 10, 77, 89, 77, 89, 96, 85.60, 77.00, 85.60),
(3988, 63, 22, 82, 84, 80, 80, 83, 81.80, 61.40, 81.80),
(3989, 63, 13, 91, 87, 71, 73, 79, 80.20, 39.00, 80.20),
(3990, 63, 25, 73, 74, 80, 82, 86, 79.00, 78.00, 79.00),
(4011, 63, 30, 0, 0, 85, 80, 82, 49.40, 68.00, 49.40),
(4012, 63, 31, 0, 0, 84, 85, 82, 50.20, 66.00, 50.20),
(4013, 63, 32, 0, 0, 82, 93, 89, 52.80, 73.00, 52.80),
(4014, 63, 33, 0, 0, 75, 75, 82, 46.40, 69.00, 46.40),
(4024, 63, 34, 0, 0, 0, 0, 83, 16.60, 0.00, 16.60),
(4025, 63, 37, 91, 91, 0, 0, 0, 36.40, 0.00, 36.40),
(4027, 63, 35, 0, 0, 76, 87, 0, 32.60, 0.00, 32.60),
(4029, 30, 3, 86, 92, 91, 88, 80, 87.40, 86.00, 87.40),
(4030, 30, 4, 83, 80, 80, 83, 85, 82.20, 82.00, 82.20),
(4031, 30, 5, 84, 86, 83, 81, 85, 83.80, 80.00, 83.80),
(4032, 30, 6, 89, 81, 79, 82, 97, 85.60, 81.00, 85.60),
(4033, 30, 7, 85, 78, 82, 78, 81, 80.80, 76.00, 80.80),
(4034, 30, 9, 89, 77, 82, 96, 88, 86.40, 83.00, 86.40),
(4035, 30, 8, 82, 78, 85, 86, 81, 82.40, 88.00, 82.40),
(4036, 30, 19, 83, 76, 0, 0, 0, 31.80, 0.00, 31.80),
(4037, 30, 20, 83, 76, 0, 0, 0, 31.80, 0.00, 31.80),
(4038, 30, 21, 83, 76, 0, 0, 0, 31.80, 0.00, 31.80),
(4039, 30, 12, 85, 86, 0, 0, 0, 34.20, 0.00, 34.20),
(4040, 30, 15, 85, 86, 0, 0, 0, 34.20, 0.00, 34.20),
(4041, 30, 14, 85, 86, 0, 0, 0, 34.20, 0.00, 34.20),
(4042, 30, 11, 83, 81, 79, 89, 84, 83.20, 94.00, 83.20),
(4043, 30, 10, 87, 89, 84, 96, 91, 89.40, 85.00, 89.40),
(4044, 30, 22, 86, 82, 81, 81, 79, 81.80, 73.30, 81.80),
(4045, 30, 13, 85, 89, 83, 74, 85, 83.20, 67.00, 83.20),
(4046, 30, 25, 88, 79, 0, 92, 93, 70.40, 93.00, 70.40),
(4047, 30, 37, 91, 90, 0, 0, 0, 36.20, 0.00, 36.20),
(4074, 51, 3, 83, 89, 88, 81, 77, 83.60, 88.00, 83.60),
(4076, 51, 4, 81, 83, 77, 84, 84, 81.80, 88.00, 81.80),
(4077, 51, 5, 76, 84, 80, 82, 90, 82.40, 83.00, 82.40),
(4079, 51, 6, 73, 82, 79, 78, 93, 81.00, 79.00, 81.00),
(4080, 52, 3, 89, 85, 86, 91, 79, 86.00, 84.00, 86.00),
(4083, 51, 9, 83, 75, 80, 90, 89, 83.40, 86.00, 83.40),
(4084, 51, 8, 77, 71, 84, 83, 82, 79.40, 86.00, 79.40),
(4085, 51, 19, 77, 75, 0, 0, 0, 30.40, 0.00, 30.40),
(4086, 51, 20, 77, 75, 0, 0, 0, 30.40, 0.00, 30.40),
(4087, 51, 21, 77, 75, 0, 0, 0, 30.40, 0.00, 30.40),
(4088, 51, 12, 81, 84, 0, 0, 0, 33.00, 0.00, 33.00),
(4089, 51, 15, 81, 84, 0, 0, 0, 33.00, 0.00, 33.00),
(4090, 52, 4, 83, 85, 76, 81, 85, 82.00, 93.00, 82.00),
(4091, 51, 14, 81, 84, 0, 0, 0, 33.00, 0.00, 33.00),
(4092, 52, 5, 75, 86, 88, 77, 93, 83.80, 90.00, 83.80),
(4093, 51, 11, 75, 79, 76, 88, 87, 81.00, 92.00, 81.00),
(4094, 51, 10, 88, 83, 74, 93, 96, 86.80, 85.00, 86.80),
(4095, 51, 22, 80, 81, 78, 78, 80, 79.40, 68.20, 79.40),
(4096, 51, 13, 81, 85, 78, 74, 79, 79.40, 69.00, 79.40),
(4097, 51, 25, 80, 78, 80, 91, 92, 84.20, 89.00, 84.20),
(4098, 52, 6, 76, 81, 80, 84, 85, 81.20, 96.00, 81.20),
(4106, 52, 7, 83, 79, 81, 79, 81, 80.60, 78.00, 80.60),
(4108, 52, 9, 83, 79, 82, 94, 85, 84.60, 87.00, 84.60),
(4109, 30, 26, 0, 0, 89, 87, 88, 52.80, 83.00, 52.80),
(4110, 52, 8, 79, 76, 83, 83, 80, 80.20, 87.00, 80.20),
(4111, 30, 27, 0, 0, 87, 89, 90, 53.20, 77.00, 53.20),
(4112, 51, 7, 84, 81, 80, 78, 82, 81.00, 82.00, 81.00),
(4113, 30, 28, 0, 0, 84, 82, 80, 49.20, 81.00, 49.20),
(4115, 30, 29, 0, 0, 85, 90, 86, 52.20, 0.00, 52.20),
(4116, 52, 21, 84, 77, 0, 0, 0, 32.20, 0.00, 32.20),
(4118, 52, 20, 84, 77, 0, 0, 0, 32.20, 0.00, 32.20),
(4119, 52, 19, 84, 77, 0, 0, 0, 32.20, 0.00, 32.20),
(4120, 30, 35, 0, 0, 73, 81, 0, 30.80, 0.00, 30.80),
(4122, 52, 12, 82, 83, 0, 0, 0, 33.00, 0.00, 33.00),
(4125, 52, 15, 82, 83, 0, 0, 0, 33.00, 0.00, 33.00),
(4126, 52, 14, 82, 83, 0, 0, 0, 33.00, 0.00, 33.00),
(4127, 52, 11, 73, 78, 78, 77, 90, 79.20, 96.00, 79.20),
(4130, 52, 10, 90, 83, 79, 95, 95, 88.40, 98.00, 88.40),
(4133, 52, 22, 78, 78, 79, 81, 82, 79.60, 72.70, 79.60),
(4135, 52, 13, 82, 85, 80, 78, 84, 81.80, 70.00, 81.80),
(4137, 52, 25, 82, 75, 80, 90, 94, 84.20, 91.00, 84.20),
(4191, 51, 27, 0, 0, 84, 87, 90, 52.20, 77.00, 52.20),
(4192, 51, 26, 0, 0, 85, 88, 88, 52.20, 75.00, 52.20),
(4193, 51, 28, 0, 0, 83, 82, 81, 49.20, 84.00, 49.20),
(4194, 51, 29, 0, 0, 81, 87, 88, 51.20, 0.00, 51.20),
(4196, 51, 35, 0, 0, 81, 76, 0, 31.40, 0.00, 31.40),
(4197, 51, 36, 0, 0, 90, 90, 0, 36.00, 0.00, 36.00),
(4198, 51, 37, 72, 72, 0, 0, 0, 28.80, 0.00, 28.80),
(4205, 30, 36, 0, 0, 0, 88, 0, 17.60, 0.00, 17.60),
(4214, 52, 26, 0, 0, 86, 83, 88, 51.40, 90.00, 51.40),
(4215, 52, 27, 0, 0, 83, 85, 90, 51.60, 84.00, 51.60),
(4217, 52, 28, 0, 0, 84, 82, 84, 50.00, 76.00, 50.00),
(4219, 52, 29, 0, 0, 83, 83, 90, 51.20, 0.00, 51.20),
(4221, 52, 35, 0, 0, 80, 76, 0, 31.20, 0.00, 31.20),
(4283, 52, 37, 88, 70, 0, 0, 0, 31.60, 0.00, 31.60),
(4286, 51, 34, 0, 0, 0, 0, 84, 16.80, 0.00, 16.80),
(4288, 52, 36, 0, 0, 96, 96, 0, 38.40, 0.00, 38.40),
(4291, 20, 3, 83, 90, 86, 76, 0, 67.00, 82.00, 67.00),
(4292, 20, 4, 80, 82, 79, 77, 0, 63.60, 80.00, 63.60),
(4293, 20, 5, 74, 82, 84, 78, 0, 63.60, 76.00, 63.60),
(4294, 20, 6, 91, 81, 80, 80, 0, 66.40, 96.00, 66.40),
(4295, 20, 7, 80, 78, 83, 71, 0, 62.40, 83.00, 62.40),
(4296, 20, 9, 81, 83, 75, 89, 0, 65.60, 78.00, 65.60),
(4297, 20, 8, 70, 76, 61, 64, 0, 54.20, 76.00, 54.20),
(4298, 20, 19, 74, 72, 0, 0, 0, 29.20, 0.00, 29.20),
(4299, 20, 20, 74, 72, 0, 0, 0, 29.20, 0.00, 29.20),
(4300, 20, 21, 74, 72, 0, 0, 0, 29.20, 0.00, 29.20),
(4301, 20, 12, 79, 79, 0, 0, 0, 31.60, 0.00, 31.60),
(4302, 20, 15, 79, 79, 0, 0, 0, 31.60, 0.00, 31.60),
(4303, 20, 14, 79, 79, 0, 0, 0, 31.60, 0.00, 31.60),
(4304, 20, 11, 77, 74, 77, 73, 0, 60.20, 86.00, 60.20),
(4305, 20, 10, 71, 78, 94, 90, 0, 66.60, 73.00, 66.60),
(4306, 20, 22, 80, 83, 82, 83, 0, 65.60, 86.00, 65.60),
(4307, 20, 13, 79, 80, 74, 73, 0, 61.20, 77.00, 61.20),
(4308, 20, 25, 71, 77, 78, 78, 0, 60.80, 76.00, 60.80),
(4309, 20, 37, 90, 0, 0, 0, 0, 18.00, 0.00, 18.00),
(4368, 30, 34, 0, 0, 0, 0, 80, 16.00, 0.00, 16.00),
(4370, 20, 1, 0, 0, 78, 77, 0, 31.00, 72.00, 31.00),
(4371, 20, 2, 0, 0, 81, 81, 0, 32.40, 86.00, 32.40),
(4372, 20, 23, 0, 0, 79, 79, 0, 31.60, 65.00, 31.60),
(4373, 20, 24, 0, 0, 80, 76, 0, 31.20, 87.00, 31.20),
(4374, 20, 35, 0, 0, 78, 82, 0, 32.00, 0.00, 32.00),
(4375, 20, 36, 0, 0, 60, 78, 0, 27.60, 0.00, 27.60),
(4401, 16, 9, 72, 68, 73, 91, 80, 76.80, 63.00, 76.80),
(4402, 16, 8, 76, 74, 58, 80, 77, 73.00, 78.00, 73.00),
(4403, 16, 19, 78, 73, 0, 0, 0, 30.20, 0.00, 30.20),
(4404, 16, 20, 78, 73, 0, 0, 0, 30.20, 0.00, 30.20),
(4405, 16, 21, 78, 73, 0, 0, 0, 30.20, 0.00, 30.20),
(4406, 16, 15, 69, 79, 0, 0, 0, 29.60, 0.00, 29.60),
(4407, 16, 12, 69, 79, 0, 0, 0, 29.60, 0.00, 29.60),
(4408, 16, 14, 69, 79, 0, 0, 0, 29.60, 0.00, 29.60),
(4409, 16, 11, 70, 73, 72, 69, 62, 69.20, 86.00, 69.20),
(4410, 16, 10, 78, 78, 88, 83, 87, 82.80, 79.00, 82.80),
(4411, 16, 22, 77, 81, 82, 82, 78, 80.00, 86.00, 80.00),
(4412, 16, 13, 86, 80, 68, 69, 82, 77.00, 50.00, 77.00),
(4413, 16, 25, 73, 72, 75, 78, 80, 75.60, 81.00, 75.60),
(4414, 16, 37, 78, 70, 0, 0, 0, 29.60, 0.00, 29.60),
(4415, 16, 36, 0, 0, 84, 88, 0, 34.40, 0.00, 34.40),
(4416, 46, 3, 83, 86, 72, 50, 77, 73.60, 82.00, 73.60),
(4417, 46, 4, 83, 82, 79, 79, 80, 80.60, 79.00, 80.60),
(4418, 46, 5, 83, 75, 76, 76, 79, 77.80, 75.00, 77.80),
(4419, 46, 6, 82, 88, 80, 79, 81, 82.00, 79.00, 82.00),
(4420, 46, 7, 79, 75, 76, 72, 80, 76.40, 73.00, 76.40),
(4426, 46, 9, 74, 70, 78, 83, 75, 76.00, 70.00, 76.00),
(4430, 46, 8, 75, 75, 68, 73, 77, 73.60, 74.00, 73.60),
(4439, 46, 19, 76, 75, 0, 0, 0, 30.20, 0.00, 30.20),
(4440, 46, 20, 76, 75, 0, 0, 0, 30.20, 0.00, 30.20),
(4441, 46, 21, 76, 75, 0, 0, 0, 30.20, 0.00, 30.20),
(4444, 46, 12, 74, 79, 0, 0, 0, 30.60, 0.00, 30.60),
(4445, 46, 15, 74, 79, 0, 0, 0, 30.60, 0.00, 30.60),
(4446, 46, 14, 74, 79, 0, 0, 0, 30.60, 0.00, 30.60),
(4448, 46, 11, 75, 75, 72, 75, 77, 74.80, 87.00, 74.80),
(4450, 46, 10, 75, 81, 75, 80, 81, 78.40, 85.00, 78.40),
(4453, 46, 22, 85, 80, 77, 78, 78, 79.60, 72.40, 79.60),
(4457, 46, 25, 73, 72, 90, 85, 80, 80.00, 80.00, 80.00),
(4464, 46, 37, 84, 70, 0, 0, 0, 30.80, 0.00, 30.80),
(4467, 16, 1, 0, 0, 81, 76, 67, 44.80, 44.00, 44.80),
(4468, 16, 2, 0, 0, 81, 81, 77, 47.80, 86.00, 47.80),
(4469, 16, 23, 0, 0, 77, 82, 77, 47.20, 70.00, 47.20),
(4470, 16, 24, 0, 0, 75, 77, 71, 44.60, 74.00, 44.60),
(4471, 16, 35, 0, 0, 70, 78, 0, 29.60, 0.00, 29.60),
(4476, 52, 34, 0, 0, 0, 0, 83, 16.60, 0.00, 16.60),
(4482, 46, 13, 80, 88, 66, 66, 80, 76.00, 68.00, 76.00),
(4498, 46, 26, 0, 0, 75, 75, 78, 45.60, 71.00, 45.60),
(4499, 46, 27, 0, 0, 76, 77, 78, 46.20, 73.00, 46.20),
(4500, 46, 28, 0, 0, 80, 77, 77, 46.80, 69.00, 46.80),
(4501, 46, 29, 0, 0, 82, 82, 86, 50.00, 0.00, 50.00),
(4502, 46, 35, 0, 0, 70, 75, 0, 29.00, 0.00, 29.00),
(4519, 22, 3, 89, 90, 89, 78, 78, 84.80, 72.00, 84.80),
(4520, 22, 4, 85, 88, 87, 83, 84, 85.40, 92.00, 85.40),
(4522, 22, 5, 85, 81, 82, 79, 79, 81.20, 87.00, 81.20),
(4523, 22, 6, 88, 87, 83, 79, 87, 84.80, 81.00, 84.80),
(4524, 22, 7, 83, 82, 83, 76, 82, 81.20, 80.00, 81.20),
(4525, 22, 9, 84, 80, 81, 89, 84, 83.60, 72.00, 83.60),
(4526, 22, 8, 85, 78, 76, 83, 89, 82.20, 51.00, 82.20),
(4527, 22, 10, 80, 78, 84, 86, 90, 83.60, 73.00, 83.60),
(4528, 22, 11, 75, 83, 73, 76, 89, 79.20, 86.00, 79.20),
(4529, 22, 22, 88, 85, 84, 82, 85, 84.80, 86.00, 84.80),
(4530, 22, 13, 91, 92, 70, 72, 81, 81.20, 69.00, 81.20),
(4531, 22, 25, 79, 76, 90, 90, 81, 83.20, 83.00, 83.20),
(4532, 22, 37, 90, 91, 0, 0, 0, 36.20, 0.00, 36.20),
(4557, 22, 1, 0, 0, 88, 78, 79, 49.00, 70.00, 49.00),
(4558, 22, 2, 0, 0, 90, 81, 81, 50.40, 86.00, 50.40),
(4559, 22, 23, 0, 0, 83, 79, 80, 48.40, 75.00, 48.40),
(4561, 22, 24, 0, 0, 82, 76, 79, 47.40, 83.00, 47.40),
(4562, 22, 35, 0, 0, 83, 82, 0, 33.00, 0.00, 33.00),
(4597, 22, 34, 0, 0, 0, 0, 78, 15.60, 0.00, 15.60),
(4598, 22, 19, 85, 78, 0, 0, 0, 32.60, 0.00, 32.60),
(4600, 22, 20, 85, 78, 0, 0, 0, 32.60, 0.00, 32.60),
(4602, 22, 21, 85, 78, 0, 0, 0, 32.60, 0.00, 32.60),
(4607, 22, 12, 85, 84, 0, 0, 0, 33.80, 0.00, 33.80),
(4608, 22, 15, 85, 84, 0, 0, 0, 33.80, 0.00, 33.80),
(4609, 22, 14, 85, 84, 0, 0, 0, 33.80, 0.00, 33.80),
(4647, 16, 34, 0, 0, 0, 0, 70, 14.00, 0.00, 14.00),
(4649, 79, 3, 95, 98, 97, 94, 82, 93.20, 90.00, 93.20),
(4650, 79, 4, 86, 87, 84, 88, 85, 86.00, 92.00, 86.00),
(4651, 79, 5, 94, 96, 86, 86, 93, 91.00, 96.00, 91.00),
(4652, 79, 6, 86, 91, 84, 83, 97, 88.20, 81.00, 88.20),
(4653, 79, 7, 89, 93, 91, 80, 83, 87.20, 83.00, 87.20),
(4654, 79, 9, 85, 86, 84, 94, 91, 88.00, 74.00, 88.00),
(4655, 79, 8, 81, 84, 85, 84, 83, 83.40, 88.00, 83.40),
(4664, 79, 19, 81, 84, 0, 0, 0, 33.00, 0.00, 33.00),
(4665, 79, 20, 81, 84, 0, 0, 0, 33.00, 0.00, 33.00),
(4666, 79, 21, 81, 84, 0, 0, 0, 33.00, 0.00, 33.00),
(4667, 79, 12, 88, 89, 0, 0, 0, 35.40, 0.00, 35.40),
(4668, 79, 15, 88, 89, 0, 0, 0, 35.40, 0.00, 35.40),
(4669, 79, 14, 88, 89, 0, 0, 0, 35.40, 0.00, 35.40),
(4670, 79, 11, 87, 85, 78, 86, 89, 85.00, 94.00, 85.00),
(4671, 79, 10, 89, 84, 98, 94, 92, 91.40, 100.00, 91.40),
(4672, 79, 22, 84, 85, 84, 83, 81, 83.40, 74.80, 83.40),
(4673, 79, 13, 93, 93, 87, 84, 81, 87.60, 71.00, 87.60),
(4674, 79, 25, 90, 87, 90, 90, 94, 90.20, 95.00, 90.20),
(4675, 79, 37, 93, 93, 0, 0, 0, 37.20, 0.00, 37.20),
(4711, 79, 30, 0, 0, 90, 89, 85, 52.80, 85.00, 52.80),
(4712, 79, 31, 0, 0, 89, 89, 85, 52.60, 80.00, 52.60),
(4713, 79, 32, 0, 0, 95, 97, 97, 57.80, 96.00, 57.80),
(4714, 79, 33, 0, 0, 80, 90, 90, 52.00, 83.00, 52.00),
(4715, 79, 35, 0, 0, 85, 91, 0, 35.20, 0.00, 35.20),
(4749, 79, 34, 0, 0, 0, 0, 88, 17.60, 0.00, 17.60),
(4772, 59, 3, 97, 97, 97, 95, 87, 94.60, 90.00, 94.60),
(4778, 59, 4, 88, 86, 91, 91, 93, 89.80, 92.00, 89.80),
(4788, 59, 5, 95, 97, 91, 85, 93, 92.20, 96.00, 92.20),
(4793, 59, 6, 90, 82, 87, 85, 98, 88.40, 96.00, 88.40),
(4796, 65, 37, 70, 0, 0, 0, 0, 14.00, 0.00, 14.00),
(4799, 59, 7, 92, 90, 92, 82, 84, 88.00, 85.00, 88.00),
(4804, 59, 9, 89, 92, 94, 96, 97, 93.60, 91.00, 93.60),
(4806, 65, 36, 0, 0, 90, 0, 0, 18.00, 41.00, 18.00),
(4811, 59, 8, 91, 89, 87, 88, 88, 88.60, 90.00, 88.60),
(4818, 59, 19, 88, 88, 0, 0, 0, 35.20, 0.00, 35.20),
(4820, 59, 20, 88, 88, 0, 0, 0, 35.20, 0.00, 35.20),
(4822, 59, 21, 88, 88, 0, 0, 0, 35.20, 0.00, 35.20),
(4828, 59, 12, 90, 93, 0, 0, 0, 36.60, 0.00, 36.60),
(4829, 59, 15, 90, 93, 0, 0, 0, 36.60, 0.00, 36.60),
(4830, 59, 14, 90, 93, 0, 0, 0, 36.60, 0.00, 36.60),
(4835, 59, 11, 88, 86, 81, 93, 89, 87.40, 98.00, 87.40),
(4846, 59, 10, 95, 97, 98, 98, 98, 97.20, 85.00, 97.20),
(4851, 59, 22, 94, 83, 87, 86, 81, 86.20, 73.60, 86.20),
(4856, 59, 13, 90, 93, 91, 82, 85, 88.20, 73.00, 88.20),
(4859, 65, 35, 0, 0, 73, 0, 0, 14.60, 0.00, 14.60),
(4865, 59, 25, 93, 89, 85, 87, 95, 89.80, 93.00, 89.80),
(4878, 59, 30, 0, 0, 90, 90, 85, 53.00, 88.00, 53.00),
(4885, 59, 31, 0, 0, 86, 90, 84, 52.00, 86.00, 52.00),
(4889, 59, 32, 0, 0, 95, 94, 97, 57.20, 98.00, 57.20),
(4893, 59, 33, 0, 0, 93, 95, 91, 55.80, 98.00, 55.80),
(4901, 59, 34, 0, 0, 0, 0, 87, 17.40, 0.00, 17.40),
(4903, 59, 35, 0, 0, 88, 90, 0, 35.60, 0.00, 35.60),
(4905, 59, 36, 0, 0, 92, 98, 0, 38.00, 73.00, 38.00),
(4907, 59, 37, 93, 93, 0, 0, 0, 37.20, 0.00, 37.20),
(4909, 45, 3, 85, 83, 89, 89, 80, 85.20, 83.00, 85.20),
(4912, 45, 4, 85, 81, 83, 83, 87, 83.80, 74.00, 83.80),
(4913, 45, 5, 77, 77, 78, 81, 84, 79.40, 94.00, 79.40),
(4916, 45, 6, 75, 82, 81, 84, 90, 82.40, 81.00, 82.40),
(4917, 79, 36, 0, 0, 80, 80, 0, 32.00, 82.00, 32.00),
(4918, 45, 7, 85, 75, 80, 94, 84, 83.60, 72.00, 83.60),
(4919, 45, 9, 77, 84, 84, 90, 82, 83.40, 80.00, 83.40),
(4920, 45, 8, 76, 81, 77, 90, 86, 82.00, 94.00, 82.00),
(4923, 45, 19, 90, 90, 0, 0, 0, 36.00, 0.00, 36.00),
(4924, 45, 20, 90, 90, 0, 0, 0, 36.00, 0.00, 36.00),
(4925, 45, 21, 90, 90, 0, 0, 0, 36.00, 0.00, 36.00),
(4926, 45, 12, 83, 83, 0, 0, 0, 33.20, 0.00, 33.20),
(4927, 45, 15, 83, 83, 0, 0, 0, 33.20, 0.00, 33.20),
(4928, 45, 14, 83, 83, 0, 0, 0, 33.20, 0.00, 33.20),
(4929, 45, 11, 80, 84, 75, 86, 79, 80.80, 90.00, 80.80),
(4930, 45, 10, 85, 81, 80, 94, 90, 86.00, 85.00, 86.00),
(4931, 45, 22, 90, 81, 81, 86, 80, 83.60, 72.40, 83.60),
(4932, 45, 13, 80, 80, 81, 80, 80, 80.20, 56.00, 80.20),
(4933, 45, 25, 87, 74, 87, 90, 85, 84.60, 80.00, 84.60),
(4936, 45, 37, 90, 87, 0, 0, 0, 35.40, 0.00, 35.40),
(4955, 44, 3, 96, 87, 72, 88, 83, 85.20, 82.00, 85.20),
(4957, 44, 4, 84, 81, 80, 82, 90, 83.40, 92.00, 83.40),
(4959, 44, 5, 82, 80, 83, 79, 90, 82.80, 86.00, 82.80),
(4960, 44, 6, 84, 85, 81, 80, 97, 85.40, 79.00, 85.40),
(4961, 44, 7, 86, 73, 77, 78, 81, 79.00, 68.00, 79.00),
(4963, 44, 9, 77, 81, 76, 86, 91, 82.20, 75.00, 82.20),
(4964, 44, 8, 85, 94, 83, 88, 87, 87.40, 91.00, 87.40),
(4971, 44, 19, 85, 79, 0, 0, 0, 32.80, 0.00, 32.80),
(4972, 44, 20, 85, 79, 0, 0, 0, 32.80, 0.00, 32.80),
(4973, 44, 21, 85, 79, 0, 0, 0, 32.80, 0.00, 32.80),
(4974, 44, 12, 85, 86, 0, 0, 0, 34.20, 0.00, 34.20),
(4975, 44, 15, 85, 86, 0, 0, 0, 34.20, 0.00, 34.20),
(4976, 44, 14, 85, 86, 0, 0, 0, 34.20, 0.00, 34.20),
(4978, 44, 11, 91, 89, 73, 93, 85, 86.20, 98.00, 86.20),
(4979, 44, 10, 83, 93, 79, 95, 96, 89.20, 100.00, 89.20),
(4980, 44, 22, 86, 87, 82, 82, 82, 83.80, 70.60, 83.80),
(4981, 44, 25, 82, 77, 80, 87, 89, 83.00, 94.00, 83.00),
(5003, 45, 26, 0, 0, 82, 84, 85, 50.20, 78.00, 50.20),
(5005, 45, 27, 0, 0, 80, 86, 86, 50.40, 77.00, 50.40),
(5007, 45, 28, 0, 0, 84, 81, 80, 49.00, 80.00, 49.00),
(5010, 45, 29, 0, 0, 89, 93, 91, 54.60, 0.00, 54.60),
(5011, 45, 35, 0, 0, 74, 75, 0, 29.80, 0.00, 29.80),
(5012, 45, 36, 0, 0, 90, 80, 0, 34.00, 0.00, 34.00),
(5013, 44, 13, 85, 92, 77, 69, 80, 80.60, 62.00, 80.60),
(5039, 44, 26, 0, 0, 82, 83, 89, 50.80, 93.00, 50.80),
(5040, 44, 27, 0, 0, 84, 84, 90, 51.60, 80.00, 51.60),
(5041, 44, 28, 0, 0, 79, 84, 84, 49.40, 85.00, 49.40),
(5042, 44, 29, 0, 0, 87, 92, 90, 53.80, 0.00, 53.80),
(5084, 45, 34, 0, 0, 0, 0, 87, 17.40, 0.00, 17.40),
(5101, 8, 3, 84, 85, 86, 76, 85, 83.20, 64.00, 83.20),
(5102, 8, 4, 81, 80, 78, 76, 84, 79.80, 84.00, 79.80),
(5103, 8, 5, 73, 77, 85, 76, 82, 78.60, 83.00, 78.60),
(5104, 8, 6, 74, 83, 77, 77, 84, 79.00, 79.00, 79.00),
(5105, 8, 7, 81, 75, 77, 74, 82, 77.80, 66.00, 77.80),
(5106, 8, 9, 83, 74, 75, 88, 86, 81.20, 83.00, 81.20),
(5107, 8, 8, 77, 73, 78, 84, 81, 78.60, 71.00, 78.60),
(5108, 8, 19, 90, 90, 0, 0, 0, 36.00, 0.00, 36.00),
(5109, 8, 20, 90, 90, 0, 0, 0, 36.00, 0.00, 36.00),
(5110, 8, 21, 90, 90, 0, 0, 0, 36.00, 0.00, 36.00),
(5111, 8, 12, 83, 83, 0, 0, 0, 33.20, 0.00, 33.20),
(5112, 8, 15, 83, 83, 0, 0, 0, 33.20, 0.00, 33.20),
(5113, 8, 14, 83, 83, 0, 0, 0, 33.20, 0.00, 33.20),
(5114, 8, 11, 79, 73, 73, 77, 84, 77.20, 86.00, 77.20),
(5115, 8, 10, 79, 89, 81, 90, 87, 85.20, 85.00, 85.20),
(5116, 8, 22, 79, 82, 81, 82, 82, 81.20, 86.00, 81.20),
(5117, 8, 13, 74, 80, 70, 70, 82, 75.20, 68.00, 75.20),
(5118, 8, 25, 76, 73, 85, 85, 85, 80.80, 81.00, 80.80),
(5174, 8, 1, 0, 0, 79, 77, 81, 47.40, 77.00, 47.40),
(5175, 8, 23, 0, 0, 75, 80, 78, 46.60, 72.00, 46.60),
(5176, 8, 2, 0, 0, 81, 80, 79, 48.00, 86.00, 48.00),
(5177, 8, 24, 0, 0, 80, 82, 79, 48.20, 72.00, 48.20),
(5187, 8, 37, 86, 70, 0, 0, 0, 31.20, 0.00, 31.20),
(5189, 8, 34, 0, 0, 0, 0, 74, 14.80, 0.00, 14.80),
(5190, 9, 3, 89, 87, 88, 82, 77, 84.60, 72.00, 84.60),
(5191, 9, 4, 79, 83, 81, 79, 83, 81.00, 80.00, 81.00),
(5192, 9, 5, 73, 78, 82, 81, 79, 78.60, 69.00, 78.60),
(5193, 9, 6, 89, 85, 83, 80, 79, 83.20, 81.00, 83.20),
(5194, 9, 7, 76, 83, 84, 74, 82, 79.80, 62.00, 79.80),
(5195, 9, 9, 77, 77, 73, 87, 80, 78.80, 66.00, 78.80),
(5196, 9, 8, 80, 81, 60, 83, 79, 76.60, 53.00, 76.60),
(5198, 9, 19, 82, 75, 0, 0, 0, 31.40, 0.00, 31.40),
(5199, 9, 20, 82, 75, 0, 0, 0, 31.40, 0.00, 31.40),
(5200, 9, 21, 82, 75, 0, 0, 0, 31.40, 0.00, 31.40),
(5201, 9, 12, 80, 84, 0, 0, 0, 32.80, 0.00, 32.80),
(5202, 9, 15, 80, 84, 0, 0, 0, 32.80, 0.00, 32.80),
(5203, 9, 14, 80, 84, 0, 0, 0, 32.80, 0.00, 32.80),
(5204, 9, 11, 79, 73, 73, 76, 78, 75.80, 86.00, 75.80),
(5205, 9, 10, 75, 72, 87, 86, 90, 82.00, 71.00, 82.00),
(5206, 9, 22, 87, 83, 80, 82, 83, 83.00, 86.00, 83.00),
(5207, 9, 13, 90, 84, 73, 84, 82, 82.60, 70.00, 82.60),
(5208, 9, 25, 76, 75, 82, 75, 80, 77.60, 71.00, 77.60),
(5221, 9, 1, 0, 0, 85, 77, 85, 49.40, 71.00, 49.40),
(5222, 9, 2, 0, 0, 83, 78, 83, 48.80, 86.00, 48.80),
(5223, 9, 23, 0, 0, 76, 79, 76, 46.20, 70.00, 46.20),
(5224, 9, 24, 0, 0, 80, 82, 80, 48.40, 51.00, 48.40),
(5295, 33, 3, 94, 87, 85, 72, 81, 83.80, 80.00, 83.80),
(5300, 33, 4, 83, 82, 80, 77, 86, 81.60, 87.00, 81.60),
(5305, 33, 5, 75, 86, 79, 78, 84, 80.40, 72.00, 80.40),
(5310, 33, 6, 74, 85, 71, 81, 90, 80.20, 81.00, 80.20),
(5315, 33, 7, 80, 77, 75, 76, 81, 77.80, 70.00, 77.80),
(5320, 33, 9, 84, 75, 84, 78, 77, 79.60, 70.00, 79.60),
(5325, 33, 8, 75, 67, 72, 83, 84, 76.20, 58.00, 76.20),
(5330, 33, 19, 81, 79, 0, 0, 0, 32.00, 0.00, 32.00),
(5332, 33, 20, 81, 79, 0, 0, 0, 32.00, 0.00, 32.00),
(5334, 33, 21, 81, 79, 0, 0, 0, 32.00, 0.00, 32.00),
(5336, 33, 12, 72, 79, 0, 0, 0, 30.20, 0.00, 30.20),
(5338, 33, 15, 72, 79, 0, 0, 0, 30.20, 0.00, 30.20),
(5339, 33, 14, 72, 79, 0, 0, 0, 30.20, 0.00, 30.20),
(5342, 33, 11, 75, 74, 83, 67, 84, 76.60, 82.00, 76.60),
(5348, 33, 10, 81, 75, 83, 74, 90, 80.60, 71.00, 80.60),
(5359, 33, 22, 83, 85, 80, 75, 82, 81.00, 71.20, 81.00),
(5378, 33, 13, 74, 77, 73, 70, 78, 74.40, 70.00, 74.40),
(5385, 33, 25, 75, 73, 82, 85, 85, 80.00, 74.00, 80.00),
(5394, 33, 26, 0, 0, 79, 74, 83, 47.20, 70.00, 47.20),
(5396, 33, 27, 0, 0, 80, 74, 84, 47.60, 70.00, 47.60),
(5397, 33, 28, 0, 0, 79, 84, 81, 48.80, 73.00, 48.80),
(5398, 33, 29, 0, 0, 83, 90, 80, 50.60, 0.00, 50.60),
(5407, 33, 34, 0, 0, 0, 0, 84, 16.80, 0.00, 16.80),
(5408, 33, 35, 0, 0, 75, 72, 0, 29.40, 0.00, 29.40),
(5410, 33, 37, 87, 70, 0, 0, 0, 31.40, 0.00, 31.40),
(5412, 33, 36, 0, 0, 84, 89, 0, 34.60, 0.00, 34.60),
(5414, 18, 4, 83, 79, 77, 75, 80, 78.80, 77.00, 78.80),
(5415, 18, 5, 73, 84, 72, 76, 85, 78.00, 71.00, 78.00),
(5416, 18, 3, 92, 88, 85, 75, 77, 83.40, 81.00, 83.40),
(5417, 18, 6, 84, 82, 79, 84, 89, 83.60, 77.00, 83.60),
(5418, 18, 7, 70, 74, 78, 71, 78, 74.20, 66.00, 74.20),
(5419, 18, 9, 88, 77, 73, 91, 80, 81.80, 70.00, 81.80),
(5420, 18, 8, 82, 76, 55, 59, 80, 70.40, 78.00, 70.40),
(5421, 18, 10, 77, 84, 82, 85, 84, 82.40, 85.00, 82.40),
(5422, 18, 21, 88, 74, 0, 0, 0, 32.40, 0.00, 32.40),
(5423, 18, 20, 80, 74, 0, 0, 0, 30.80, 0.00, 30.80),
(5424, 18, 11, 80, 73, 73, 71, 77, 74.80, 86.00, 74.80),
(5425, 18, 19, 80, 74, 0, 0, 0, 30.80, 0.00, 30.80),
(5426, 18, 13, 76, 76, 71, 71, 77, 74.20, 63.00, 74.20),
(5427, 18, 22, 86, 83, 80, 88, 79, 83.20, 86.00, 83.20),
(5428, 18, 25, 75, 73, 82, 82, 82, 78.80, 81.00, 78.80),
(5455, 21, 11, 83, 74, 76, 79, 92, 80.80, 86.00, 80.80),
(5456, 18, 12, 76, 76, 0, 0, 0, 30.40, 0.00, 30.40),
(5457, 18, 15, 76, 76, 0, 0, 0, 30.40, 0.00, 30.40),
(5458, 18, 14, 76, 76, 0, 0, 0, 30.40, 0.00, 30.40),
(5459, 21, 10, 77, 78, 73, 94, 95, 83.40, 73.00, 83.40),
(5462, 21, 22, 91, 85, 83, 82, 82, 84.60, 86.00, 84.60),
(5464, 21, 25, 82, 73, 80, 82, 87, 80.80, 83.00, 80.80),
(5465, 21, 37, 92, 87, 0, 0, 0, 35.80, 0.00, 35.80),
(5467, 18, 1, 0, 0, 88, 78, 88, 50.80, 77.00, 50.80),
(5468, 18, 2, 0, 0, 84, 80, 80, 48.80, 86.00, 48.80),
(5472, 18, 36, 0, 0, 76, 76, 0, 30.40, 0.00, 30.40),
(5473, 18, 37, 90, 87, 0, 0, 0, 35.40, 0.00, 35.40),
(5501, 18, 23, 0, 0, 73, 79, 79, 46.20, 74.00, 46.20),
(5504, 18, 24, 0, 0, 84, 82, 77, 48.60, 80.00, 48.60),
(5506, 21, 13, 85, 85, 73, 72, 81, 79.20, 67.00, 79.20),
(5510, 18, 35, 0, 0, 70, 78, 0, 29.60, 0.00, 29.60),
(5539, 21, 1, 0, 0, 89, 81, 82, 50.40, 77.00, 50.40),
(5541, 21, 2, 0, 0, 87, 86, 80, 50.60, 86.00, 50.60),
(5542, 21, 23, 0, 0, 82, 84, 83, 49.80, 79.00, 49.80),
(5543, 21, 24, 0, 0, 86, 78, 82, 49.20, 80.00, 49.20),
(5544, 21, 35, 0, 0, 70, 86, 0, 31.20, 0.00, 31.20),
(5545, 21, 36, 0, 0, 92, 92, 0, 36.80, 0.00, 36.80),
(5564, 63, 36, 0, 0, 75, 75, 0, 30.00, 50.00, 30.00),
(5566, 39, 3, 79, 89, 72, 53, 77, 74.00, 86.00, 74.00),
(5567, 39, 4, 77, 78, 74, 73, 82, 76.80, 80.00, 76.80),
(5568, 39, 5, 68, 88, 76, 75, 85, 78.40, 79.00, 78.40),
(5569, 39, 6, 76, 76, 77, 70, 82, 76.20, 79.00, 76.20),
(5570, 39, 7, 78, 75, 76, 69, 79, 75.40, 64.00, 75.40),
(5571, 39, 9, 79, 67, 71, 75, 80, 74.40, 70.00, 74.40),
(5572, 39, 8, 72, 60, 72, 72, 77, 70.60, 67.00, 70.60),
(5573, 39, 19, 76, 71, 0, 0, 0, 29.40, 0.00, 29.40),
(5574, 39, 20, 76, 71, 0, 0, 0, 29.40, 0.00, 29.40),
(5575, 39, 21, 76, 71, 0, 0, 0, 29.40, 0.00, 29.40),
(5576, 39, 12, 67, 74, 0, 0, 0, 28.20, 0.00, 28.20),
(5577, 39, 15, 67, 74, 0, 0, 0, 28.20, 0.00, 28.20),
(5578, 39, 14, 67, 74, 0, 0, 0, 28.20, 0.00, 28.20),
(5579, 39, 11, 78, 74, 67, 69, 77, 73.00, 68.00, 73.00),
(5580, 39, 10, 75, 75, 73, 81, 83, 77.40, 85.00, 77.40),
(5581, 39, 22, 78, 79, 75, 76, 79, 77.40, 72.70, 77.40),
(5582, 39, 13, 87, 80, 65, 65, 77, 74.80, 59.00, 74.80),
(5583, 39, 25, 70, 72, 80, 80, 80, 76.40, 72.00, 76.40),
(5584, 39, 37, 75, 70, 0, 0, 0, 29.00, 0.00, 29.00),
(5616, 39, 26, 0, 0, 74, 76, 77, 45.40, 70.00, 45.40),
(5617, 39, 27, 0, 0, 74, 78, 86, 47.60, 71.00, 47.60),
(5618, 39, 28, 0, 0, 79, 78, 81, 47.60, 74.00, 47.60),
(5619, 39, 29, 0, 0, 74, 80, 77, 46.20, 0.00, 46.20),
(5620, 39, 35, 0, 0, 70, 77, 0, 29.40, 0.00, 29.40),
(5621, 39, 36, 0, 0, 60, 60, 0, 24.00, 0.00, 24.00),
(5653, 39, 34, 0, 0, 0, 0, 78, 15.60, 0.00, 15.60),
(5654, 64, 3, 93, 95, 85, 89, 83, 89.00, 86.00, 89.00),
(5655, 64, 4, 83, 83, 80, 81, 82, 81.80, 81.00, 81.80),
(5656, 64, 5, 80, 92, 79, 83, 77, 82.20, 88.00, 82.20),
(5657, 64, 6, 79, 85, 80, 83, 84, 82.20, 94.00, 82.20),
(5658, 64, 7, 86, 83, 78, 74, 80, 80.20, 75.00, 80.20),
(5659, 64, 9, 79, 82, 79, 86, 85, 82.20, 82.00, 82.20),
(5660, 64, 8, 74, 82, 67, 85, 79, 77.40, 74.00, 77.40),
(5661, 64, 19, 81, 73, 0, 0, 0, 30.80, 0.00, 30.80),
(5662, 64, 20, 81, 73, 0, 0, 0, 30.80, 0.00, 30.80),
(5663, 64, 21, 81, 73, 0, 0, 0, 30.80, 0.00, 30.80),
(5664, 64, 12, 83, 89, 0, 0, 0, 34.40, 0.00, 34.40),
(5665, 64, 15, 83, 89, 0, 0, 0, 34.40, 0.00, 34.40),
(5666, 64, 14, 83, 89, 0, 0, 0, 34.40, 0.00, 34.40),
(5667, 64, 11, 73, 83, 71, 73, 83, 76.60, 94.00, 76.60),
(5668, 64, 10, 80, 77, 93, 94, 97, 88.20, 83.00, 88.20),
(5669, 64, 22, 90, 90, 85, 82, 84, 86.20, 74.80, 86.20),
(5670, 64, 13, 91, 90, 80, 74, 80, 83.00, 52.00, 83.00),
(5671, 64, 25, 77, 75, 87, 87, 85, 82.20, 86.00, 82.20),
(5703, 64, 30, 0, 0, 88, 86, 80, 50.80, 85.00, 50.80),
(5704, 64, 31, 0, 0, 82, 83, 84, 49.80, 84.00, 49.80),
(5705, 64, 32, 0, 0, 88, 85, 96, 53.80, 81.00, 53.80),
(5706, 64, 33, 0, 0, 82, 84, 89, 51.00, 77.00, 51.00),
(5707, 64, 35, 0, 0, 73, 81, 0, 30.80, 0.00, 30.80),
(5708, 64, 36, 0, 0, 74, 85, 0, 31.80, 50.00, 31.80),
(5709, 64, 37, 93, 90, 0, 0, 0, 36.60, 0.00, 36.60),
(5744, 64, 34, 0, 0, 0, 0, 86, 17.20, 0.00, 17.20),
(5763, 21, 34, 0, 0, 0, 0, 72, 14.40, 0.00, 14.40),
(5764, 42, 3, 90, 88, 80, 80, 81, 83.80, 83.00, 83.80),
(5765, 42, 4, 81, 84, 79, 80, 83, 81.40, 78.00, 81.40),
(5766, 42, 5, 76, 77, 82, 80, 89, 80.80, 79.00, 80.80),
(5767, 42, 6, 75, 87, 79, 79, 80, 80.00, 81.00, 80.00),
(5769, 42, 7, 80, 75, 74, 74, 81, 76.80, 70.00, 76.80),
(5770, 42, 9, 80, 76, 81, 80, 79, 79.20, 70.00, 79.20),
(5771, 42, 8, 75, 71, 73, 73, 79, 74.20, 74.00, 74.20),
(5772, 42, 19, 79, 75, 0, 0, 0, 30.80, 0.00, 30.80),
(5773, 42, 20, 79, 75, 0, 0, 0, 30.80, 0.00, 30.80),
(5774, 42, 21, 79, 75, 0, 0, 0, 30.80, 0.00, 30.80),
(5775, 42, 12, 79, 79, 0, 0, 0, 31.60, 0.00, 31.60),
(5776, 42, 15, 79, 79, 0, 0, 0, 31.60, 0.00, 31.60),
(5777, 42, 14, 79, 79, 0, 0, 0, 31.60, 0.00, 31.60),
(5778, 42, 11, 77, 74, 80, 80, 79, 78.00, 88.00, 78.00),
(5779, 42, 10, 77, 81, 84, 84, 90, 83.20, 59.00, 83.20),
(5780, 42, 22, 81, 85, 79, 79, 81, 81.00, 68.80, 81.00),
(5781, 42, 13, 79, 85, 70, 70, 80, 76.80, 63.00, 76.80),
(5782, 42, 25, 74, 73, 90, 90, 87, 82.80, 75.00, 82.80),
(5783, 42, 37, 92, 70, 0, 0, 0, 32.40, 0.00, 32.40),
(5815, 42, 26, 0, 0, 83, 83, 84, 50.00, 73.00, 50.00),
(5816, 42, 27, 0, 0, 83, 83, 88, 50.80, 70.00, 50.80),
(5817, 42, 28, 0, 0, 80, 80, 80, 48.00, 72.00, 48.00),
(5818, 42, 29, 0, 0, 88, 88, 86, 52.40, 0.00, 52.40),
(5834, 42, 36, 0, 0, 77, 77, 0, 30.80, 0.00, 30.80),
(5835, 42, 35, 0, 0, 85, 85, 0, 34.00, 0.00, 34.00),
(5871, 42, 34, 0, 0, 0, 0, 80, 16.00, 0.00, 16.00),
(5872, 71, 3, 89, 88, 94, 91, 84, 89.20, 86.00, 89.20),
(5873, 71, 4, 92, 84, 88, 85, 90, 87.80, 92.00, 87.80),
(5874, 71, 5, 85, 90, 90, 92, 92, 89.80, 88.00, 89.80),
(5875, 71, 6, 88, 90, 83, 85, 89, 87.00, 81.00, 87.00),
(5876, 71, 7, 90, 88, 89, 79, 84, 86.00, 83.00, 86.00),
(5877, 71, 9, 86, 81, 88, 96, 94, 89.00, 83.00, 89.00),
(5878, 71, 8, 90, 92, 81, 88, 88, 87.80, 86.00, 87.80),
(5879, 71, 19, 88, 84, 0, 0, 0, 34.40, 0.00, 34.40),
(5880, 71, 20, 88, 84, 0, 0, 0, 34.40, 0.00, 34.40),
(5881, 71, 21, 88, 84, 0, 0, 0, 34.40, 0.00, 34.40),
(5882, 71, 12, 88, 86, 0, 0, 0, 34.80, 0.00, 34.80),
(5883, 71, 15, 88, 86, 0, 0, 0, 34.80, 0.00, 34.80),
(5884, 71, 14, 88, 86, 0, 0, 0, 34.80, 0.00, 34.80),
(5885, 71, 11, 85, 80, 79, 86, 86, 83.20, 96.00, 83.20),
(5886, 71, 10, 91, 90, 94, 97, 98, 94.00, 100.00, 94.00),
(5887, 71, 22, 88, 85, 85, 85, 83, 85.20, 68.20, 85.20),
(5888, 71, 25, 95, 79, 85, 87, 93, 87.80, 93.00, 87.80),
(5905, 71, 13, 0, 87, 81, 79, 81, 65.60, 72.00, 65.60),
(5907, 71, 37, 0, 82, 0, 0, 0, 16.40, 0.00, 16.40),
(5920, 71, 30, 0, 0, 89, 90, 85, 52.80, 84.00, 52.80),
(5921, 71, 31, 0, 0, 85, 87, 83, 51.00, 85.00, 51.00),
(5922, 71, 32, 0, 0, 89, 94, 97, 56.00, 79.00, 56.00),
(5923, 71, 33, 0, 0, 85, 93, 88, 53.20, 81.00, 53.20),
(5924, 71, 35, 0, 0, 86, 89, 0, 35.00, 0.00, 35.00),
(5958, 71, 34, 0, 0, 0, 0, 88, 17.60, 0.00, 17.60),
(6089, 18, 34, 0, 0, 0, 0, 72, 14.40, 0.00, 14.40),
(6091, 31, 3, 91, 87, 83, 87, 85, 86.60, 80.00, 86.60),
(6092, 31, 4, 79, 78, 80, 83, 86, 81.20, 84.00, 81.20),
(6093, 31, 5, 82, 73, 85, 80, 85, 81.00, 78.00, 81.00),
(6094, 31, 6, 91, 81, 80, 81, 91, 84.80, 79.00, 84.80),
(6095, 31, 7, 87, 75, 74, 75, 81, 78.40, 80.00, 78.40),
(6096, 31, 9, 85, 74, 78, 90, 78, 81.00, 86.00, 81.00),
(6103, 31, 8, 80, 75, 70, 73, 79, 75.40, 86.00, 75.40),
(6105, 31, 19, 78, 76, 0, 0, 0, 30.80, 0.00, 30.80),
(6106, 31, 20, 78, 76, 0, 0, 0, 30.80, 0.00, 30.80),
(6107, 31, 21, 78, 76, 0, 0, 0, 30.80, 0.00, 30.80),
(6108, 31, 12, 81, 83, 0, 0, 0, 32.80, 0.00, 32.80),
(6109, 31, 15, 81, 83, 0, 0, 0, 32.80, 0.00, 32.80),
(6110, 31, 14, 81, 83, 0, 0, 0, 32.80, 0.00, 32.80),
(6111, 31, 11, 83, 74, 73, 73, 86, 77.80, 88.00, 77.80),
(6115, 31, 10, 81, 84, 83, 95, 90, 86.60, 85.00, 86.60),
(6117, 31, 22, 85, 86, 82, 84, 80, 83.40, 74.50, 83.40),
(6120, 31, 13, 91, 82, 78, 70, 78, 79.80, 64.00, 79.80),
(6124, 31, 25, 78, 75, 76, 83, 88, 80.00, 88.00, 80.00),
(6160, 46, 34, 0, 0, 0, 0, 80, 16.00, 0.00, 16.00),
(6161, 46, 36, 0, 0, 80, 80, 0, 32.00, 0.00, 32.00),
(6179, 31, 37, 92, 75, 0, 0, 0, 33.40, 0.00, 33.40),
(6195, 31, 26, 0, 0, 79, 84, 78, 48.20, 73.00, 48.20),
(6196, 31, 27, 0, 0, 80, 84, 80, 48.80, 77.00, 48.80),
(6197, 31, 28, 0, 0, 80, 82, 81, 48.60, 84.00, 48.60),
(6198, 31, 29, 0, 0, 88, 86, 93, 53.40, 0.00, 53.40),
(6199, 31, 35, 0, 0, 73, 85, 0, 31.60, 0.00, 31.60),
(6200, 31, 36, 0, 0, 73, 85, 0, 31.60, 0.00, 31.60),
(6245, 31, 34, 0, 0, 0, 0, 78, 15.60, 0.00, 15.60),
(6246, 11, 35, 0, 0, 85, 90, 0, 35.00, 0.00, 35.00),
(6248, 11, 37, 91, 95, 0, 0, 0, 37.20, 0.00, 37.20),
(6251, 40, 3, 82, 94, 88, 85, 80, 85.80, 79.00, 85.80),
(6252, 40, 4, 83, 80, 74, 81, 83, 80.20, 90.00, 80.20),
(6253, 40, 5, 71, 88, 76, 76, 84, 79.00, 75.00, 79.00),
(6257, 40, 6, 80, 81, 80, 80, 94, 83.00, 81.00, 83.00),
(6258, 40, 7, 75, 79, 76, 75, 78, 76.60, 76.00, 76.60),
(6259, 40, 9, 83, 72, 69, 80, 76, 76.00, 70.00, 76.00),
(6260, 40, 8, 76, 66, 76, 71, 80, 73.80, 79.00, 73.80),
(6261, 40, 19, 80, 72, 0, 0, 0, 30.40, 0.00, 30.40),
(6262, 40, 20, 80, 72, 0, 0, 0, 30.40, 0.00, 30.40),
(6263, 40, 21, 80, 72, 0, 0, 0, 30.40, 0.00, 30.40),
(6264, 40, 12, 78, 80, 0, 0, 0, 31.60, 0.00, 31.60),
(6265, 40, 15, 78, 80, 0, 0, 0, 31.60, 0.00, 31.60),
(6266, 40, 14, 78, 80, 0, 0, 0, 31.60, 0.00, 31.60),
(6267, 40, 11, 82, 60, 69, 78, 78, 73.40, 96.00, 73.40),
(6268, 40, 10, 79, 82, 76, 92, 97, 85.20, 100.00, 85.20),
(6269, 40, 22, 93, 85, 77, 81, 84, 84.00, 71.50, 84.00),
(6270, 40, 13, 94, 86, 63, 75, 77, 79.00, 63.00, 79.00),
(6272, 40, 25, 75, 74, 76, 79, 81, 77.00, 83.00, 77.00),
(6273, 40, 37, 85, 70, 0, 0, 0, 31.00, 0.00, 31.00),
(6305, 40, 26, 0, 0, 74, 80, 84, 47.60, 75.00, 47.60),
(6306, 40, 27, 0, 0, 75, 80, 83, 47.60, 75.00, 47.60),
(6307, 40, 28, 0, 0, 77, 79, 78, 46.80, 74.00, 46.80),
(6308, 40, 29, 0, 0, 84, 76, 92, 50.40, 0.00, 50.40),
(6309, 40, 35, 0, 0, 82, 76, 0, 31.60, 0.00, 31.60),
(6310, 40, 36, 0, 0, 96, 91, 0, 37.40, 0.00, 37.40),
(6311, 44, 37, 93, 84, 0, 0, 0, 35.40, 0.00, 35.40),
(6349, 40, 34, 0, 0, 0, 0, 79, 15.80, 0.00, 15.80),
(6356, 60, 3, 79, 71, 82, 77, 77, 77.20, 58.00, 77.20),
(6357, 60, 4, 81, 81, 77, 81, 83, 80.60, 76.00, 80.60),
(6358, 60, 5, 74, 79, 77, 79, 83, 78.40, 76.00, 78.40),
(6359, 60, 6, 70, 74, 76, 81, 87, 77.60, 73.00, 77.60),
(6360, 60, 7, 80, 71, 80, 73, 81, 77.00, 67.00, 77.00),
(6361, 60, 9, 60, 68, 75, 76, 78, 71.40, 26.00, 71.40),
(6362, 60, 8, 75, 74, 78, 81, 80, 77.60, 79.00, 77.60),
(6363, 60, 19, 80, 72, 0, 0, 0, 30.40, 0.00, 30.40),
(6364, 60, 20, 80, 72, 0, 0, 0, 30.40, 0.00, 30.40),
(6365, 60, 21, 80, 72, 0, 0, 0, 30.40, 0.00, 30.40),
(6366, 60, 12, 70, 74, 0, 0, 0, 28.80, 0.00, 28.80),
(6367, 60, 15, 70, 74, 0, 0, 0, 28.80, 0.00, 28.80),
(6368, 60, 14, 70, 74, 0, 0, 0, 28.80, 0.00, 28.80),
(6369, 60, 11, 73, 73, 73, 83, 79, 76.20, 45.00, 76.20),
(6370, 60, 10, 81, 81, 81, 92, 87, 84.40, 71.00, 84.40),
(6371, 60, 22, 70, 74, 81, 77, 80, 76.40, 71.20, 76.40),
(6372, 60, 25, 78, 73, 79, 80, 85, 79.00, 84.00, 79.00),
(6373, 60, 37, 88, 70, 0, 0, 0, 31.60, 0.00, 31.60),
(6390, 60, 13, 0, 78, 74, 75, 78, 61.00, 50.00, 61.00),
(6405, 60, 30, 0, 0, 81, 85, 77, 48.60, 65.00, 48.60),
(6406, 60, 31, 0, 0, 73, 82, 81, 47.20, 68.00, 47.20),
(6407, 60, 32, 0, 0, 82, 87, 81, 50.00, 69.00, 50.00),
(6408, 60, 33, 0, 0, 60, 79, 85, 44.80, 75.00, 44.80),
(6409, 60, 34, 0, 0, 0, 0, 82, 16.40, 0.00, 16.40),
(6426, 60, 35, 0, 0, 75, 80, 0, 31.00, 0.00, 31.00),
(6427, 60, 36, 0, 0, 0, 0, 0, 0.00, 68.00, 0.00),
(6446, 50, 3, 85, 90, 0, 0, 0, 35.00, 87.00, 35.00),
(6447, 50, 4, 81, 81, 0, 0, 0, 32.40, 94.00, 32.40),
(6448, 50, 5, 76, 75, 0, 0, 0, 30.20, 75.00, 30.20),
(6449, 50, 6, 81, 81, 0, 0, 0, 32.40, 81.00, 32.40),
(6450, 50, 7, 86, 83, 0, 0, 0, 33.80, 71.00, 33.80),
(6451, 50, 9, 73, 71, 0, 0, 0, 28.80, 70.00, 28.80),
(6452, 50, 8, 71, 77, 0, 0, 0, 29.60, 79.00, 29.60),
(6453, 50, 19, 80, 74, 0, 0, 0, 30.80, 0.00, 30.80),
(6454, 50, 20, 80, 74, 0, 0, 0, 30.80, 0.00, 30.80),
(6455, 50, 21, 80, 74, 0, 0, 0, 30.80, 0.00, 30.80),
(6456, 50, 12, 79, 84, 0, 0, 0, 32.60, 0.00, 32.60),
(6457, 50, 15, 79, 84, 0, 0, 0, 32.60, 0.00, 32.60),
(6458, 50, 14, 79, 84, 0, 0, 0, 32.60, 0.00, 32.60),
(6459, 50, 11, 79, 73, 0, 0, 0, 30.40, 80.00, 30.40),
(6460, 50, 22, 86, 80, 0, 0, 0, 33.20, 70.90, 33.20),
(6461, 50, 10, 87, 76, 0, 0, 0, 32.60, 79.00, 32.60),
(6462, 50, 13, 89, 89, 0, 0, 0, 35.60, 64.00, 35.60),
(6463, 50, 25, 78, 73, 0, 0, 0, 30.20, 75.00, 30.20),
(6482, 5, 36, 0, 0, 90, 98, 0, 37.60, 0.00, 37.60),
(6484, 35, 3, 89, 93, 93, 90, 80, 89.00, 70.00, 89.00),
(6485, 35, 4, 76, 82, 79, 78, 85, 80.00, 85.00, 80.00),
(6486, 35, 5, 74, 76, 81, 76, 84, 78.20, 88.00, 78.20),
(6487, 35, 6, 80, 87, 83, 77, 91, 83.60, 94.00, 83.60),
(6488, 35, 7, 81, 76, 77, 70, 81, 77.00, 62.00, 77.00),
(6489, 35, 9, 81, 77, 78, 74, 79, 77.80, 88.00, 77.80),
(6490, 35, 8, 75, 79, 66, 74, 79, 74.60, 83.00, 74.60),
(6491, 35, 19, 81, 77, 0, 0, 0, 31.60, 0.00, 31.60),
(6492, 35, 20, 81, 77, 0, 0, 0, 31.60, 0.00, 31.60),
(6493, 35, 21, 81, 77, 0, 0, 0, 31.60, 0.00, 31.60),
(6494, 35, 12, 77, 85, 0, 0, 0, 32.40, 0.00, 32.40),
(6495, 35, 15, 77, 85, 0, 0, 0, 32.40, 0.00, 32.40),
(6496, 35, 14, 77, 85, 0, 0, 0, 32.40, 0.00, 32.40),
(6497, 35, 13, 77, 85, 83, 69, 80, 78.80, 69.00, 78.80),
(6498, 35, 11, 76, 79, 74, 72, 85, 77.20, 94.00, 77.20),
(6499, 35, 10, 75, 89, 80, 80, 95, 83.80, 85.00, 83.80),
(6500, 35, 22, 82, 84, 81, 80, 79, 81.20, 68.80, 81.20),
(6501, 35, 25, 75, 71, 75, 79, 85, 77.00, 86.00, 77.00),
(6502, 35, 37, 93, 76, 0, 0, 0, 33.80, 0.00, 33.80),
(6534, 35, 26, 0, 0, 75, 78, 84, 47.40, 83.00, 47.40),
(6535, 35, 27, 0, 0, 78, 79, 86, 48.60, 88.00, 48.60),
(6536, 35, 28, 0, 0, 82, 77, 80, 47.80, 72.00, 47.80),
(6537, 35, 29, 0, 0, 86, 80, 83, 49.80, 0.00, 49.80),
(6538, 35, 35, 0, 0, 70, 83, 0, 30.60, 0.00, 30.60),
(6539, 35, 36, 0, 0, 84, 84, 0, 33.60, 0.00, 33.60),
(6575, 35, 34, 0, 0, 0, 0, 78, 15.60, 0.00, 15.60),
(6880, 23, 3, 0, 0, 0, 0, 0, 0.00, 94.00, 0.00),
(6881, 23, 4, 0, 0, 0, 0, 0, 0.00, 89.00, 0.00),
(6882, 23, 5, 0, 0, 0, 0, 0, 0.00, 79.00, 0.00),
(6883, 23, 6, 0, 0, 0, 0, 0, 0.00, 79.00, 0.00),
(6884, 23, 7, 0, 0, 0, 0, 0, 0.00, 79.00, 0.00),
(6885, 23, 9, 0, 0, 0, 0, 0, 0.00, 70.00, 0.00),
(6886, 23, 8, 0, 0, 0, 0, 0, 0.00, 73.00, 0.00),
(6887, 23, 11, 0, 0, 0, 0, 0, 0.00, 86.00, 0.00),
(6888, 23, 10, 0, 0, 0, 0, 0, 0.00, 73.00, 0.00),
(6889, 23, 22, 0, 0, 0, 0, 0, 0.00, 86.00, 0.00),
(6890, 23, 13, 0, 0, 0, 0, 0, 0.00, 70.00, 0.00),
(6891, 23, 25, 0, 0, 0, 0, 0, 0.00, 88.00, 0.00),
(6892, 23, 1, 0, 0, 0, 0, 0, 0.00, 77.00, 0.00),
(6893, 23, 2, 0, 0, 0, 0, 0, 0.00, 86.00, 0.00),
(6894, 23, 23, 0, 0, 0, 0, 0, 0.00, 79.00, 0.00),
(6895, 23, 24, 0, 0, 0, 0, 0, 0.00, 80.00, 0.00),
(7011, 61, 3, 0, 0, 0, 0, 0, 0.00, 70.00, 0.00),
(7012, 61, 4, 0, 0, 0, 0, 0, 0.00, 82.00, 0.00),
(7013, 61, 5, 0, 0, 0, 0, 0, 0.00, 78.00, 0.00),
(7014, 61, 6, 0, 0, 0, 0, 0, 0.00, 79.00, 0.00),
(7015, 61, 7, 0, 0, 0, 0, 0, 0.00, 79.00, 0.00),
(7016, 61, 9, 0, 0, 0, 0, 0, 0.00, 70.00, 0.00),
(7017, 61, 8, 0, 0, 0, 0, 0, 0.00, 71.00, 0.00),
(7018, 61, 11, 0, 0, 0, 0, 0, 0.00, 82.00, 0.00),
(7019, 61, 10, 0, 0, 0, 0, 0, 0.00, 73.00, 0.00),
(7020, 61, 22, 0, 0, 0, 0, 0, 0.00, 70.60, 0.00),
(7021, 61, 13, 0, 0, 0, 0, 0, 0.00, 54.00, 0.00),
(7022, 61, 25, 0, 0, 0, 0, 0, 0.00, 84.00, 0.00),
(7023, 61, 30, 0, 0, 0, 0, 0, 0.00, 80.00, 0.00),
(7024, 61, 31, 0, 0, 0, 0, 0, 0.00, 80.00, 0.00),
(7025, 61, 32, 0, 0, 0, 0, 0, 0.00, 81.00, 0.00),
(7026, 61, 33, 0, 0, 0, 0, 0, 0.00, 83.00, 0.00),
(7027, 61, 36, 0, 0, 0, 0, 0, 0.00, 76.00, 0.00),
(7028, 62, 3, 0, 0, 0, 0, 0, 0.00, 86.00, 0.00),
(7029, 62, 4, 0, 0, 0, 0, 0, 0.00, 87.00, 0.00),
(7030, 62, 5, 0, 0, 0, 0, 0, 0.00, 80.00, 0.00),
(7031, 62, 6, 0, 0, 0, 0, 0, 0.00, 81.00, 0.00),
(7032, 62, 7, 0, 0, 0, 0, 0, 0.00, 70.00, 0.00),
(7033, 62, 9, 0, 0, 0, 0, 0, 0.00, 61.00, 0.00),
(7034, 62, 8, 0, 0, 0, 0, 0, 0.00, 75.00, 0.00),
(7035, 62, 11, 0, 0, 0, 0, 0, 0.00, 96.00, 0.00),
(7036, 62, 10, 0, 0, 0, 0, 0, 0.00, 83.00, 0.00),
(7037, 62, 22, 0, 0, 0, 0, 0, 0.00, 68.50, 0.00),
(7038, 62, 13, 0, 0, 0, 0, 0, 0.00, 57.00, 0.00),
(7039, 62, 25, 0, 0, 0, 0, 0, 0.00, 78.00, 0.00),
(7040, 62, 30, 0, 0, 0, 0, 0, 0.00, 80.00, 0.00),
(7041, 62, 31, 0, 0, 0, 0, 0, 0.00, 66.00, 0.00),
(7042, 62, 32, 0, 0, 0, 0, 0, 0.00, 81.00, 0.00),
(7043, 62, 33, 0, 0, 0, 0, 0, 0.00, 59.00, 0.00),
(7044, 62, 36, 0, 0, 0, 0, 0, 0.00, 50.00, 0.00),
(7095, 66, 36, 0, 0, 0, 0, 0, 0.00, 80.00, 0.00),
(7142, 68, 30, 0, 0, 0, 0, 0, 0.00, 80.00, 0.00),
(7143, 68, 31, 0, 0, 0, 0, 0, 0.00, 78.00, 0.00),
(7144, 68, 32, 0, 0, 0, 0, 0, 0.00, 83.00, 0.00),
(7145, 68, 33, 0, 0, 0, 0, 0, 0.00, 83.00, 0.00),
(7164, 70, 3, 0, 0, 0, 0, 0, 0.00, 82.00, 0.00),
(7165, 70, 4, 0, 0, 0, 0, 0, 0.00, 80.00, 0.00),
(7166, 70, 5, 0, 0, 0, 0, 0, 0.00, 85.00, 0.00),
(7167, 70, 6, 0, 0, 0, 0, 0, 0.00, 96.00, 0.00),
(7168, 70, 7, 0, 0, 0, 0, 0, 0.00, 75.00, 0.00),
(7169, 70, 9, 0, 0, 0, 0, 0, 0.00, 73.00, 0.00),
(7170, 70, 8, 0, 0, 0, 0, 0, 0.00, 78.00, 0.00),
(7171, 70, 11, 0, 0, 0, 0, 0, 0.00, 94.00, 0.00),
(7172, 70, 10, 0, 0, 0, 0, 0, 0.00, 98.00, 0.00),
(7173, 70, 22, 0, 0, 0, 0, 0, 0.00, 71.80, 0.00),
(7174, 70, 13, 0, 0, 0, 0, 0, 0.00, 70.00, 0.00),
(7175, 70, 25, 0, 0, 0, 0, 0, 0.00, 80.00, 0.00),
(7176, 70, 30, 0, 0, 0, 0, 0, 0.00, 80.00, 0.00),
(7177, 70, 31, 0, 0, 0, 0, 0, 0.00, 80.00, 0.00),
(7178, 70, 32, 0, 0, 0, 0, 0, 0.00, 83.00, 0.00),
(7179, 70, 33, 0, 0, 0, 0, 0, 0.00, 81.00, 0.00),
(7180, 70, 36, 0, 0, 0, 0, 0, 0.00, 50.00, 0.00),
(7197, 71, 36, 0, 0, 0, 0, 0, 0.00, 83.00, 0.00),
(7266, 76, 3, 0, 0, 0, 0, 0, 0.00, 80.00, 0.00),
(7267, 76, 4, 0, 0, 0, 0, 0, 0.00, 89.00, 0.00),
(7268, 76, 5, 0, 0, 0, 0, 0, 0.00, 73.00, 0.00),
(7269, 76, 6, 0, 0, 0, 0, 0, 0.00, 79.00, 0.00),
(7270, 76, 7, 0, 0, 0, 0, 0, 0.00, 78.00, 0.00),
(7271, 76, 9, 0, 0, 0, 0, 0, 0.00, 68.00, 0.00),
(7272, 76, 8, 0, 0, 0, 0, 0, 0.00, 78.00, 0.00),
(7273, 76, 11, 0, 0, 0, 0, 0, 0.00, 84.00, 0.00),
(7274, 76, 10, 0, 0, 0, 0, 0, 0.00, 85.00, 0.00),
(7275, 76, 22, 0, 0, 0, 0, 0, 0.00, 73.30, 0.00),
(7276, 76, 13, 0, 0, 0, 0, 0, 0.00, 60.00, 0.00),
(7277, 76, 25, 0, 0, 0, 0, 0, 0.00, 77.00, 0.00),
(7278, 76, 30, 0, 0, 0, 0, 0, 0.00, 80.00, 0.00),
(7279, 76, 31, 0, 0, 0, 0, 0, 0.00, 82.00, 0.00),
(7280, 76, 32, 0, 0, 0, 0, 0, 0.00, 83.00, 0.00),
(7281, 76, 33, 0, 0, 0, 0, 0, 0.00, 81.00, 0.00),
(7282, 76, 36, 0, 0, 0, 0, 0, 0.00, 57.00, 0.00),
(7334, 28, 3, 0, 0, 0, 0, 0, 0.00, 78.00, 0.00),
(7335, 28, 4, 0, 0, 0, 0, 0, 0.00, 84.00, 0.00),
(7336, 28, 5, 0, 0, 0, 0, 0, 0.00, 80.00, 0.00),
(7337, 28, 6, 0, 0, 0, 0, 0, 0.00, 79.00, 0.00),
(7338, 28, 7, 0, 0, 0, 0, 0, 0.00, 68.00, 0.00),
(7339, 28, 9, 0, 0, 0, 0, 0, 0.00, 71.00, 0.00),
(7340, 28, 8, 0, 0, 0, 0, 0, 0.00, 57.00, 0.00),
(7341, 28, 11, 0, 0, 0, 0, 0, 0.00, 74.00, 0.00),
(7342, 28, 10, 0, 0, 0, 0, 0, 0.00, 69.00, 0.00),
(7343, 28, 22, 0, 0, 0, 0, 0, 0.00, 70.90, 0.00),
(7344, 28, 13, 0, 0, 0, 0, 0, 0.00, 48.00, 0.00),
(7345, 28, 25, 0, 0, 0, 0, 0, 0.00, 72.00, 0.00),
(7346, 28, 26, 0, 0, 0, 0, 0, 0.00, 69.00, 0.00),
(7347, 28, 27, 0, 0, 0, 0, 0, 0.00, 67.00, 0.00),
(7348, 28, 28, 0, 0, 0, 0, 0, 0.00, 74.00, 0.00),
(7424, 34, 3, 0, 0, 0, 0, 0, 0.00, 63.00, 0.00),
(7425, 34, 4, 0, 0, 0, 0, 0, 0.00, 74.00, 0.00),
(7426, 34, 5, 0, 0, 0, 0, 0, 0.00, 59.00, 0.00),
(7427, 34, 6, 0, 0, 0, 0, 0, 0.00, 77.00, 0.00),
(7428, 34, 7, 0, 0, 0, 0, 0, 0.00, 66.00, 0.00),
(7429, 34, 9, 0, 0, 0, 0, 0, 0.00, 66.00, 0.00),
(7430, 34, 8, 0, 0, 0, 0, 0, 0.00, 59.00, 0.00),
(7431, 34, 11, 0, 0, 0, 0, 0, 0.00, 80.00, 0.00),
(7432, 34, 10, 0, 0, 0, 0, 0, 0.00, 85.00, 0.00),
(7433, 34, 22, 0, 0, 0, 0, 0, 0.00, 71.80, 0.00),
(7434, 34, 13, 0, 0, 0, 0, 0, 0.00, 50.00, 0.00),
(7435, 34, 25, 0, 0, 0, 0, 0, 0.00, 77.00, 0.00),
(7436, 34, 26, 0, 0, 0, 0, 0, 0.00, 54.00, 0.00),
(7437, 34, 27, 0, 0, 0, 0, 0, 0.00, 68.00, 0.00),
(7438, 34, 28, 0, 0, 0, 0, 0, 0.00, 69.00, 0.00),
(7544, 41, 3, 0, 0, 0, 0, 0, 0.00, 74.00, 0.00),
(7545, 41, 4, 0, 0, 0, 0, 0, 0.00, 77.00, 0.00),
(7546, 41, 5, 0, 0, 0, 0, 0, 0.00, 65.00, 0.00),
(7547, 41, 6, 0, 0, 0, 0, 0, 0.00, 77.00, 0.00),
(7548, 41, 7, 0, 0, 0, 0, 0, 0.00, 54.00, 0.00),
(7549, 41, 9, 0, 0, 0, 0, 0, 0.00, 66.00, 0.00),
(7550, 41, 8, 0, 0, 0, 0, 0, 0.00, 61.00, 0.00),
(7551, 41, 11, 0, 0, 0, 0, 0, 0.00, 90.00, 0.00),
(7552, 41, 10, 0, 0, 0, 0, 0, 0.00, 75.00, 0.00),
(7553, 41, 22, 0, 0, 0, 0, 0, 0.00, 61.60, 0.00),
(7554, 41, 13, 0, 0, 0, 0, 0, 0.00, 58.00, 0.00),
(7555, 41, 25, 0, 0, 0, 0, 0, 0.00, 65.00, 0.00),
(7556, 41, 26, 0, 0, 0, 0, 0, 0.00, 68.00, 0.00),
(7557, 41, 27, 0, 0, 0, 0, 0, 0.00, 71.00, 0.00),
(7558, 41, 28, 0, 0, 0, 0, 0, 0.00, 69.00, 0.00),
(7574, 43, 3, 0, 0, 0, 0, 0, 0.00, 86.00, 0.00),
(7575, 43, 4, 0, 0, 0, 0, 0, 0.00, 79.00, 0.00),
(7576, 43, 5, 0, 0, 0, 0, 0, 0.00, 80.00, 0.00),
(7577, 43, 6, 0, 0, 0, 0, 0, 0.00, 81.00, 0.00),
(7578, 43, 7, 0, 0, 0, 0, 0, 0.00, 71.00, 0.00),
(7579, 43, 9, 0, 0, 0, 0, 0, 0.00, 63.00, 0.00),
(7580, 43, 8, 0, 0, 0, 0, 0, 0.00, 69.00, 0.00),
(7581, 43, 11, 0, 0, 0, 0, 0, 0.00, 96.00, 0.00),
(7582, 43, 10, 0, 0, 0, 0, 0, 0.00, 83.00, 0.00),
(7583, 43, 22, 0, 0, 0, 0, 0, 0.00, 73.90, 0.00),
(7584, 43, 13, 0, 0, 0, 0, 0, 0.00, 53.00, 0.00),
(7585, 43, 25, 0, 0, 0, 0, 0, 0.00, 81.00, 0.00),
(7586, 43, 26, 0, 0, 0, 0, 0, 0.00, 66.00, 0.00),
(7587, 43, 27, 0, 0, 0, 0, 0, 0.00, 71.00, 0.00),
(7588, 43, 28, 0, 0, 0, 0, 0, 0.00, 77.00, 0.00),
(7676, 50, 26, 0, 0, 0, 0, 0, 0.00, 72.00, 0.00),
(7677, 50, 27, 0, 0, 0, 0, 0, 0.00, 75.00, 0.00),
(7678, 50, 28, 0, 0, 0, 0, 0, 0.00, 75.00, 0.00),
(7769, 57, 3, 0, 0, 0, 0, 0, 0.00, 80.00, 0.00),
(7770, 57, 4, 0, 0, 0, 0, 0, 0.00, 87.00, 0.00),
(7771, 57, 5, 0, 0, 0, 0, 0, 0.00, 68.00, 0.00),
(7772, 57, 6, 0, 0, 0, 0, 0, 0.00, 81.00, 0.00),
(7773, 57, 7, 0, 0, 0, 0, 0, 0.00, 72.00, 0.00),
(7774, 57, 9, 0, 0, 0, 0, 0, 0.00, 49.00, 0.00),
(7775, 57, 8, 0, 0, 0, 0, 0, 0.00, 73.00, 0.00),
(7776, 57, 11, 0, 0, 0, 0, 0, 0.00, 86.00, 0.00),
(7777, 57, 10, 0, 0, 0, 0, 0, 0.00, 83.00, 0.00),
(7778, 57, 22, 0, 0, 0, 0, 0, 0.00, 54.20, 0.00),
(7779, 57, 13, 0, 0, 0, 0, 0, 0.00, 68.00, 0.00),
(7780, 57, 25, 0, 0, 0, 0, 0, 0.00, 72.00, 0.00),
(7781, 57, 26, 0, 0, 0, 0, 0, 0.00, 69.00, 0.00),
(7782, 57, 27, 0, 0, 0, 0, 0, 0.00, 68.00, 0.00),
(7783, 57, 28, 0, 0, 0, 0, 0, 0.00, 72.00, 0.00);

-- --------------------------------------------------------

--
-- Table structure for table `pengaturan_aplikasi`
--

CREATE TABLE `pengaturan_aplikasi` (
  `id` int(11) NOT NULL DEFAULT 1,
  `nama_yayasan` varchar(255) DEFAULT NULL,
  `nama_lembaga` varchar(255) DEFAULT 'Nama Lembaga Anda',
  `akreditasi` varchar(50) DEFAULT NULL,
  `nsm` varchar(50) DEFAULT NULL,
  `npsn` varchar(50) DEFAULT NULL,
  `alamat` text DEFAULT NULL,
  `email` varchar(100) DEFAULT NULL,
  `no_kontak` varchar(20) DEFAULT NULL,
  `logo_lembaga` varchar(255) DEFAULT NULL,
  `nama_pimpinan` varchar(255) DEFAULT NULL,
  `nip_pimpinan` varchar(50) DEFAULT NULL,
  `gambar_ttd` varchar(255) DEFAULT NULL,
  `nama_bendahara` varchar(255) DEFAULT NULL,
  `nip_bendahara` varchar(50) DEFAULT NULL,
  `nama_aplikasi` varchar(100) DEFAULT 'Sistem Informasi Management',
  `versi_aplikasi` varchar(20) DEFAULT '1.0.0',
  `warna_primary` varchar(20) DEFAULT '#10b981',
  `warna_sidebar` varchar(20) DEFAULT '#1e293b',
  `warna_sidebar_2` varchar(20) DEFAULT '#065f46',
  `font_family` varchar(50) DEFAULT 'Poppins',
  `font_size` int(11) DEFAULT 14
) ENGINE=InnoDB DEFAULT CHARSET=utf8mb4 COLLATE=utf8mb4_general_ci;

--
-- Dumping data for table `pengaturan_aplikasi`
--

INSERT INTO `pengaturan_aplikasi` (`id`, `nama_yayasan`, `nama_lembaga`, `akreditasi`, `nsm`, `npsn`, `alamat`, `email`, `no_kontak`, `logo_lembaga`, `nama_pimpinan`, `nip_pimpinan`, `gambar_ttd`, `nama_bendahara`, `nip_bendahara`, `nama_aplikasi`, `versi_aplikasi`, `warna_primary`, `warna_sidebar`, `warna_sidebar_2`, `font_family`, `font_size`) VALUES
(1, 'YPI PP Darul Ulum Palangka Raya', 'MAS Darul Ulum Palangka Raya', 'B', '131262710001', '30208955', 'Jl. Dr. Murdjani gg Sari45 Kel. Pahandut Kota Palangka Raya', 'madupraya@gmail.com', '081352788575', 'logo_1775110916.png', 'Fahmi Ali, M.Pd', '198003222002121001', 'ttd_1775082356.png', '', '', 'E-INFOLULUS', '1.0.0', '#4a3b4e', '#23102d', '#4b314e', 'Tahoma', 14);

-- --------------------------------------------------------

--
-- Table structure for table `pengaturan_kelulusan`
--

CREATE TABLE `pengaturan_kelulusan` (
  `id_pengaturan` int(11) NOT NULL,
  `id_tahun` int(11) NOT NULL,
  `format_no_skl` varchar(100) DEFAULT NULL,
  `tgl_pengumuman` datetime DEFAULT NULL,
  `no_sk_lulus` varchar(100) DEFAULT NULL,
  `tgl_sk_lulus` date DEFAULT NULL
) ENGINE=InnoDB DEFAULT CHARSET=utf8mb4 COLLATE=utf8mb4_general_ci;

--
-- Dumping data for table `pengaturan_kelulusan`
--

INSERT INTO `pengaturan_kelulusan` (`id_pengaturan`, `id_tahun`, `format_no_skl`, `tgl_pengumuman`, `no_sk_lulus`, `tgl_sk_lulus`) VALUES
(1, 1, 'MA-DU/PP.00.6/SKL/.../V/2025', '2026-04-27 07:00:00', 'MA-DU/PP.00.6/PK/123/V/2025', '2026-05-05');

-- --------------------------------------------------------

--
-- Table structure for table `siswa`
--

CREATE TABLE `siswa` (
  `id_siswa` int(11) NOT NULL,
  `id_user` int(11) NOT NULL COMMENT 'Relasi ke tabel users untuk login',
  `id_tahun` int(11) NOT NULL COMMENT 'Relasi ke tahun_fiskal (Tahun Lulus)',
  `nisn` varchar(20) NOT NULL,
  `nis` varchar(20) DEFAULT NULL,
  `nama_lengkap` varchar(255) NOT NULL,
  `jurusan` enum('MIPA','IPS','Keagamaan','Bahasa') NOT NULL,
  `status_lulus` enum('Lulus','Tidak Lulus','Belum memenuhi syarat') DEFAULT NULL,
  `alamat_rumah` text DEFAULT NULL,
  `hobi` varchar(255) DEFAULT NULL,
  `no_wa` varchar(50) DEFAULT NULL,
  `email` varchar(100) DEFAULT NULL,
  `akun_ig` varchar(100) DEFAULT NULL,
  `akun_tiktok` varchar(100) DEFAULT NULL,
  `akun_fb` varchar(100) DEFAULT NULL,
  `kesan` text DEFAULT NULL,
  `pesan` text DEFAULT NULL,
  `rencana_lulus` varchar(255) DEFAULT NULL,
  `tempat_lahir` varchar(100) DEFAULT NULL,
  `tanggal_lahir` date DEFAULT NULL,
  `nama_ayah` varchar(255) DEFAULT NULL
) ENGINE=InnoDB DEFAULT CHARSET=utf8mb4 COLLATE=utf8mb4_general_ci;

--
-- Dumping data for table `siswa`
--

INSERT INTO `siswa` (`id_siswa`, `id_user`, `id_tahun`, `nisn`, `nis`, `nama_lengkap`, `jurusan`, `status_lulus`, `alamat_rumah`, `hobi`, `no_wa`, `email`, `akun_ig`, `akun_tiktok`, `akun_fb`, `kesan`, `pesan`, `rencana_lulus`, `tempat_lahir`, `tanggal_lahir`, `nama_ayah`) VALUES
(4, 87, 1, '0087846803', NULL, 'Afwan Saidillah', 'MIPA', 'Lulus', NULL, NULL, NULL, NULL, NULL, NULL, NULL, NULL, NULL, NULL, 'Palangka Raya', '2008-02-09', 'Muhammad Noor'),
(5, 88, 1, '0082314568', NULL, 'Ahmad Riduan', 'MIPA', NULL, NULL, NULL, NULL, NULL, NULL, NULL, NULL, NULL, NULL, NULL, 'Tenggarong', '2008-03-31', 'Fahruji'),
(6, 89, 1, '0089753887', NULL, 'Ahmad Rifai', 'MIPA', NULL, 'Kelurahan Pahandut\r\nKacamatan Pahandut \r\nJalan Rindang Banua \r\nRW 26 ', 'Menggambar', '+62 838-4387-7939', NULL, 'REIZENOTHING', '', '', 'Pengalaman saya selama ini di Madrasah Aliyah Darul Ulum Palangkaraya itu baik banget. Saya menikmati semua pelajaran, biarpun kadang-kadang saya bingung dengan yang dijelaskan, tapi pada akhirnya saya bisa paham dengan apa yang dipelajari. Untuk kesan terbaik saya, mungkin saat Muhadrah.', 'Belajar lebih giat supaya bisa mencapai mimpi.', 'Bekerja', 'Palangka Raya', '2008-05-08', 'Bramsyah'),
(7, 90, 1, '0071685340', NULL, 'Akhmad Patah', 'MIPA', NULL, NULL, NULL, NULL, NULL, NULL, NULL, NULL, NULL, NULL, NULL, 'Palangka Raya', '2007-12-07', 'Tamrin'),
(8, 91, 1, '0086971052', NULL, 'Akmal', 'MIPA', NULL, NULL, NULL, NULL, NULL, NULL, NULL, NULL, NULL, NULL, NULL, 'Kapuas', '2008-01-07', 'Rahmadi'),
(9, 92, 1, '0071639054', NULL, 'Fathur Rahman', 'MIPA', NULL, NULL, NULL, NULL, NULL, NULL, NULL, NULL, NULL, NULL, NULL, 'Palangka Raya', '2007-06-30', 'Turiansyah'),
(10, 93, 1, '0081796538', NULL, 'Hamzah Ya', 'MIPA', NULL, NULL, NULL, NULL, NULL, NULL, NULL, NULL, NULL, NULL, NULL, 'Palangka Raya', '2008-08-06', 'Arianto'),
(11, 94, 1, '3084793786', NULL, 'Kirana Israini', 'MIPA', NULL, '', 'Membaca', '081345965788', NULL, '', '', '', 'Selama saya bersekolah di sini, saya mendapat banyak pengalaman yang berharga, teman yang baik, dan ilmu yang bermanfaat. Terima kasih untuk semua kenangan indah.', 'Terus semangat belajar, jangan mudah menyerah, dan manfaatkan waktu sebaik mungkin. Semoga sekolah ini semakin maju dan lebih baik lagi kedepannya', '', 'Palangka Raya', '2008-07-29', 'Hendra Mijaya'),
(12, 95, 1, '0088670031', NULL, 'Latifah Yuliastuti', 'MIPA', NULL, 'Jl. Mangga 1 No. 01', 'Bernyanyi', '081348624537', 'latifahyuliastuti7@gmail.com', 'ltfh057_yl', '', '', 'Sekolah ini tidak hanya sekedar tempat untuk menimba ilmu bagi saya, tetapi juga tempat yang nyaman untuk mengekspresikan diri, berteman, dan mengembangkan bakat bagi setiap individu. Banyak suka duka yang saya lewati di tempat ini, baik dalam perjalanan di kelas maupun dalam berorganisasi', 'Perpisahan bukanlah akhir bagi segalanya, terkadang kita harus berpisah untuk menemukan jalan dan kehidupan terbaik menuju impian masing-masing, semoga kita dapat menemukan jalan terbaik itu', 'Melanjutkan Kuliah', 'Palangka Raya', '2008-07-05', 'Usman'),
(13, 96, 1, '0073229525', NULL, 'Mila Rosa', 'MIPA', NULL, NULL, NULL, NULL, NULL, NULL, NULL, NULL, NULL, NULL, NULL, 'Tumbang  Rungan', '2007-10-21', 'Supiani'),
(14, 97, 1, '0097682130', NULL, 'Muhammad Abil', 'MIPA', NULL, 'jl.karanggan 21', '', '083152364272', NULL, '', '', '', '', '', 'Bekerja', 'Palangka Raya', '2009-04-26', 'Gary Sapriono'),
(15, 98, 1, '0084773557', NULL, 'Muhammad Fathurrahman', 'MIPA', NULL, NULL, NULL, NULL, NULL, NULL, NULL, NULL, NULL, NULL, NULL, 'Palangka Raya', '2008-10-10', 'Abdul Latif'),
(16, 99, 1, '0075909673', NULL, 'Muhammad Fikri Ramadhan', 'MIPA', NULL, NULL, NULL, NULL, NULL, NULL, NULL, NULL, NULL, NULL, NULL, 'Palangka Raya', '2007-09-19', 'Suprapto'),
(17, 100, 1, '0076715246', NULL, 'Muhammad Ilmiyannor', 'MIPA', NULL, 'Jl. Dr. Murjani, Gg. 10 Muharram, No. 23', 'Membaca', '081549250785', 'mohammadilmianor@gmail.com', '@velvrmn', '', '', 'Penjelasan dari guru mudah dimengerti dan bisa di ajak bercanda sehingga suasana kelas menjadi nyaman. ', 'Rajinlah hadir ke sekolah😇', 'Melanjutkan Kuliah', 'Palangka Raya', '2007-11-03', 'Sarbani'),
(18, 101, 1, '3070720987', NULL, 'Muhammad Kamil', 'MIPA', NULL, NULL, NULL, NULL, NULL, NULL, NULL, NULL, NULL, NULL, NULL, 'Palangka Raya', '2007-09-09', 'Halidin'),
(19, 102, 1, '0089122868', NULL, 'Nurhikmah', 'MIPA', NULL, NULL, NULL, NULL, NULL, NULL, NULL, NULL, NULL, NULL, NULL, 'Pararain', '2008-08-18', 'Rahmani'),
(20, 103, 1, '0057610724', NULL, 'Nuruddin Zenki', 'MIPA', NULL, NULL, NULL, NULL, NULL, NULL, NULL, NULL, NULL, NULL, NULL, 'Bangkalan', '2005-08-19', 'Misradi'),
(21, 104, 1, '0082847944', NULL, 'Rahmad Arsa Fadillah', 'MIPA', NULL, NULL, NULL, NULL, NULL, NULL, NULL, NULL, NULL, NULL, NULL, 'Palangka Raya', '2008-05-12', 'Artoni Bahtar'),
(22, 105, 1, '0074804604', NULL, 'Rahmadi', 'MIPA', NULL, 'jalan rindang benua gang mesjid', '', '895-0463-7140', 'rahmadikoni11@gmail.com', 'rah_vll', 'tidak ada', 'tidak ada', '', '', 'Bekerja', 'Palangka Raya', '2007-06-23', 'Hodari'),
(23, 106, 1, '0087164222', NULL, 'Rasya Al-Afgani', 'MIPA', NULL, NULL, NULL, NULL, NULL, NULL, NULL, NULL, NULL, NULL, NULL, 'Palangka Raya', '2008-07-14', 'Muhammad Rasidi'),
(24, 107, 1, '0081811340', NULL, 'Reksya Badaly', 'MIPA', NULL, 'Jl.Bangaris 12\r\ndibelakang toko rhes beauty ', 'membaca, menonton, membuat cerpen,main game', '083184522468', 'reksabadali@gmail.com', '-', '-', '-', '', '', 'antara kuliah atau langsung bekerja', 'Palangka Raya', '2008-04-24', 'Edy Syahrif'),
(25, 108, 1, '0089414559', NULL, 'Salsabila', 'MIPA', NULL, 'Jln. Dr. Murjani Gg. Giat No.15', 'Membaca ', '089520690623', 'sabilasalsabila083@gmail.com', 'slsbil4_', 'gddycapp', '', 'selama bersekolah, banyak sekali pengalaman berharga yang saya dapatkan. Tidak hanya ilmu pengetahuan, tetapi juga pelajaran tentang persahabatan, kerja sama, dan kedisiplinan. Setiap momen, baik suka maupun duka, menjadi kenangan yang berarti dan tidak akan terlupakan. Terima kasih untuk bapak/ibu atas semua ilmu, bimbingan, dan kesabaran yang telah diberikan kepada kami. Jasa Bapak/Ibu akan selalu kami ingat.', 'pesan untuk sekolah:\r\nTerima kasih kepada sekolah tercinta yang telah menjadi tempat kami belajar, tumbuh, dan meraih banyak pengalaman berharga. Semoga sekolah ini terus maju dan mencetak generasi yang sukses serta berakhlak baik.\r\npesan untuk adik kelas:\r\nTeruslah semangat belajar dan jangan pernah menyerah dalam meraih cita-cita. Manfaatkan waktu sebaik mungkin dan jaga nama baik sekolah. Semoga kalian bisa menjadi lebih baik dan membanggakan di masa depan.', 'Bekerja', 'Palangka Raya', '2008-02-12', 'Muhammad Arsyad'),
(26, 109, 1, '0086385397', NULL, 'Syaira Nur Andini', 'MIPA', NULL, 'jln rindang banua,gang manggis', 'membaca', '087897282862', 'syairanurandini014@gmail.com', 'syairanurandini', '-', '-', 'selama saya sekolah di MA DARUL ULUM saya merasa nyaman karena seperti rumah kedua bagi saya.', 'sukses selalu untuk kita semua yang pernah menjadi bagian dari MA DARUL ULUM ', 'Bekerja', 'Tumbang  Manggu', '2008-04-17', 'Rahmani'),
(27, 110, 1, '0083958976', NULL, 'Vivi Sulistiani', 'MIPA', NULL, NULL, NULL, NULL, NULL, NULL, NULL, NULL, NULL, NULL, NULL, 'Palangka Raya', '2008-07-07', 'Abdullah'),
(28, 111, 1, '0079409261', NULL, 'Akmal Lunabil', 'IPS', NULL, NULL, NULL, NULL, NULL, NULL, NULL, NULL, NULL, NULL, NULL, 'Palangka Raya', '2007-10-09', 'M. Hamdan'),
(29, 112, 1, '0072643618', NULL, 'Annisa Azzahra', 'IPS', NULL, NULL, NULL, NULL, NULL, NULL, NULL, NULL, NULL, NULL, NULL, 'Palangka Raya', '2007-12-13', 'Syamsuddin'),
(30, 113, 1, '0084257436', NULL, 'Aspia Kamala', 'IPS', NULL, NULL, NULL, NULL, NULL, NULL, NULL, NULL, NULL, NULL, NULL, 'Palangka Raya', '2008-02-10', 'A. Firamli'),
(31, 114, 1, '0086610738', NULL, 'Bayu Erlangga Putra', 'IPS', NULL, NULL, NULL, NULL, NULL, NULL, NULL, NULL, NULL, NULL, NULL, 'Palangka Raya', '2008-01-25', 'Suardi Joi Anggara'),
(32, 115, 1, '0076030582', NULL, 'Erdi', 'IPS', NULL, 'Jalan Rindang Banua No.32, RT.2/RW.25, Pahandut', 'olahraga', '083150113365', 'erdiii2007@gmail.com', '_erdiii11', 'tidak ada', 'tidak ada', 'Selama menjalani masa sekolah, banyak sekali pengalaman yang tak terlupakan. Dari yang menyenangkan seperti bercanda bersama teman, hingga momen penuh perjuangan saat menghadapi ujian dan tugas. Sekolah bukan hanya tempat untuk belajar pelajaran, tetapi juga tempat belajar tentang arti persahabatan, tanggung jawab, dan kedewasaan.\r\nSetiap hari yang dilalui memberikan kenangan tersendiri, baik suka maupun duka. Guru-guru yang sabar membimbing serta teman-teman yang selalu ada membuat masa sekolah menjadi lebih berwarna. Semua pengalaman ini akan selalu dikenang dan menjadi bagian penting dalam perjalanan hidup.', 'untuk adik kelas Teruslah semangat dalam belajar dan jangan mudah menyerah menghadapi tantangan. Jaga kekompakan dan saling mendukung satu sama lain. Hormati guru dan tetap rendah hati dalam setiap pencapaian. Semoga kalian bisa menjadi pribadi yang lebih baik dan sukses di masa depan', 'Wirausaha / Bisnis', 'Tinggiran', '2007-12-20', 'MUHAMMAD IRWAN'),
(33, 116, 1, '0071069405', NULL, 'Faturrahman', 'IPS', NULL, NULL, NULL, NULL, NULL, NULL, NULL, NULL, NULL, NULL, NULL, 'Banjarmasin', '2007-08-03', 'Asra'),
(34, 117, 1, '3087751333', NULL, 'GUSTI ALPRIDO RIVALDO', 'IPS', NULL, 'Indonesia. Kalimantan Tengah. Kota palangkaraya. Jl. Kalimantan. Gg. Kenanga, RT. 01/RW.XVII kode pos 73111 (No.4) PAHANDUT, KOTA PALANGKARAYA, KALIMANTAN TENGAH, ID 73111', 'Bekerja, mancing, game kompetitif/slice of life', '089505784320', 'gustirider468@gmail.com', 'tn.gust', 'Banggusti20', 'Bng Gusti', 'Perjalanan saya di MA Darul Ulum bukan tentang mengejar prestasi akademik yang gemilang, melainkan tentang bertahan hidup. Kehilangan orang tua di usia 13 tahun memaksa saya dewasa lebih awal dan mulai bekerja setahun setelahnya. Jika saya sering terlambat atau berada di \'zona merah\', itu karena pundak ini sedang membagi beban antara mencari nafkah dan menuntut ilmu.\r\nJujur, awalnya sekolah di sini terasa terpaksa karena saya hanya mengikuti apa yang ada di depan mata. Namun, tiga tahun berlalu, saya bertahan karena satu prinsip: menyelesaikan apa yang sudah dimulai. Terima kasih untuk saudara saya yang telah membiayai, dan terima kasih untuk sekolah ini yang menjadi saksi perjuangan saya menyelesaikan pendidikan menengah di tengah keterbatasan motivasi dan tenaga.', 'Sekolah bukan cuma soal nilai di rapor, tapi soal ketangguhan mental. Buat kalian yang mungkin merasa salah jurusan atau sekolah di sini karena keadaan, jalani saja dengan tanggung jawab. Selesaikan sekolahmu sebagai bentuk terima kasih pada orang-orang yang sudah mendukungmu. Semangat terus, perjalanan kalian masih panjang!', 'Bekerja', 'Kampung Baru', '2008-05-10', 'Gusti Mas\'ud'),
(35, 118, 1, '0087013945', NULL, 'Ihsanul Amin', 'IPS', NULL, NULL, NULL, NULL, NULL, NULL, NULL, NULL, NULL, NULL, NULL, 'Pal Batu', '2008-01-15', 'Herman Pelani'),
(36, 119, 1, '0072152321', NULL, 'Lina Yulida', 'IPS', NULL, NULL, NULL, NULL, NULL, NULL, NULL, NULL, NULL, NULL, NULL, 'Palangka Raya', '2007-11-16', 'Arpian'),
(37, 120, 1, '0082772930', NULL, 'Masliha', 'IPS', NULL, NULL, NULL, NULL, NULL, NULL, NULL, NULL, NULL, NULL, NULL, 'Palangka Raya', '2008-07-17', 'Masruni'),
(38, 121, 1, '0073552792', NULL, 'Muhammad Ansyari', 'IPS', NULL, NULL, NULL, NULL, NULL, NULL, NULL, NULL, NULL, NULL, NULL, 'Banjarmasin', '2007-05-21', 'Abdul Hadi'),
(39, 122, 1, '0054902894', NULL, 'Muhammad Ardiansyah', 'IPS', NULL, NULL, NULL, NULL, NULL, NULL, NULL, NULL, NULL, NULL, NULL, 'Martapura', '2005-06-22', 'Anwar'),
(40, 123, 1, '0073229623', NULL, 'Muhammad Najibullah', 'IPS', NULL, 'Jalan Kalimantan Gang.Kenanga', 'Membaca', '089626768371', 'joetopan1998@gmail.com', 'j1bsensee__', 'c1il.hehe', '', 'kesan terbaik ny saya suka sekolah disini', '', 'Melanjutkan Kuliah', 'Palangka Raya', '2008-02-29', 'Sabarani'),
(41, 124, 1, '0073552115', NULL, 'Muhammad Rafy Ali Hercules', 'IPS', NULL, NULL, NULL, NULL, NULL, NULL, NULL, NULL, NULL, NULL, NULL, 'Landasan Ulin', '2007-11-08', 'Syaiful Anwar'),
(42, 125, 1, '0082730028', NULL, 'Muhammad Rahim', 'IPS', NULL, NULL, NULL, NULL, NULL, NULL, NULL, NULL, NULL, NULL, NULL, 'Palangka Raya', '2008-11-24', 'Ahmad  Arianto'),
(43, 126, 1, '0082802302', NULL, 'Muhammad Ramadhan', 'IPS', NULL, NULL, NULL, NULL, NULL, NULL, NULL, NULL, NULL, NULL, NULL, 'Palangka Raya', '2007-09-30', 'Arbain'),
(44, 127, 1, '0081976498', NULL, 'Muhamad Rifkan', 'IPS', NULL, 'Jl. Kapur Naga 2 blok C no.08', 'Membaca dan Bermain game', '0895807327772', 'mrifkan194@gmail.com', 'Riff_', 'ripff_', 'Ket kate', 'Pengalaman terbaik yang pernah saya rasakan ialah ketika berpartisipasi dalam kegiatan/aktivitas di sekolah bersama teman teman yang lain, Guru gurunya juga baik baik, terimakasih atas bimbingannya.', 'Semangat belajarnya, jangan mengeluh, ini juga demi kebaikan di masa depan kalian.', 'Melanjutkan kuliah sambil bekerja', 'Pangkalan Bun', '2008-05-14', 'Sarifudin'),
(45, 128, 1, '0084016325', NULL, 'Muhammat Rizal', 'IPS', NULL, NULL, NULL, NULL, NULL, NULL, NULL, NULL, NULL, NULL, NULL, 'Palangka Raya', '2008-04-13', 'Ahmad Marjuki'),
(46, 129, 1, '0059151170', NULL, 'Muhammad Sahruji', 'IPS', NULL, NULL, NULL, NULL, NULL, NULL, NULL, NULL, NULL, NULL, NULL, 'Palangka Raya', '2006-04-07', 'Ambri'),
(47, 130, 1, '0086070312', NULL, 'Muhammad Saputra', 'IPS', NULL, NULL, NULL, NULL, NULL, NULL, NULL, NULL, NULL, NULL, NULL, 'Anjir', '2008-06-06', 'Wahyu Iskandar'),
(48, 131, 1, '0083577550', NULL, 'Nayla Azzahra', 'IPS', NULL, NULL, NULL, NULL, NULL, NULL, NULL, NULL, NULL, NULL, NULL, 'Palangka Raya', '2008-07-16', 'Gatot'),
(49, 132, 1, '0077814412', NULL, 'Noor Aini', 'IPS', NULL, NULL, NULL, NULL, NULL, NULL, NULL, NULL, NULL, NULL, NULL, 'Palangka Raya', '2007-02-23', 'Saifullah'),
(50, 133, 1, '0071767693', NULL, 'Nur Amelia', 'IPS', NULL, NULL, NULL, NULL, NULL, NULL, NULL, NULL, NULL, NULL, NULL, 'Palangka Raya', '2007-10-06', 'Akhamad'),
(51, 134, 1, '0064353608', NULL, 'Nursiva Aulia Sari', 'IPS', NULL, NULL, NULL, NULL, NULL, NULL, NULL, NULL, NULL, NULL, NULL, 'Palangka Raya', '2007-06-12', 'Junaidi'),
(52, 135, 1, '0089885045', NULL, 'Rahimah', 'IPS', NULL, NULL, NULL, NULL, NULL, NULL, NULL, NULL, NULL, NULL, NULL, 'Palangka Raya', '2008-03-18', 'Juliadi'),
(53, 136, 1, '0099985905', NULL, 'Salma Adhelia', 'IPS', NULL, NULL, NULL, NULL, NULL, NULL, NULL, NULL, NULL, NULL, NULL, 'Palangka Raya', '2009-08-11', 'Barkati'),
(54, 137, 1, '0081277781', NULL, 'Shafa Elwafa', 'IPS', NULL, 'jalan karet 16', 'menyanyi', '085248166372', 'shafaelwafa42@gmail.com', 'l0v3_ellshaa', 'die0nthish1ll5', '-', '\"Selama tiga tahun di sini, saya merasa sekolah ini sudah menjadi rumah kedua. Bapak/Ibu guru mengajar dengan sabar dan penuh kasih sayang, membuat saya mendapatkan banyak ilmu berharga dan kenangan indah yang tak terlupakan bersama teman-teman.\" ', 'Teruslah semangat belajar, hargai waktu, dan jangan takut mencoba hal baru untuk meraih impian. Jaga nama baik sekolah, hormati guru, dan pererat tali persaudaraan. Semoga sekolah kita terus maju, menjadi tempat yang nyaman, dan melahirkan generasi berprestasi.', 'Bekerja', 'Palangka Raya', '2008-12-30', 'Misran'),
(55, 138, 1, '0077618417', NULL, 'Siti Maimunah', 'IPS', NULL, NULL, NULL, NULL, NULL, NULL, NULL, NULL, NULL, NULL, NULL, 'Palangka Raya', '2007-12-04', 'Ahmad Sarkawi'),
(56, 139, 1, '0083399750', NULL, 'Supian', 'IPS', NULL, NULL, NULL, NULL, NULL, NULL, NULL, NULL, NULL, NULL, NULL, 'Tamban', '2008-01-09', 'Wardani'),
(57, 140, 1, '0071521965', NULL, 'Zedane Aditya', 'IPS', NULL, NULL, NULL, NULL, NULL, NULL, NULL, NULL, NULL, NULL, NULL, 'Palangka Raya', '2007-09-10', 'Samsudin Noor'),
(58, 141, 1, '0083898106', NULL, 'Abdul Hafiz', 'Keagamaan', NULL, NULL, NULL, NULL, NULL, NULL, NULL, NULL, NULL, NULL, NULL, 'Kuala Kapuas', '2008-08-05', 'Salmani'),
(59, 142, 1, '0089769114', NULL, 'Ahmad Raihan', 'Keagamaan', NULL, NULL, NULL, NULL, NULL, NULL, NULL, NULL, NULL, NULL, NULL, 'Palangka Raya', '2008-03-09', 'Syahrani'),
(60, 143, 1, '0089180124', NULL, 'Aulia', 'Keagamaan', NULL, 'jalan gag. sari 45', 'bernyanyi dan membaca', '089505783112', 'auliaapky01@gmail.com', 'secc_yyaaaa24', 'xzyllaaaa01', '', 'selama bersekolah di madrasah aliyah darul ulum palangkaraya saya mendapatkan pelajaran yg berkah dan bermanfaat dari pelajaran yang belum saya ketahui sampai saya ketahui', 'belajar lah yang rajin jangan bolos pelajaran walaupun kurang suka misalnya dengan mapel berikut tetap masuk dan semangat', 'Bekerja', 'Kapuas', '2008-04-16', 'M. Hatta'),
(61, 144, 1, '3063517108', NULL, 'Khairunnisa', 'Keagamaan', NULL, NULL, NULL, NULL, NULL, NULL, NULL, NULL, NULL, NULL, NULL, 'Mekkah', '2006-12-21', 'H. Arpawi Pauzi'),
(62, 145, 1, '0087553962', NULL, 'Muhammad Arifin Ilham', 'Keagamaan', NULL, NULL, NULL, NULL, NULL, NULL, NULL, NULL, NULL, NULL, NULL, 'Palangka Raya', '2008-09-30', 'Suriyani'),
(63, 146, 1, '0084199344', NULL, 'Muhammaf Fahri', 'Keagamaan', NULL, 'jln Dr murjani Gg swadaya', 'membaca', '083896882346', NULL, 'mh.fhrii', '', '', '', '', 'Bekerja', 'Palangka Raya', '2008-04-23', 'Asran'),
(64, 147, 1, '0081563631', NULL, 'Muhammad Hafizh', 'Keagamaan', NULL, NULL, NULL, NULL, NULL, NULL, NULL, NULL, NULL, NULL, NULL, 'Palangka Raya', '2008-01-30', 'Rahman'),
(65, 148, 1, '0083925701', NULL, 'Muhammad Iqbal', 'Keagamaan', NULL, '', 'olahraga ', '', '', '', '', '', '', 'ambil baiknya tinggal buruknya ', '', 'Palangka Raya', '2008-07-04', 'Ahmad Yani'),
(66, 149, 1, '0089184774', NULL, 'Muhammad Khairullah', 'Keagamaan', NULL, NULL, NULL, NULL, NULL, NULL, NULL, NULL, NULL, NULL, NULL, 'Palangka Raya', '2008-06-05', 'Suriansyah'),
(67, 150, 1, '0089425365', NULL, 'Muhammad Pahrul', 'Keagamaan', NULL, NULL, NULL, NULL, NULL, NULL, NULL, NULL, NULL, NULL, NULL, 'Palangka Raya', '2008-08-24', 'Sabriansyah'),
(68, 151, 1, '0074828148', NULL, 'Muhammad Raysha Akbar', 'Keagamaan', NULL, NULL, NULL, NULL, NULL, NULL, NULL, NULL, NULL, NULL, NULL, 'Palangka Raya', '2007-12-19', 'Irwansyah'),
(69, 152, 1, '0088812847', NULL, 'Muhammad Randi Setiadi', 'Keagamaan', NULL, NULL, NULL, NULL, NULL, NULL, NULL, NULL, NULL, NULL, NULL, 'Palangka Raya', '2008-07-31', 'Hadran'),
(70, 153, 1, '0098649624', NULL, 'Nazzar Ilham', 'Keagamaan', NULL, NULL, NULL, NULL, NULL, NULL, NULL, NULL, NULL, NULL, NULL, 'Palangka Raya', '2009-01-19', 'Ahmad Kusasi'),
(71, 154, 1, '0077973577', NULL, 'Nida Urrahmah', 'Keagamaan', NULL, NULL, NULL, NULL, NULL, NULL, NULL, NULL, NULL, NULL, NULL, 'Palangka Raya', '2007-12-29', 'Muhammad Rasidi'),
(72, 155, 1, '0063655996', NULL, 'Norhikmah', 'Keagamaan', NULL, 'JL pantai Cemara labat 2 Pahandut seberang ', 'Membaca novel ', '0895339853250', 'hikmahnor130@gmail.com', 'nor_hikmah', 'norhikmah942', '', 'Tiga tahun yang kita jalani bersama ini terasa seperti perjalanan panjang yang penuh warna. Rasanya baru kemarin kita datang dengan rasa gugup, saling melihat satu sama lain dengan penuh rasa asing. Tapi waktu berjalan begitu cepat, dan tanpa terasa kita sudah sampai di titik perpisahan.\r\nSelama bersekolah, saya belajar banyak hal bukan hanya tentang pelajaran di kelas, tapi juga tentang kehidupan. Saya belajar bagaimana menghargai waktu, memahami orang lain, dan tetap bertahan di saat keadaan terasa sulit. Ada hari-hari di mana semuanya terasa berat, tugas menumpuk, pikiran lelah, dan semangat hampir hilang. Tapi di tengah semua itu, selalu ada tawa dari teman-teman yang membuat semuanya terasa lebih ringan.\r\nPengalaman paling berharga bukan hanya saat kita berhasil meraih sesuatu, tapi justru momen momen sederhana tertawa bersama tanpa alasan, saling berbagi cerita, belajar bersama walaupun sering berakhir dengan bercanda, dan kebersamaan yang terasa begitu hangat. Bahkan hal-hal kecil yang dulu terasa biasa saja, sekarang justru menjadi kenangan yang paling ingin diulang.\r\nAda juga kesalahpahaman, perbedaan pendapat, bahkan mungkin luka kecil di antara kita. Tapi dari situlah aku belajar arti memaafkan dan menghargai kebersamaan. Karena pada akhirnya, yang tersisa bukanlah masalahnya, melainkan kenangan bahwa kita pernah tumbuh bersama di tempat yang sama.\r\nSekarang, saat waktu benar-benar memisahkan kita, ada rasa sedih yang sulit dijelaskan. Bukan karena kita tidak siap untuk melangkah ke depan, tapi karena kita harus meninggalkan banyak hal yang sudah menjadi bagian dari hidup kita selama ini. Tempat ini bukan hanya sekolah, tapi sudah seperti rumah kedua, dan kalian semua bukan hanya teman, tapi keluarga yang pernah mengisi hari-hariku.\r\nSaya  sadar, setelah ini kita akan berjalan di jalan masing-masing. Mungkin jarak akan membuat kita jarang bertemu, kesibukan akan membuat kita jarang berkomunikasi. Tapi saya  berharap, kenangan tentang kebersamaan kita tidak akan pernah hilang. Semoga suatu hari nanti, kita bisa bertemu kembali dengan versi terbaik dari diri kita masing-masing, membawa cerita tentang perjuangan dan kesuksesan yang kita capai.\r\nTerima kasih untuk setiap tawa, setiap cerita, setiap kebersamaan yang pernah kita bagi. Terima kasih sudah menjadi bagian dari perjalanan hidup saya  selama tiga tahun ini. Semua yang kita lalui akan selalu punya tempat tersendiri di hati.\r\nDan untuk kita semua, ke mana pun langkah kita pergi nanti, jangan pernah lupa dari mana kita berasal. Tetaplah menjadi pribadi yang baik, terus berjuang meraih mimpi, dan buktikan bahwa kita bisa membanggakan diri sendiri, orang tua, dan sekolah kita.', 'Untuk sekolah MA DARUL Ulum tercinta, terima kasih sudah menjadi tempat kami tumbuh, belajar, dan mengenal arti kebersamaan. Di sini kami tidak hanya menuntut ilmu, tapi juga belajar tentang kehidupan tentang usaha, kesabaran, dan arti sebuah perjuangan. Semua kenangan yang kami tinggalkan akan selalu menjadi bagian dari hidup kami.\r\nUntuk adik-adik kelas X dan XI, nikmati setiap hari kalian di sekolah ini. Jangan menunggu waktu berlalu untuk menyadari betapa berharganya momen-momen kecil yang sedang kalian jalani sekarang. belajar dengan sungguh-sungguh, dan jangan takut gagal karena dari situlah kalian akan tumbuh.\r\nJaga persahabatan kalian, karena suatu saat nanti itulah yang paling kalian rindukan. Hormati guru-guru, karena doa dan ilmu dari mereka akan selalu menyertai langkah kalian.\r\nKami pamit bukan karena ingin melupakan, tapi karena waktu yang mengharuskan kami melangkah. Kami titipkan sekolah ini kepada kalian rawat, jaga, dan banggakanlah.\r\nTerakhir, tetaplah menjaga nama baik sekolah kita, di mana pun kalian berada, karena dari sinilah kita semua berasal', 'Bekerja', 'Palangka Raya', '2006-07-28', 'Ardiansyah'),
(73, 156, 1, '0081311017', NULL, 'Nur Azmi Salimah', 'Keagamaan', NULL, NULL, NULL, NULL, NULL, NULL, NULL, NULL, NULL, NULL, NULL, 'Banjarmasin', '2008-11-11', 'Agus Setiawan'),
(74, 157, 1, '3089770432', NULL, 'Nurul Hikmah', 'Keagamaan', NULL, NULL, NULL, NULL, NULL, NULL, NULL, NULL, NULL, NULL, NULL, 'Palangka Raya', '2008-05-16', 'Sugian Noor'),
(75, 158, 1, '0077979773', NULL, 'Rahmad Hidayat', 'Keagamaan', NULL, NULL, NULL, NULL, NULL, NULL, NULL, NULL, NULL, NULL, NULL, 'Palangka Raya', '2007-08-16', 'H.Mas\'ud ( ALM )'),
(76, 159, 1, '0076607772', NULL, 'Reza Maulana', 'Keagamaan', NULL, NULL, NULL, NULL, NULL, NULL, NULL, NULL, NULL, NULL, NULL, 'Palangka Raya', '2007-04-25', 'Suriansyah'),
(77, 160, 1, '3070380333', NULL, 'Rusli Setiawan', 'Keagamaan', NULL, 'jl. Dr. Murjani, gg giat , belakang hotel rahman', 'olahraga', '08560320929', '', 'JEEVAAA', 'Canfeel skrtt', '', 'KESAN: TETAP SEMANGAT JANGAN MENYERAH INGAT MASIH ADA MASIH BANYAK HAL YANG PERLU DIRAIH DAN DI PERJUANGAN KAN. GOOD LUCK GUYS AND SEE U UN TOP!\r\n\r\n', 'PESAN: senang sekali bisa ketemu dan kenal kalian. terimakasih untuk 3 tahunnya.. \r\n\r\n\r\nkita ini gapapa gapunya apa apa\r\ntapi jangan sampai ga punya harga diri\r\n#ilmuresbob#Rslysetia#cilokenak#vikingbaik', 'Bekerja', 'Sukabumi', '2007-05-30', 'Syamsudin'),
(78, 161, 1, '0086717283', NULL, 'Saskiya Rahman', 'Keagamaan', NULL, 'JL.SUMATERA GG SYUHADA', 'Memasak', '083140770220', NULL, 'kiyaaaaa26 ', 'kiyaaaaaaaa266', 'Saskiya Rahman', 'saya selama bersekolah di M.A Darul ulum selama 3 tahun itu saya bisa mendapatkan banyak ilmu ilmu keagamaan dan ilmu pendidikan yang lain nya ', 'untuk adik adik kls 10, 11 tetap semangat sekolah nya dan jangan pernah menyerah yaaa ', 'Bekerja', 'Palangka Raya', '2008-06-26', 'Abdurrahman'),
(79, 162, 1, '0087432362', NULL, 'Zahratun Nafisa', 'Keagamaan', NULL, NULL, NULL, NULL, NULL, NULL, NULL, NULL, NULL, NULL, NULL, 'Palangka Raya', '2008-05-10', 'M. Maulana');

-- --------------------------------------------------------

--
-- Table structure for table `tahun_fiskal`
--

CREATE TABLE `tahun_fiskal` (
  `id_tahun` int(11) NOT NULL,
  `nama_tahun` varchar(50) NOT NULL,
  `tahun_ajaran` varchar(50) NOT NULL,
  `semester` enum('Ganjil','Genap') NOT NULL DEFAULT 'Ganjil',
  `status` enum('aktif','arsip') DEFAULT 'arsip'
) ENGINE=InnoDB DEFAULT CHARSET=utf8mb4 COLLATE=utf8mb4_general_ci;

--
-- Dumping data for table `tahun_fiskal`
--

INSERT INTO `tahun_fiskal` (`id_tahun`, `nama_tahun`, `tahun_ajaran`, `semester`, `status`) VALUES
(1, '2026', '2025/2026', 'Ganjil', 'aktif'),
(2, '2025', '2024/2025', 'Ganjil', 'arsip');

--
-- Indexes for table `mata_pelajaran`
--
ALTER TABLE `mata_pelajaran`
  ADD PRIMARY KEY (`id_mapel`),
  ADD UNIQUE KEY `kode_mapel` (`kode_mapel`),
  ADD KEY `fk_mapel_parent` (`parent_id`);

--
-- Indexes for table `nilai_ijazah`
--
ALTER TABLE `nilai_ijazah`
  ADD PRIMARY KEY (`id_nilai`),
  ADD UNIQUE KEY `siswa_mapel` (`id_siswa`,`id_mapel`),
  ADD KEY `fk_nilai_mapel` (`id_mapel`);

--
-- Indexes for table `pengaturan_aplikasi`
--
ALTER TABLE `pengaturan_aplikasi`
  ADD PRIMARY KEY (`id`);

--
-- Indexes for table `pengaturan_kelulusan`
--
ALTER TABLE `pengaturan_kelulusan`
  ADD PRIMARY KEY (`id_pengaturan`),
  ADD UNIQUE KEY `id_tahun` (`id_tahun`);

--
-- Indexes for table `siswa`
--
ALTER TABLE `siswa`
  ADD PRIMARY KEY (`id_siswa`),
  ADD UNIQUE KEY `nisn` (`nisn`),
  ADD KEY `id_user` (`id_user`),
  ADD KEY `id_tahun` (`id_tahun`);

--
-- Indexes for table `tahun_fiskal`
--
ALTER TABLE `tahun_fiskal`
  ADD PRIMARY KEY (`id_tahun`);

--
-- AUTO_INCREMENT for table `mata_pelajaran`
--
ALTER TABLE `mata_pelajaran`
  MODIFY `id_mapel` int(11) NOT NULL AUTO_INCREMENT, AUTO_INCREMENT=38;

--
-- AUTO_INCREMENT for table `nilai_ijazah`
--
ALTER TABLE `nilai_ijazah`
  MODIFY `id_nilai` int(11) NOT NULL AUTO_INCREMENT, AUTO_INCREMENT=8168;

--
-- AUTO_INCREMENT for table `pengaturan_kelulusan`
--
ALTER TABLE `pengaturan_kelulusan`
  MODIFY `id_pengaturan` int(11) NOT NULL AUTO_INCREMENT, AUTO_INCREMENT=6;

--
-- AUTO_INCREMENT for table `siswa`
--
ALTER TABLE `siswa`
  MODIFY `id_siswa` int(11) NOT NULL AUTO_INCREMENT, AUTO_INCREMENT=80;

--
-- AUTO_INCREMENT for table `tahun_fiskal`
--
ALTER TABLE `tahun_fiskal`
  MODIFY `id_tahun` int(11) NOT NULL AUTO_INCREMENT, AUTO_INCREMENT=3;

--
-- Constraints for dumped tables
--

--
-- Constraints for table `mata_pelajaran`
--
ALTER TABLE `mata_pelajaran`
  ADD CONSTRAINT `fk_mapel_parent` FOREIGN KEY (`parent_id`) REFERENCES `mata_pelajaran` (`id_mapel`) ON DELETE CASCADE ON UPDATE CASCADE;

--
-- Constraints for table `nilai_ijazah`
--
ALTER TABLE `nilai_ijazah`
  ADD CONSTRAINT `fk_nilai_mapel` FOREIGN KEY (`id_mapel`) REFERENCES `mata_pelajaran` (`id_mapel`) ON DELETE CASCADE ON UPDATE CASCADE,
  ADD CONSTRAINT `fk_nilai_siswa` FOREIGN KEY (`id_siswa`) REFERENCES `siswa` (`id_siswa`) ON DELETE CASCADE ON UPDATE CASCADE;

--
-- Constraints for table `siswa`
--
ALTER TABLE `siswa`
  ADD CONSTRAINT `fk_siswa_tahun` FOREIGN KEY (`id_tahun`) REFERENCES `tahun_fiskal` (`id_tahun`) ON DELETE CASCADE ON UPDATE CASCADE,
  ADD CONSTRAINT `fk_siswa_user` FOREIGN KEY (`id_user`) REFERENCES `users` (`id`) ON DELETE CASCADE ON UPDATE CASCADE;
COMMIT;

